{"id":459873,"date":"2024-10-01T09:00:38","date_gmt":"2024-10-01T07:00:38","guid":{"rendered":"https:\/\/www.ecinews.fr\/?post_type=white_papers&#038;p=459873"},"modified":"2024-09-04T17:34:59","modified_gmt":"2024-09-04T15:34:59","slug":"antennes-reseau-a-commande-de-phase-un-nouveau-paradigme-pour-les-composants-electroniques-des-satellites","status":"publish","type":"white_papers","link":"https:\/\/www.ecinews.fr\/fr\/white_papers\/antennes-reseau-a-commande-de-phase-un-nouveau-paradigme-pour-les-composants-electroniques-des-satellites\/","title":{"rendered":"Antennes r\u00e9seau \u00e0 commande de phase : un nouveau paradigme pour les composants \u00e9lectroniques des satellites"},"content":{"rendered":"<p>Que ce soit sur Terre ou dans l\u2019espace, les syst\u00e8mes radar et de communication cellulaire utilisent des bandes de fr\u00e9quences sp\u00e9cifiques, r\u00e9glement\u00e9es par les organismes de normalisation tels que la Commission f\u00e9d\u00e9rale des communications des \u00c9tats-Unis. L\u2019essentiel du spectre radiofr\u00e9quence (RF) \u00e9tant d\u00e9j\u00e0 occup\u00e9, les ing\u00e9nieurs ont d\u00fb imaginer des mani\u00e8res de l\u2019exploiter plus efficacement gr\u00e2ce \u00e0 des sch\u00e9mas d\u2019encodage (modulation d\u2019amplitude en quadrature, modulation par d\u00e9placement de phase, etc.) ou encore de multiplexage par r\u00e9partition dans le temps ou en fr\u00e9quence. En outre, la n\u00e9cessit\u00e9 de partager les ressources entre davantage d\u2019utilisateurs et d\u2019acc\u00e9l\u00e9rer la transmission des donn\u00e9es a inspir\u00e9 un nouveau sch\u00e9ma de multiplexage, dit \u00ab\u00a0par r\u00e9partition spatiale\u00a0\u00bb.<\/p>\n","protected":false},"excerpt":{"rendered":"<p>Que ce soit sur Terre ou dans l\u2019espace, les syst\u00e8mes radar et de communication cellulaire utilisent des bandes de fr\u00e9quences sp\u00e9cifiques, r\u00e9glement\u00e9es par les organismes de normalisation tels que la Commission f\u00e9d\u00e9rale des communications des \u00c9tats-Unis. L\u2019essentiel du spectre radiofr\u00e9quence (RF) \u00e9tant d\u00e9j\u00e0 occup\u00e9, les ing\u00e9nieurs ont d\u00fb imaginer des mani\u00e8res de l\u2019exploiter plus efficacement [&hellip;]<\/p>\n","protected":false},"featured_media":459874,"template":"","tags":[],"company":[864],"wp_category":[],"ppma_author":[6113],"class_list":["post-459873","white_papers","type-white_papers","status-publish","has-post-thumbnail","hentry","company-texas-instruments"],"acf":[],"yoast_head":"<title>Antennes r\u00e9seau \u00e0 commande de phase : un nouveau paradigme po...<\/title>\n<meta name=\"description\" content=\"Que ce soit sur Terre ou dans l\u2019espace, les syst\u00e8mes radar et de communication cellulaire utilisent des bandes de fr\u00e9quences sp\u00e9cifiques, r\u00e9glement\u00e9es...\" \/>\n<meta name=\"robots\" content=\"index, follow, max-snippet:-1, max-image-preview:large, max-video-preview:-1\" \/>\n<link rel=\"canonical\" href=\"https:\/\/www.ecinews.fr\/fr\/wp-json\/wp\/v2\/white_papers\/459873\/\" \/>\n<meta property=\"og:locale\" content=\"fr_FR\" \/>\n<meta property=\"og:type\" content=\"article\" \/>\n<meta property=\"og:title\" content=\"Antennes r\u00e9seau \u00e0 commande de phase : un nouveau paradigme pour les composants \u00e9lectroniques des satellites\" \/>\n<meta property=\"og:description\" content=\"Que ce soit sur Terre ou dans l\u2019espace, les syst\u00e8mes radar et de communication cellulaire utilisent des bandes de fr\u00e9quences sp\u00e9cifiques, r\u00e9glement\u00e9es par les organismes de normalisation tels que la Commission f\u00e9d\u00e9rale des communications des \u00c9tats-Unis. L\u2019essentiel du spectre radiofr\u00e9quence (RF) \u00e9tant d\u00e9j\u00e0 occup\u00e9, les ing\u00e9nieurs ont d\u00fb imaginer des mani\u00e8res de l\u2019exploiter plus efficacement [&hellip;]\" \/>\n<meta property=\"og:url\" content=\"https:\/\/www.ecinews.fr\/fr\/wp-json\/wp\/v2\/white_papers\/459873\/\" \/>\n<meta property=\"og:site_name\" content=\"EENewsEurope\" \/>\n<meta property=\"article:modified_time\" content=\"2024-09-04T15:34:59+00:00\" \/>\n<meta property=\"og:image\" content=\"https:\/\/www.eenewseurope.com\/wp-content\/uploads\/2024\/09\/ECI4428-Jason-Clarke-Systems-Manager-of-Space-and-Avionics.jpg\" \/>\n\t<meta property=\"og:image:width\" content=\"220\" \/>\n\t<meta property=\"og:image:height\" content=\"308\" \/>\n\t<meta property=\"og:image:type\" content=\"image\/jpeg\" \/>\n<meta name=\"twitter:card\" content=\"summary_large_image\" \/>\n<meta name=\"twitter:label1\" content=\"Est. reading time\" \/>\n\t<meta name=\"twitter:data1\" content=\"1 minute\" \/>\n<script type=\"application\/ld+json\" class=\"yoast-schema-graph\">{\"@context\":\"https:\/\/schema.org\",\"@graph\":[{\"@type\":\"WebPage\",\"@id\":\"https:\/\/www.eenewseurope.com\/fr\/white_papers\/antennes-reseau-a-commande-de-phase-un-nouveau-paradigme-pour-les-composants-electroniques-des-satellites\/\",\"url\":\"https:\/\/www.eenewseurope.com\/fr\/white_papers\/antennes-reseau-a-commande-de-phase-un-nouveau-paradigme-pour-les-composants-electroniques-des-satellites\/\",\"name\":\"Antennes r\u00e9seau \u00e0 commande de phase : un nouveau paradigme pour les composants \u00e9lectroniques des satellites -\",\"isPartOf\":{\"@id\":\"https:\/\/www.ecinews.fr\/fr\/#website\"},\"datePublished\":\"2024-10-01T07:00:38+00:00\",\"dateModified\":\"2024-09-04T15:34:59+00:00\",\"breadcrumb\":{\"@id\":\"https:\/\/www.eenewseurope.com\/fr\/white_papers\/antennes-reseau-a-commande-de-phase-un-nouveau-paradigme-pour-les-composants-electroniques-des-satellites\/#breadcrumb\"},\"inLanguage\":\"fr-FR\",\"potentialAction\":[{\"@type\":\"ReadAction\",\"target\":[\"https:\/\/www.eenewseurope.com\/fr\/white_papers\/antennes-reseau-a-commande-de-phase-un-nouveau-paradigme-pour-les-composants-electroniques-des-satellites\/\"]}]},{\"@type\":\"BreadcrumbList\",\"@id\":\"https:\/\/www.eenewseurope.com\/fr\/white_papers\/antennes-reseau-a-commande-de-phase-un-nouveau-paradigme-pour-les-composants-electroniques-des-satellites\/#breadcrumb\",\"itemListElement\":[{\"@type\":\"ListItem\",\"position\":1,\"name\":\"Home\",\"item\":\"https:\/\/www.ecinews.fr\/fr\/\"},{\"@type\":\"ListItem\",\"position\":2,\"name\":\"Antennes r\u00e9seau \u00e0 commande de phase : un nouveau paradigme pour les composants \u00e9lectroniques des satellites\"}]},{\"@type\":\"WebSite\",\"@id\":\"https:\/\/www.ecinews.fr\/fr\/#website\",\"url\":\"https:\/\/www.ecinews.fr\/fr\/\",\"name\":\"EENewsEurope\",\"description\":\"Just another WordPress site\",\"publisher\":{\"@id\":\"https:\/\/www.ecinews.fr\/fr\/#organization\"},\"potentialAction\":[{\"@type\":\"SearchAction\",\"target\":{\"@type\":\"EntryPoint\",\"urlTemplate\":\"https:\/\/www.ecinews.fr\/fr\/?s={search_term_string}\"},\"query-input\":\"required name=search_term_string\"}],\"inLanguage\":\"fr-FR\"},{\"@type\":\"Organization\",\"@id\":\"https:\/\/www.ecinews.fr\/fr\/#organization\",\"name\":\"EENewsEurope\",\"url\":\"https:\/\/www.ecinews.fr\/fr\/\",\"logo\":{\"@type\":\"ImageObject\",\"inLanguage\":\"fr-FR\",\"@id\":\"https:\/\/www.ecinews.fr\/fr\/#\/schema\/logo\/image\/\",\"url\":\"https:\/\/www.ecinews.fr\/wp-content\/uploads\/2022\/02\/logo-1.jpg\",\"contentUrl\":\"https:\/\/www.ecinews.fr\/wp-content\/uploads\/2022\/02\/logo-1.jpg\",\"width\":283,\"height\":113,\"caption\":\"EENewsEurope\"},\"image\":{\"@id\":\"https:\/\/www.ecinews.fr\/fr\/#\/schema\/logo\/image\/\"}}]}<\/script>","yoast_head_json":{"title":"Antennes r\u00e9seau \u00e0 commande de phase : un nouveau paradigme po...","description":"Que ce soit sur Terre ou dans l\u2019espace, les syst\u00e8mes radar et de communication cellulaire utilisent des bandes de fr\u00e9quences sp\u00e9cifiques, r\u00e9glement\u00e9es...","robots":{"index":"index","follow":"follow","max-snippet":"max-snippet:-1","max-image-preview":"max-image-preview:large","max-video-preview":"max-video-preview:-1"},"canonical":"https:\/\/www.ecinews.fr\/fr\/wp-json\/wp\/v2\/white_papers\/459873\/","og_locale":"fr_FR","og_type":"article","og_title":"Antennes r\u00e9seau \u00e0 commande de phase : un nouveau paradigme pour les composants \u00e9lectroniques des satellites","og_description":"Que ce soit sur Terre ou dans l\u2019espace, les syst\u00e8mes radar et de communication cellulaire utilisent des bandes de fr\u00e9quences sp\u00e9cifiques, r\u00e9glement\u00e9es par les organismes de normalisation tels que la Commission f\u00e9d\u00e9rale des communications des \u00c9tats-Unis. L\u2019essentiel du spectre radiofr\u00e9quence (RF) \u00e9tant d\u00e9j\u00e0 occup\u00e9, les ing\u00e9nieurs ont d\u00fb imaginer des mani\u00e8res de l\u2019exploiter plus efficacement [&hellip;]","og_url":"https:\/\/www.ecinews.fr\/fr\/wp-json\/wp\/v2\/white_papers\/459873\/","og_site_name":"EENewsEurope","article_modified_time":"2024-09-04T15:34:59+00:00","og_image":[{"width":220,"height":308,"url":"https:\/\/www.eenewseurope.com\/wp-content\/uploads\/2024\/09\/ECI4428-Jason-Clarke-Systems-Manager-of-Space-and-Avionics.jpg","type":"image\/jpeg"}],"twitter_card":"summary_large_image","twitter_misc":{"Est. reading time":"1 minute"},"schema":{"@context":"https:\/\/schema.org","@graph":[{"@type":"WebPage","@id":"https:\/\/www.eenewseurope.com\/fr\/white_papers\/antennes-reseau-a-commande-de-phase-un-nouveau-paradigme-pour-les-composants-electroniques-des-satellites\/","url":"https:\/\/www.eenewseurope.com\/fr\/white_papers\/antennes-reseau-a-commande-de-phase-un-nouveau-paradigme-pour-les-composants-electroniques-des-satellites\/","name":"Antennes r\u00e9seau \u00e0 commande de phase : un nouveau paradigme pour les composants \u00e9lectroniques des satellites -","isPartOf":{"@id":"https:\/\/www.ecinews.fr\/fr\/#website"},"datePublished":"2024-10-01T07:00:38+00:00","dateModified":"2024-09-04T15:34:59+00:00","breadcrumb":{"@id":"https:\/\/www.eenewseurope.com\/fr\/white_papers\/antennes-reseau-a-commande-de-phase-un-nouveau-paradigme-pour-les-composants-electroniques-des-satellites\/#breadcrumb"},"inLanguage":"fr-FR","potentialAction":[{"@type":"ReadAction","target":["https:\/\/www.eenewseurope.com\/fr\/white_papers\/antennes-reseau-a-commande-de-phase-un-nouveau-paradigme-pour-les-composants-electroniques-des-satellites\/"]}]},{"@type":"BreadcrumbList","@id":"https:\/\/www.eenewseurope.com\/fr\/white_papers\/antennes-reseau-a-commande-de-phase-un-nouveau-paradigme-pour-les-composants-electroniques-des-satellites\/#breadcrumb","itemListElement":[{"@type":"ListItem","position":1,"name":"Home","item":"https:\/\/www.ecinews.fr\/fr\/"},{"@type":"ListItem","position":2,"name":"Antennes r\u00e9seau \u00e0 commande de phase : un nouveau paradigme pour les composants \u00e9lectroniques des satellites"}]},{"@type":"WebSite","@id":"https:\/\/www.ecinews.fr\/fr\/#website","url":"https:\/\/www.ecinews.fr\/fr\/","name":"EENewsEurope","description":"Just another WordPress site","publisher":{"@id":"https:\/\/www.ecinews.fr\/fr\/#organization"},"potentialAction":[{"@type":"SearchAction","target":{"@type":"EntryPoint","urlTemplate":"https:\/\/www.ecinews.fr\/fr\/?s={search_term_string}"},"query-input":"required name=search_term_string"}],"inLanguage":"fr-FR"},{"@type":"Organization","@id":"https:\/\/www.ecinews.fr\/fr\/#organization","name":"EENewsEurope","url":"https:\/\/www.ecinews.fr\/fr\/","logo":{"@type":"ImageObject","inLanguage":"fr-FR","@id":"https:\/\/www.ecinews.fr\/fr\/#\/schema\/logo\/image\/","url":"https:\/\/www.ecinews.fr\/wp-content\/uploads\/2022\/02\/logo-1.jpg","contentUrl":"https:\/\/www.ecinews.fr\/wp-content\/uploads\/2022\/02\/logo-1.jpg","width":283,"height":113,"caption":"EENewsEurope"},"image":{"@id":"https:\/\/www.ecinews.fr\/fr\/#\/schema\/logo\/image\/"}}]}},"_links":{"self":[{"href":"https:\/\/www.ecinews.fr\/fr\/wp-json\/wp\/v2\/white_papers\/459873"}],"collection":[{"href":"https:\/\/www.ecinews.fr\/fr\/wp-json\/wp\/v2\/white_papers"}],"about":[{"href":"https:\/\/www.ecinews.fr\/fr\/wp-json\/wp\/v2\/types\/white_papers"}],"wp:featuredmedia":[{"embeddable":true,"href":"https:\/\/www.ecinews.fr\/fr\/wp-json\/wp\/v2\/media\/459874"}],"wp:attachment":[{"href":"https:\/\/www.ecinews.fr\/fr\/wp-json\/wp\/v2\/media?parent=459873"}],"wp:term":[{"taxonomy":"post_tag","embeddable":true,"href":"https:\/\/www.ecinews.fr\/fr\/wp-json\/wp\/v2\/tags?post=459873"},{"taxonomy":"company","embeddable":true,"href":"https:\/\/www.ecinews.fr\/fr\/wp-json\/wp\/v2\/company?post=459873"},{"taxonomy":"wp_category","embeddable":true,"href":"https:\/\/www.ecinews.fr\/fr\/wp-json\/wp\/v2\/wp_category?post=459873"},{"taxonomy":"author","embeddable":true,"href":"https:\/\/www.ecinews.fr\/fr\/wp-json\/wp\/v2\/ppma_author?post=459873"}],"curies":[{"name":"wp","href":"https:\/\/api.w.org\/{rel}","templated":true}]}}

Antennes réseau à commande de phase : un nouveau paradigme pour les composants électroniques des satellites

<p>Que ce soit sur Terre ou dans l’espace, les systèmes radar et de communication cellulaire utilisent des bandes de fréquences spécifiques, réglementées par les organismes de normalisation tels que la Commission fédérale des communications des États-Unis. L’essentiel du spectre radiofréquence (RF) étant déjà occupé, les ingénieurs ont dû imaginer des manières de l’exploiter plus efficacement grâce à des schémas d’encodage (modulation d’amplitude en quadrature, modulation par déplacement de phase, etc.) ou encore de multiplexage par répartition dans le temps ou en fréquence. En outre, la nécessité de partager les ressources entre davantage d’utilisateurs et d’accélérer la transmission des données a inspiré un nouveau schéma de multiplexage, dit « par répartition spatiale ».</p>

<p>Que ce soit sur Terre ou dans l’espace, les systèmes radar et de communication cellulaire utilisent des bandes de fréquences spécifiques, réglementées par les organismes de normalisation tels que la Commission fédérale des communications des États-Unis. L’essentiel du spectre radiofréquence (RF) étant déjà occupé, les ingénieurs ont dû imaginer des manières de l’exploiter plus efficacement [&hellip;]</p>

<title>Antennes réseau à commande de phase : un nouveau paradigme po...</title>
<meta name="description" content="Que ce soit sur Terre ou dans l’espace, les systèmes radar et de communication cellulaire utilisent des bandes de fréquences spécifiques, réglementées..." />
<meta name="robots" content="index, follow, max-snippet:-1, max-image-preview:large, max-video-preview:-1" />
<link rel="canonical" href="https://www.ecinews.fr/fr/wp-json/wp/v2/white_papers/459873/" />
<meta property="og:locale" content="fr_FR" />
<meta property="og:type" content="article" />
<meta property="og:title" content="Antennes réseau à commande de phase : un nouveau paradigme pour les composants électroniques des satellites" />
<meta property="og:description" content="Que ce soit sur Terre ou dans l’espace, les systèmes radar et de communication cellulaire utilisent des bandes de fréquences spécifiques, réglementées par les organismes de normalisation tels que la Commission fédérale des communications des États-Unis. L’essentiel du spectre radiofréquence (RF) étant déjà occupé, les ingénieurs ont dû imaginer des manières de l’exploiter plus efficacement [&hellip;]" />
<meta property="og:url" content="https://www.ecinews.fr/fr/wp-json/wp/v2/white_papers/459873/" />
<meta property="og:site_name" content="EENewsEurope" />
<meta property="article:modified_time" content="2024-09-04T15:34:59+00:00" />
<meta property="og:image" content="https://www.eenewseurope.com/wp-content/uploads/2024/09/ECI4428-Jason-Clarke-Systems-Manager-of-Space-and-Avionics.jpg" />
	<meta property="og:image:width" content="220" />
	<meta property="og:image:height" content="308" />
	<meta property="og:image:type" content="image/jpeg" />
<meta name="twitter:card" content="summary_large_image" />
<meta name="twitter:label1" content="Est. reading time" />
	<meta name="twitter:data1" content="1 minute" />
<script type="application/ld+json" class="yoast-schema-graph">{"@context":"https://schema.org","@graph":[{"@type":"WebPage","@id":"https://www.eenewseurope.com/fr/white_papers/antennes-reseau-a-commande-de-phase-un-nouveau-paradigme-pour-les-composants-electroniques-des-satellites/","url":"https://www.eenewseurope.com/fr/white_papers/antennes-reseau-a-commande-de-phase-un-nouveau-paradigme-pour-les-composants-electroniques-des-satellites/","name":"Antennes réseau à commande de phase : un nouveau paradigme pour les composants électroniques des satellites -","isPartOf":{"@id":"https://www.ecinews.fr/fr/#website"},"datePublished":"2024-10-01T07:00:38+00:00","dateModified":"2024-09-04T15:34:59+00:00","breadcrumb":{"@id":"https://www.eenewseurope.com/fr/white_papers/antennes-reseau-a-commande-de-phase-un-nouveau-paradigme-pour-les-composants-electroniques-des-satellites/#breadcrumb"},"inLanguage":"fr-FR","potentialAction":[{"@type":"ReadAction","target":["https://www.eenewseurope.com/fr/white_papers/antennes-reseau-a-commande-de-phase-un-nouveau-paradigme-pour-les-composants-electroniques-des-satellites/"]}]},{"@type":"BreadcrumbList","@id":"https://www.eenewseurope.com/fr/white_papers/antennes-reseau-a-commande-de-phase-un-nouveau-paradigme-pour-les-composants-electroniques-des-satellites/#breadcrumb","itemListElement":[{"@type":"ListItem","position":1,"name":"Home","item":"https://www.ecinews.fr/fr/"},{"@type":"ListItem","position":2,"name":"Antennes réseau à commande de phase : un nouveau paradigme pour les composants électroniques des satellites"}]},{"@type":"WebSite","@id":"https://www.ecinews.fr/fr/#website","url":"https://www.ecinews.fr/fr/","name":"EENewsEurope","description":"Just another WordPress site","publisher":{"@id":"https://www.ecinews.fr/fr/#organization"},"potentialAction":[{"@type":"SearchAction","target":{"@type":"EntryPoint","urlTemplate":"https://www.ecinews.fr/fr/?s={search_term_string}"},"query-input":"required name=search_term_string"}],"inLanguage":"fr-FR"},{"@type":"Organization","@id":"https://www.ecinews.fr/fr/#organization","name":"EENewsEurope","url":"https://www.ecinews.fr/fr/","logo":{"@type":"ImageObject","inLanguage":"fr-FR","@id":"https://www.ecinews.fr/fr/#/schema/logo/image/","url":"https://www.ecinews.fr/wp-content/uploads/2022/02/logo-1.jpg","contentUrl":"https://www.ecinews.fr/wp-content/uploads/2022/02/logo-1.jpg","width":283,"height":113,"caption":"EENewsEurope"},"image":{"@id":"https://www.ecinews.fr/fr/#/schema/logo/image/"}}]}</script>

Antennes réseau à commande de phase : un nouveau paradigme po...

Que ce soit sur Terre ou dans l’espace, les systèmes radar et de communication cellulaire utilisent des bandes de fréquences spécifiques, réglementées...

Que ce soit sur Terre ou dans l’espace, les systèmes radar et de communication cellulaire utilisent des bandes de fréquences spécifiques, réglementées par les organismes de normalisation tels que la Commission fédérale des communications des États-Unis. L’essentiel du spectre radiofréquence (RF) étant déjà occupé, les ingénieurs ont dû imaginer des manières de l’exploiter plus efficacement [&hellip;]

Antennes réseau à commande de phase : un nouveau paradigme pour les composants électroniques des satellites -
