{"id":452048,"date":"2024-05-27T11:00:21","date_gmt":"2024-05-27T09:00:21","guid":{"rendered":"https:\/\/www.ecinews.fr\/?post_type=white_papers&#038;p=452048"},"modified":"2024-05-26T17:25:00","modified_gmt":"2024-05-26T15:25:00","slug":"les-questions-environnementales-sont-a-lorigine-de-nouvelles-initiatives-propres-dans-le-domaine-de-laviation-face-a-la-croissance-continue-du-trafic-aerien-commercial","status":"publish","type":"white_papers","link":"https:\/\/www.ecinews.fr\/fr\/white_papers\/les-questions-environnementales-sont-a-lorigine-de-nouvelles-initiatives-propres-dans-le-domaine-de-laviation-face-a-la-croissance-continue-du-trafic-aerien-commercial\/","title":{"rendered":"Les questions environnementales sont \u00e0 l\u2019origine de nouvelles initiatives propres dans le domaine de l\u2019aviation face \u00e0 la croissance continue du trafic a\u00e9rien commercial"},"content":{"rendered":"<p>L\u2019entreprise commune de l\u2019Union europ\u00e9enne \u00ab Aviation Propre \u00bb propose des strat\u00e9gies d\u2019\u00e9lectrification innovantes pour juguler l\u2019impact n\u00e9faste sur l\u2019environnement de l\u2019aviation.<\/p>\n<p>D&rsquo;apr\u00e8s les donn\u00e9es de l&rsquo;aviation commerciale actuellement disponibles, il est indiscutable que la demande pour une capacit\u00e9 suppl\u00e9mentaire en Europe et dans le monde est in\u00e9vitable. Airbus pr\u00e9voit que d\u2019ici 2038, la croissance annuelle moyenne pour l\u2019aviation commerciale sera de 4,3\u00a0% au niveau mondial. Les r\u00e9gions qui contribueront le plus \u00e0 cette augmentation seront la zone Asie-Pacifique et le Moyen-Orient, l\u2019Europe repr\u00e9sentant une bonne part \u00e0 3,3\u00a0%.<\/p>\n","protected":false},"excerpt":{"rendered":"<p>L\u2019entreprise commune de l\u2019Union europ\u00e9enne \u00ab Aviation Propre \u00bb propose des strat\u00e9gies d\u2019\u00e9lectrification innovantes pour juguler l\u2019impact n\u00e9faste sur l\u2019environnement de l\u2019aviation. D&rsquo;apr\u00e8s les donn\u00e9es de l&rsquo;aviation commerciale actuellement disponibles, il est indiscutable que la demande pour une capacit\u00e9 suppl\u00e9mentaire en Europe et dans le monde est in\u00e9vitable. Airbus pr\u00e9voit que d\u2019ici 2038, la croissance [&hellip;]<\/p>\n","protected":false},"featured_media":452058,"template":"","tags":[],"company":[676],"wp_category":[],"ppma_author":[6113],"class_list":["post-452048","white_papers","type-white_papers","status-publish","has-post-thumbnail","hentry","company-vicor-corporation"],"acf":[],"yoast_head":"<title>Les questions environnementales sont \u00e0 l\u2019origine de nouvelle...<\/title>\n<meta name=\"description\" content=\"L\u2019entreprise commune de l\u2019Union europ\u00e9enne \u00ab Aviation Propre \u00bb propose des strat\u00e9gies d\u2019\u00e9lectrification innovantes pour juguler l\u2019impact...\" \/>\n<meta name=\"robots\" content=\"index, follow, max-snippet:-1, max-image-preview:large, max-video-preview:-1\" \/>\n<link rel=\"canonical\" href=\"https:\/\/www.ecinews.fr\/fr\/wp-json\/wp\/v2\/white_papers\/452048\/\" \/>\n<meta property=\"og:locale\" content=\"fr_FR\" \/>\n<meta property=\"og:type\" content=\"article\" \/>\n<meta property=\"og:title\" content=\"Les questions environnementales sont \u00e0 l\u2019origine de nouvelles initiatives propres dans le domaine de l\u2019aviation face \u00e0 la croissance continue du trafic a\u00e9rien commercial\" \/>\n<meta property=\"og:description\" content=\"L\u2019entreprise commune de l\u2019Union europ\u00e9enne \u00ab Aviation Propre \u00bb propose des strat\u00e9gies d\u2019\u00e9lectrification innovantes pour juguler l\u2019impact n\u00e9faste sur l\u2019environnement de l\u2019aviation. D&rsquo;apr\u00e8s les donn\u00e9es de l&rsquo;aviation commerciale actuellement disponibles, il est indiscutable que la demande pour une capacit\u00e9 suppl\u00e9mentaire en Europe et dans le monde est in\u00e9vitable. Airbus pr\u00e9voit que d\u2019ici 2038, la croissance [&hellip;]\" \/>\n<meta property=\"og:url\" content=\"https:\/\/www.ecinews.fr\/fr\/wp-json\/wp\/v2\/white_papers\/452048\/\" \/>\n<meta property=\"og:site_name\" content=\"EENewsEurope\" \/>\n<meta property=\"article:modified_time\" content=\"2024-05-26T15:25:00+00:00\" \/>\n<meta property=\"og:image\" content=\"https:\/\/www.eenewseurope.com\/wp-content\/uploads\/2024\/05\/ECI4161-Vicor-BCM6135-DCM3735-NBM2317-hand-cropped-medium-scaled.jpg\" \/>\n\t<meta property=\"og:image:width\" content=\"1080\" \/>\n\t<meta property=\"og:image:height\" content=\"720\" \/>\n\t<meta property=\"og:image:type\" content=\"image\/jpeg\" \/>\n<meta name=\"twitter:card\" content=\"summary_large_image\" \/>\n<meta name=\"twitter:label1\" content=\"Est. reading time\" \/>\n\t<meta name=\"twitter:data1\" content=\"1 minute\" \/>\n<script type=\"application\/ld+json\" class=\"yoast-schema-graph\">{\"@context\":\"https:\/\/schema.org\",\"@graph\":[{\"@type\":\"WebPage\",\"@id\":\"https:\/\/www.eenewseurope.com\/fr\/white_papers\/les-questions-environnementales-sont-a-lorigine-de-nouvelles-initiatives-propres-dans-le-domaine-de-laviation-face-a-la-croissance-continue-du-trafic-aerien-commercial\/\",\"url\":\"https:\/\/www.eenewseurope.com\/fr\/white_papers\/les-questions-environnementales-sont-a-lorigine-de-nouvelles-initiatives-propres-dans-le-domaine-de-laviation-face-a-la-croissance-continue-du-trafic-aerien-commercial\/\",\"name\":\"Les questions environnementales sont \u00e0 l\u2019origine de nouvelles initiatives propres dans le domaine de l\u2019aviation face \u00e0 la croissance continue du trafic a\u00e9rien commercial -\",\"isPartOf\":{\"@id\":\"https:\/\/www.ecinews.fr\/fr\/#website\"},\"datePublished\":\"2024-05-27T09:00:21+00:00\",\"dateModified\":\"2024-05-26T15:25:00+00:00\",\"breadcrumb\":{\"@id\":\"https:\/\/www.eenewseurope.com\/fr\/white_papers\/les-questions-environnementales-sont-a-lorigine-de-nouvelles-initiatives-propres-dans-le-domaine-de-laviation-face-a-la-croissance-continue-du-trafic-aerien-commercial\/#breadcrumb\"},\"inLanguage\":\"fr-FR\",\"potentialAction\":[{\"@type\":\"ReadAction\",\"target\":[\"https:\/\/www.eenewseurope.com\/fr\/white_papers\/les-questions-environnementales-sont-a-lorigine-de-nouvelles-initiatives-propres-dans-le-domaine-de-laviation-face-a-la-croissance-continue-du-trafic-aerien-commercial\/\"]}]},{\"@type\":\"BreadcrumbList\",\"@id\":\"https:\/\/www.eenewseurope.com\/fr\/white_papers\/les-questions-environnementales-sont-a-lorigine-de-nouvelles-initiatives-propres-dans-le-domaine-de-laviation-face-a-la-croissance-continue-du-trafic-aerien-commercial\/#breadcrumb\",\"itemListElement\":[{\"@type\":\"ListItem\",\"position\":1,\"name\":\"Home\",\"item\":\"https:\/\/www.ecinews.fr\/fr\/\"},{\"@type\":\"ListItem\",\"position\":2,\"name\":\"Les questions environnementales sont \u00e0 l\u2019origine de nouvelles initiatives propres dans le domaine de l\u2019aviation face \u00e0 la croissance continue du trafic a\u00e9rien commercial\"}]},{\"@type\":\"WebSite\",\"@id\":\"https:\/\/www.ecinews.fr\/fr\/#website\",\"url\":\"https:\/\/www.ecinews.fr\/fr\/\",\"name\":\"EENewsEurope\",\"description\":\"Just another WordPress site\",\"publisher\":{\"@id\":\"https:\/\/www.ecinews.fr\/fr\/#organization\"},\"potentialAction\":[{\"@type\":\"SearchAction\",\"target\":{\"@type\":\"EntryPoint\",\"urlTemplate\":\"https:\/\/www.ecinews.fr\/fr\/?s={search_term_string}\"},\"query-input\":\"required name=search_term_string\"}],\"inLanguage\":\"fr-FR\"},{\"@type\":\"Organization\",\"@id\":\"https:\/\/www.ecinews.fr\/fr\/#organization\",\"name\":\"EENewsEurope\",\"url\":\"https:\/\/www.ecinews.fr\/fr\/\",\"logo\":{\"@type\":\"ImageObject\",\"inLanguage\":\"fr-FR\",\"@id\":\"https:\/\/www.ecinews.fr\/fr\/#\/schema\/logo\/image\/\",\"url\":\"https:\/\/www.ecinews.fr\/wp-content\/uploads\/2022\/02\/logo-1.jpg\",\"contentUrl\":\"https:\/\/www.ecinews.fr\/wp-content\/uploads\/2022\/02\/logo-1.jpg\",\"width\":283,\"height\":113,\"caption\":\"EENewsEurope\"},\"image\":{\"@id\":\"https:\/\/www.ecinews.fr\/fr\/#\/schema\/logo\/image\/\"}}]}<\/script>","yoast_head_json":{"title":"Les questions environnementales sont \u00e0 l\u2019origine de nouvelle...","description":"L\u2019entreprise commune de l\u2019Union europ\u00e9enne \u00ab Aviation Propre \u00bb propose des strat\u00e9gies d\u2019\u00e9lectrification innovantes pour juguler l\u2019impact...","robots":{"index":"index","follow":"follow","max-snippet":"max-snippet:-1","max-image-preview":"max-image-preview:large","max-video-preview":"max-video-preview:-1"},"canonical":"https:\/\/www.ecinews.fr\/fr\/wp-json\/wp\/v2\/white_papers\/452048\/","og_locale":"fr_FR","og_type":"article","og_title":"Les questions environnementales sont \u00e0 l\u2019origine de nouvelles initiatives propres dans le domaine de l\u2019aviation face \u00e0 la croissance continue du trafic a\u00e9rien commercial","og_description":"L\u2019entreprise commune de l\u2019Union europ\u00e9enne \u00ab Aviation Propre \u00bb propose des strat\u00e9gies d\u2019\u00e9lectrification innovantes pour juguler l\u2019impact n\u00e9faste sur l\u2019environnement de l\u2019aviation. D&rsquo;apr\u00e8s les donn\u00e9es de l&rsquo;aviation commerciale actuellement disponibles, il est indiscutable que la demande pour une capacit\u00e9 suppl\u00e9mentaire en Europe et dans le monde est in\u00e9vitable. Airbus pr\u00e9voit que d\u2019ici 2038, la croissance [&hellip;]","og_url":"https:\/\/www.ecinews.fr\/fr\/wp-json\/wp\/v2\/white_papers\/452048\/","og_site_name":"EENewsEurope","article_modified_time":"2024-05-26T15:25:00+00:00","og_image":[{"width":1080,"height":720,"url":"https:\/\/www.eenewseurope.com\/wp-content\/uploads\/2024\/05\/ECI4161-Vicor-BCM6135-DCM3735-NBM2317-hand-cropped-medium-scaled.jpg","type":"image\/jpeg"}],"twitter_card":"summary_large_image","twitter_misc":{"Est. reading time":"1 minute"},"schema":{"@context":"https:\/\/schema.org","@graph":[{"@type":"WebPage","@id":"https:\/\/www.eenewseurope.com\/fr\/white_papers\/les-questions-environnementales-sont-a-lorigine-de-nouvelles-initiatives-propres-dans-le-domaine-de-laviation-face-a-la-croissance-continue-du-trafic-aerien-commercial\/","url":"https:\/\/www.eenewseurope.com\/fr\/white_papers\/les-questions-environnementales-sont-a-lorigine-de-nouvelles-initiatives-propres-dans-le-domaine-de-laviation-face-a-la-croissance-continue-du-trafic-aerien-commercial\/","name":"Les questions environnementales sont \u00e0 l\u2019origine de nouvelles initiatives propres dans le domaine de l\u2019aviation face \u00e0 la croissance continue du trafic a\u00e9rien commercial -","isPartOf":{"@id":"https:\/\/www.ecinews.fr\/fr\/#website"},"datePublished":"2024-05-27T09:00:21+00:00","dateModified":"2024-05-26T15:25:00+00:00","breadcrumb":{"@id":"https:\/\/www.eenewseurope.com\/fr\/white_papers\/les-questions-environnementales-sont-a-lorigine-de-nouvelles-initiatives-propres-dans-le-domaine-de-laviation-face-a-la-croissance-continue-du-trafic-aerien-commercial\/#breadcrumb"},"inLanguage":"fr-FR","potentialAction":[{"@type":"ReadAction","target":["https:\/\/www.eenewseurope.com\/fr\/white_papers\/les-questions-environnementales-sont-a-lorigine-de-nouvelles-initiatives-propres-dans-le-domaine-de-laviation-face-a-la-croissance-continue-du-trafic-aerien-commercial\/"]}]},{"@type":"BreadcrumbList","@id":"https:\/\/www.eenewseurope.com\/fr\/white_papers\/les-questions-environnementales-sont-a-lorigine-de-nouvelles-initiatives-propres-dans-le-domaine-de-laviation-face-a-la-croissance-continue-du-trafic-aerien-commercial\/#breadcrumb","itemListElement":[{"@type":"ListItem","position":1,"name":"Home","item":"https:\/\/www.ecinews.fr\/fr\/"},{"@type":"ListItem","position":2,"name":"Les questions environnementales sont \u00e0 l\u2019origine de nouvelles initiatives propres dans le domaine de l\u2019aviation face \u00e0 la croissance continue du trafic a\u00e9rien commercial"}]},{"@type":"WebSite","@id":"https:\/\/www.ecinews.fr\/fr\/#website","url":"https:\/\/www.ecinews.fr\/fr\/","name":"EENewsEurope","description":"Just another WordPress site","publisher":{"@id":"https:\/\/www.ecinews.fr\/fr\/#organization"},"potentialAction":[{"@type":"SearchAction","target":{"@type":"EntryPoint","urlTemplate":"https:\/\/www.ecinews.fr\/fr\/?s={search_term_string}"},"query-input":"required name=search_term_string"}],"inLanguage":"fr-FR"},{"@type":"Organization","@id":"https:\/\/www.ecinews.fr\/fr\/#organization","name":"EENewsEurope","url":"https:\/\/www.ecinews.fr\/fr\/","logo":{"@type":"ImageObject","inLanguage":"fr-FR","@id":"https:\/\/www.ecinews.fr\/fr\/#\/schema\/logo\/image\/","url":"https:\/\/www.ecinews.fr\/wp-content\/uploads\/2022\/02\/logo-1.jpg","contentUrl":"https:\/\/www.ecinews.fr\/wp-content\/uploads\/2022\/02\/logo-1.jpg","width":283,"height":113,"caption":"EENewsEurope"},"image":{"@id":"https:\/\/www.ecinews.fr\/fr\/#\/schema\/logo\/image\/"}}]}},"_links":{"self":[{"href":"https:\/\/www.ecinews.fr\/fr\/wp-json\/wp\/v2\/white_papers\/452048"}],"collection":[{"href":"https:\/\/www.ecinews.fr\/fr\/wp-json\/wp\/v2\/white_papers"}],"about":[{"href":"https:\/\/www.ecinews.fr\/fr\/wp-json\/wp\/v2\/types\/white_papers"}],"wp:featuredmedia":[{"embeddable":true,"href":"https:\/\/www.ecinews.fr\/fr\/wp-json\/wp\/v2\/media\/452058"}],"wp:attachment":[{"href":"https:\/\/www.ecinews.fr\/fr\/wp-json\/wp\/v2\/media?parent=452048"}],"wp:term":[{"taxonomy":"post_tag","embeddable":true,"href":"https:\/\/www.ecinews.fr\/fr\/wp-json\/wp\/v2\/tags?post=452048"},{"taxonomy":"company","embeddable":true,"href":"https:\/\/www.ecinews.fr\/fr\/wp-json\/wp\/v2\/company?post=452048"},{"taxonomy":"wp_category","embeddable":true,"href":"https:\/\/www.ecinews.fr\/fr\/wp-json\/wp\/v2\/wp_category?post=452048"},{"taxonomy":"author","embeddable":true,"href":"https:\/\/www.ecinews.fr\/fr\/wp-json\/wp\/v2\/ppma_author?post=452048"}],"curies":[{"name":"wp","href":"https:\/\/api.w.org\/{rel}","templated":true}]}}

Les questions environnementales sont à l’origine de nouvelles initiatives propres dans le domaine de l’aviation face à la croissance continue du trafic aérien commercial

<p>L’entreprise commune de l’Union européenne « Aviation Propre » propose des stratégies d’électrification innovantes pour juguler l’impact néfaste sur l’environnement de l’aviation.</p>
<p>D&rsquo;après les données de l&rsquo;aviation commerciale actuellement disponibles, il est indiscutable que la demande pour une capacité supplémentaire en Europe et dans le monde est inévitable. Airbus prévoit que d’ici 2038, la croissance annuelle moyenne pour l’aviation commerciale sera de 4,3 % au niveau mondial. Les régions qui contribueront le plus à cette augmentation seront la zone Asie-Pacifique et le Moyen-Orient, l’Europe représentant une bonne part à 3,3 %.</p>

<p>L’entreprise commune de l’Union européenne « Aviation Propre » propose des stratégies d’électrification innovantes pour juguler l’impact néfaste sur l’environnement de l’aviation. D&rsquo;après les données de l&rsquo;aviation commerciale actuellement disponibles, il est indiscutable que la demande pour une capacité supplémentaire en Europe et dans le monde est inévitable. Airbus prévoit que d’ici 2038, la croissance [&hellip;]</p>

<title>Les questions environnementales sont à l’origine de nouvelle...</title>
<meta name="description" content="L’entreprise commune de l’Union européenne « Aviation Propre » propose des stratégies d’électrification innovantes pour juguler l’impact..." />
<meta name="robots" content="index, follow, max-snippet:-1, max-image-preview:large, max-video-preview:-1" />
<link rel="canonical" href="https://www.ecinews.fr/fr/wp-json/wp/v2/white_papers/452048/" />
<meta property="og:locale" content="fr_FR" />
<meta property="og:type" content="article" />
<meta property="og:title" content="Les questions environnementales sont à l’origine de nouvelles initiatives propres dans le domaine de l’aviation face à la croissance continue du trafic aérien commercial" />
<meta property="og:description" content="L’entreprise commune de l’Union européenne « Aviation Propre » propose des stratégies d’électrification innovantes pour juguler l’impact néfaste sur l’environnement de l’aviation. D&rsquo;après les données de l&rsquo;aviation commerciale actuellement disponibles, il est indiscutable que la demande pour une capacité supplémentaire en Europe et dans le monde est inévitable. Airbus prévoit que d’ici 2038, la croissance [&hellip;]" />
<meta property="og:url" content="https://www.ecinews.fr/fr/wp-json/wp/v2/white_papers/452048/" />
<meta property="og:site_name" content="EENewsEurope" />
<meta property="article:modified_time" content="2024-05-26T15:25:00+00:00" />
<meta property="og:image" content="https://www.eenewseurope.com/wp-content/uploads/2024/05/ECI4161-Vicor-BCM6135-DCM3735-NBM2317-hand-cropped-medium-scaled.jpg" />
	<meta property="og:image:width" content="1080" />
	<meta property="og:image:height" content="720" />
	<meta property="og:image:type" content="image/jpeg" />
<meta name="twitter:card" content="summary_large_image" />
<meta name="twitter:label1" content="Est. reading time" />
	<meta name="twitter:data1" content="1 minute" />
<script type="application/ld+json" class="yoast-schema-graph">{"@context":"https://schema.org","@graph":[{"@type":"WebPage","@id":"https://www.eenewseurope.com/fr/white_papers/les-questions-environnementales-sont-a-lorigine-de-nouvelles-initiatives-propres-dans-le-domaine-de-laviation-face-a-la-croissance-continue-du-trafic-aerien-commercial/","url":"https://www.eenewseurope.com/fr/white_papers/les-questions-environnementales-sont-a-lorigine-de-nouvelles-initiatives-propres-dans-le-domaine-de-laviation-face-a-la-croissance-continue-du-trafic-aerien-commercial/","name":"Les questions environnementales sont à l’origine de nouvelles initiatives propres dans le domaine de l’aviation face à la croissance continue du trafic aérien commercial -","isPartOf":{"@id":"https://www.ecinews.fr/fr/#website"},"datePublished":"2024-05-27T09:00:21+00:00","dateModified":"2024-05-26T15:25:00+00:00","breadcrumb":{"@id":"https://www.eenewseurope.com/fr/white_papers/les-questions-environnementales-sont-a-lorigine-de-nouvelles-initiatives-propres-dans-le-domaine-de-laviation-face-a-la-croissance-continue-du-trafic-aerien-commercial/#breadcrumb"},"inLanguage":"fr-FR","potentialAction":[{"@type":"ReadAction","target":["https://www.eenewseurope.com/fr/white_papers/les-questions-environnementales-sont-a-lorigine-de-nouvelles-initiatives-propres-dans-le-domaine-de-laviation-face-a-la-croissance-continue-du-trafic-aerien-commercial/"]}]},{"@type":"BreadcrumbList","@id":"https://www.eenewseurope.com/fr/white_papers/les-questions-environnementales-sont-a-lorigine-de-nouvelles-initiatives-propres-dans-le-domaine-de-laviation-face-a-la-croissance-continue-du-trafic-aerien-commercial/#breadcrumb","itemListElement":[{"@type":"ListItem","position":1,"name":"Home","item":"https://www.ecinews.fr/fr/"},{"@type":"ListItem","position":2,"name":"Les questions environnementales sont à l’origine de nouvelles initiatives propres dans le domaine de l’aviation face à la croissance continue du trafic aérien commercial"}]},{"@type":"WebSite","@id":"https://www.ecinews.fr/fr/#website","url":"https://www.ecinews.fr/fr/","name":"EENewsEurope","description":"Just another WordPress site","publisher":{"@id":"https://www.ecinews.fr/fr/#organization"},"potentialAction":[{"@type":"SearchAction","target":{"@type":"EntryPoint","urlTemplate":"https://www.ecinews.fr/fr/?s={search_term_string}"},"query-input":"required name=search_term_string"}],"inLanguage":"fr-FR"},{"@type":"Organization","@id":"https://www.ecinews.fr/fr/#organization","name":"EENewsEurope","url":"https://www.ecinews.fr/fr/","logo":{"@type":"ImageObject","inLanguage":"fr-FR","@id":"https://www.ecinews.fr/fr/#/schema/logo/image/","url":"https://www.ecinews.fr/wp-content/uploads/2022/02/logo-1.jpg","contentUrl":"https://www.ecinews.fr/wp-content/uploads/2022/02/logo-1.jpg","width":283,"height":113,"caption":"EENewsEurope"},"image":{"@id":"https://www.ecinews.fr/fr/#/schema/logo/image/"}}]}</script>

Les questions environnementales sont à l’origine de nouvelle...

L’entreprise commune de l’Union européenne « Aviation Propre » propose des stratégies d’électrification innovantes pour juguler l’impact...

L’entreprise commune de l’Union européenne « Aviation Propre » propose des stratégies d’électrification innovantes pour juguler l’impact néfaste sur l’environnement de l’aviation. D&rsquo;après les données de l&rsquo;aviation commerciale actuellement disponibles, il est indiscutable que la demande pour une capacité supplémentaire en Europe et dans le monde est inévitable. Airbus prévoit que d’ici 2038, la croissance [&hellip;]

Les questions environnementales sont à l’origine de nouvelles initiatives propres dans le domaine de l’aviation face à la croissance continue du trafic aérien commercial -
