{"id":377427,"date":"2022-03-16T18:49:49","date_gmt":"2022-03-16T17:49:49","guid":{"rendered":"https:\/\/www.ecinews.fr\/?post_type=white_papers&#038;p=377427"},"modified":"2022-06-15T10:18:55","modified_gmt":"2022-06-15T08:18:55","slug":"analog-devices-ou-est-passe-mon-cordon-dalimentation","status":"publish","type":"white_papers","link":"https:\/\/www.ecinews.fr\/fr\/white_papers\/analog-devices-ou-est-passe-mon-cordon-dalimentation\/","title":{"rendered":"Analog Devices : O\u00f9 est pass\u00e9 mon cordon d\u2019alimentation ?"},"content":{"rendered":"<p>En outre, les supercondensateurs (\u00e9galement appel\u00e9s ultra-condensateurs) sont de plus en plus couramment employ\u00e9s dans un large \u00e9ventail d\u2019applications en raison de leurs caract\u00e9ristiques hors pair. Certes, on trouve encore de nombreuses batteries au plomb\u2009\u2014 une technologie \u00e2g\u00e9e de 150 ans\u2009\u2014dans les automobiles, les fauteuils roulants, les scooters, les voiturettes de golf et autres syst\u00e8mes d\u2019alimentation sans interruption (ASI), mais ils doivent \u00eatre recharg\u00e9s lorsque l\u2019\u00e9nergie emmagasin\u00e9e a \u00e9t\u00e9 enti\u00e8rement consomm\u00e9e. Les livraisons mondiales de circuits int\u00e9gr\u00e9s de charge ont atteint 1,16\u2009milliard d\u2019unit\u00e9s en 2019 et devraient totaliser 1,72\u2009milliard d\u2019unit\u00e9s en 2024, soit un confortable taux de croissance annuel de 8,6\u2009% pour un chiffre d\u2019affaires de respectivement 518,1 et 735,4\u2009milliards de dollars, soit un TCAC de 7,3\u2009%.<\/p>\n","protected":false},"excerpt":{"rendered":"<p>\u00c0 notre \u00e9poque, la question serait plut\u00f4t \u00ab\u2009Ch\u00e9ri(e), o\u00f9 est pass\u00e9 mon chargeur de batterie\u2009?\u2009\u00bb\u2009! La baisse du co\u00fbt et l\u2019am\u00e9lioration des performances des batteries\u2009\u2014 notamment \u00e0 base de lithium-ion\u2009\u2014 enregistr\u00e9es depuis le d\u00e9but de ce si\u00e8cle ont favoris\u00e9 le d\u00e9veloppement des \u00e9quipements portables aliment\u00e9s par batterie, ainsi que des solutions de stockage d\u2019\u00e9nergie.<\/p>\n","protected":false},"featured_media":377430,"template":"","tags":[],"company":[613],"wp_category":[],"ppma_author":[1154],"class_list":["post-377427","white_papers","type-white_papers","status-publish","has-post-thumbnail","hentry","company-analog-devices"],"acf":[],"yoast_head":"<title>Analog Devices : O\u00f9 est pass\u00e9 mon cordon d\u2019alimentation ? ...<\/title>\n<meta name=\"description\" content=\"\u00c0 notre \u00e9poque, la question serait plut\u00f4t \u00ab\u2009Ch\u00e9ri(e), o\u00f9 est pass\u00e9 mon chargeur de batterie\u2009?\u2009\u00bb\u2009! La baisse du co\u00fbt et l\u2019am\u00e9lioration des...\" \/>\n<meta name=\"robots\" content=\"index, follow, max-snippet:-1, max-image-preview:large, max-video-preview:-1\" \/>\n<link rel=\"canonical\" href=\"https:\/\/www.ecinews.fr\/fr\/wp-json\/wp\/v2\/white_papers\/377427\/\" \/>\n<meta property=\"og:locale\" content=\"fr_FR\" \/>\n<meta property=\"og:type\" content=\"article\" \/>\n<meta property=\"og:title\" content=\"Analog Devices : O\u00f9 est pass\u00e9 mon cordon d\u2019alimentation ?\" \/>\n<meta property=\"og:description\" content=\"\u00c0 notre \u00e9poque, la question serait plut\u00f4t \u00ab\u2009Ch\u00e9ri(e), o\u00f9 est pass\u00e9 mon chargeur de batterie\u2009?\u2009\u00bb\u2009! La baisse du co\u00fbt et l\u2019am\u00e9lioration des performances des batteries\u2009\u2014 notamment \u00e0 base de lithium-ion\u2009\u2014 enregistr\u00e9es depuis le d\u00e9but de ce si\u00e8cle ont favoris\u00e9 le d\u00e9veloppement des \u00e9quipements portables aliment\u00e9s par batterie, ainsi que des solutions de stockage d\u2019\u00e9nergie.\" \/>\n<meta property=\"og:url\" content=\"https:\/\/www.ecinews.fr\/fr\/wp-json\/wp\/v2\/white_papers\/377427\/\" \/>\n<meta property=\"og:site_name\" content=\"EENewsEurope\" \/>\n<meta property=\"article:modified_time\" content=\"2022-06-15T08:18:55+00:00\" \/>\n<meta property=\"og:image\" content=\"https:\/\/www.ecinews.fr\/wp-content\/uploads\/2022\/03\/ECI1104_ADI_applic_web.jpg\" \/>\n\t<meta property=\"og:image:width\" content=\"226\" \/>\n\t<meta property=\"og:image:height\" content=\"183\" \/>\n\t<meta property=\"og:image:type\" content=\"image\/jpeg\" \/>\n<meta name=\"twitter:card\" content=\"summary_large_image\" \/>\n<meta name=\"twitter:label1\" content=\"Est. reading time\" \/>\n\t<meta name=\"twitter:data1\" content=\"1 minute\" \/>\n<script type=\"application\/ld+json\" class=\"yoast-schema-graph\">{\"@context\":\"https:\/\/schema.org\",\"@graph\":[{\"@type\":\"WebPage\",\"@id\":\"https:\/\/www.ecinews.fr\/fr\/white_papers\/analog-devices-ou-est-passe-mon-cordon-dalimentation\/\",\"url\":\"https:\/\/www.ecinews.fr\/fr\/white_papers\/analog-devices-ou-est-passe-mon-cordon-dalimentation\/\",\"name\":\"Analog Devices : O\u00f9 est pass\u00e9 mon cordon d\u2019alimentation ? -\",\"isPartOf\":{\"@id\":\"https:\/\/www.ecinews.fr\/fr\/#website\"},\"datePublished\":\"2022-03-16T17:49:49+00:00\",\"dateModified\":\"2022-06-15T08:18:55+00:00\",\"breadcrumb\":{\"@id\":\"https:\/\/www.ecinews.fr\/fr\/white_papers\/analog-devices-ou-est-passe-mon-cordon-dalimentation\/#breadcrumb\"},\"inLanguage\":\"fr-FR\",\"potentialAction\":[{\"@type\":\"ReadAction\",\"target\":[\"https:\/\/www.ecinews.fr\/fr\/white_papers\/analog-devices-ou-est-passe-mon-cordon-dalimentation\/\"]}]},{\"@type\":\"BreadcrumbList\",\"@id\":\"https:\/\/www.ecinews.fr\/fr\/white_papers\/analog-devices-ou-est-passe-mon-cordon-dalimentation\/#breadcrumb\",\"itemListElement\":[{\"@type\":\"ListItem\",\"position\":1,\"name\":\"Home\",\"item\":\"https:\/\/www.ecinews.fr\/fr\/\"},{\"@type\":\"ListItem\",\"position\":2,\"name\":\"Analog Devices : O\u00f9 est pass\u00e9 mon cordon d\u2019alimentation ?\"}]},{\"@type\":\"WebSite\",\"@id\":\"https:\/\/www.ecinews.fr\/fr\/#website\",\"url\":\"https:\/\/www.ecinews.fr\/fr\/\",\"name\":\"EENewsEurope\",\"description\":\"Just another WordPress site\",\"publisher\":{\"@id\":\"https:\/\/www.ecinews.fr\/fr\/#organization\"},\"potentialAction\":[{\"@type\":\"SearchAction\",\"target\":{\"@type\":\"EntryPoint\",\"urlTemplate\":\"https:\/\/www.ecinews.fr\/fr\/?s={search_term_string}\"},\"query-input\":\"required name=search_term_string\"}],\"inLanguage\":\"fr-FR\"},{\"@type\":\"Organization\",\"@id\":\"https:\/\/www.ecinews.fr\/fr\/#organization\",\"name\":\"EENewsEurope\",\"url\":\"https:\/\/www.ecinews.fr\/fr\/\",\"logo\":{\"@type\":\"ImageObject\",\"inLanguage\":\"fr-FR\",\"@id\":\"https:\/\/www.ecinews.fr\/fr\/#\/schema\/logo\/image\/\",\"url\":\"https:\/\/www.ecinews.fr\/wp-content\/uploads\/2022\/02\/logo-1.jpg\",\"contentUrl\":\"https:\/\/www.ecinews.fr\/wp-content\/uploads\/2022\/02\/logo-1.jpg\",\"width\":283,\"height\":113,\"caption\":\"EENewsEurope\"},\"image\":{\"@id\":\"https:\/\/www.ecinews.fr\/fr\/#\/schema\/logo\/image\/\"}}]}<\/script>","yoast_head_json":{"title":"Analog Devices : O\u00f9 est pass\u00e9 mon cordon d\u2019alimentation ? ...","description":"\u00c0 notre \u00e9poque, la question serait plut\u00f4t \u00ab\u2009Ch\u00e9ri(e), o\u00f9 est pass\u00e9 mon chargeur de batterie\u2009?\u2009\u00bb\u2009! La baisse du co\u00fbt et l\u2019am\u00e9lioration des...","robots":{"index":"index","follow":"follow","max-snippet":"max-snippet:-1","max-image-preview":"max-image-preview:large","max-video-preview":"max-video-preview:-1"},"canonical":"https:\/\/www.ecinews.fr\/fr\/wp-json\/wp\/v2\/white_papers\/377427\/","og_locale":"fr_FR","og_type":"article","og_title":"Analog Devices : O\u00f9 est pass\u00e9 mon cordon d\u2019alimentation ?","og_description":"\u00c0 notre \u00e9poque, la question serait plut\u00f4t \u00ab\u2009Ch\u00e9ri(e), o\u00f9 est pass\u00e9 mon chargeur de batterie\u2009?\u2009\u00bb\u2009! La baisse du co\u00fbt et l\u2019am\u00e9lioration des performances des batteries\u2009\u2014 notamment \u00e0 base de lithium-ion\u2009\u2014 enregistr\u00e9es depuis le d\u00e9but de ce si\u00e8cle ont favoris\u00e9 le d\u00e9veloppement des \u00e9quipements portables aliment\u00e9s par batterie, ainsi que des solutions de stockage d\u2019\u00e9nergie.","og_url":"https:\/\/www.ecinews.fr\/fr\/wp-json\/wp\/v2\/white_papers\/377427\/","og_site_name":"EENewsEurope","article_modified_time":"2022-06-15T08:18:55+00:00","og_image":[{"width":226,"height":183,"url":"https:\/\/www.ecinews.fr\/wp-content\/uploads\/2022\/03\/ECI1104_ADI_applic_web.jpg","type":"image\/jpeg"}],"twitter_card":"summary_large_image","twitter_misc":{"Est. reading time":"1 minute"},"schema":{"@context":"https:\/\/schema.org","@graph":[{"@type":"WebPage","@id":"https:\/\/www.ecinews.fr\/fr\/white_papers\/analog-devices-ou-est-passe-mon-cordon-dalimentation\/","url":"https:\/\/www.ecinews.fr\/fr\/white_papers\/analog-devices-ou-est-passe-mon-cordon-dalimentation\/","name":"Analog Devices : O\u00f9 est pass\u00e9 mon cordon d\u2019alimentation ? -","isPartOf":{"@id":"https:\/\/www.ecinews.fr\/fr\/#website"},"datePublished":"2022-03-16T17:49:49+00:00","dateModified":"2022-06-15T08:18:55+00:00","breadcrumb":{"@id":"https:\/\/www.ecinews.fr\/fr\/white_papers\/analog-devices-ou-est-passe-mon-cordon-dalimentation\/#breadcrumb"},"inLanguage":"fr-FR","potentialAction":[{"@type":"ReadAction","target":["https:\/\/www.ecinews.fr\/fr\/white_papers\/analog-devices-ou-est-passe-mon-cordon-dalimentation\/"]}]},{"@type":"BreadcrumbList","@id":"https:\/\/www.ecinews.fr\/fr\/white_papers\/analog-devices-ou-est-passe-mon-cordon-dalimentation\/#breadcrumb","itemListElement":[{"@type":"ListItem","position":1,"name":"Home","item":"https:\/\/www.ecinews.fr\/fr\/"},{"@type":"ListItem","position":2,"name":"Analog Devices : O\u00f9 est pass\u00e9 mon cordon d\u2019alimentation ?"}]},{"@type":"WebSite","@id":"https:\/\/www.ecinews.fr\/fr\/#website","url":"https:\/\/www.ecinews.fr\/fr\/","name":"EENewsEurope","description":"Just another WordPress site","publisher":{"@id":"https:\/\/www.ecinews.fr\/fr\/#organization"},"potentialAction":[{"@type":"SearchAction","target":{"@type":"EntryPoint","urlTemplate":"https:\/\/www.ecinews.fr\/fr\/?s={search_term_string}"},"query-input":"required name=search_term_string"}],"inLanguage":"fr-FR"},{"@type":"Organization","@id":"https:\/\/www.ecinews.fr\/fr\/#organization","name":"EENewsEurope","url":"https:\/\/www.ecinews.fr\/fr\/","logo":{"@type":"ImageObject","inLanguage":"fr-FR","@id":"https:\/\/www.ecinews.fr\/fr\/#\/schema\/logo\/image\/","url":"https:\/\/www.ecinews.fr\/wp-content\/uploads\/2022\/02\/logo-1.jpg","contentUrl":"https:\/\/www.ecinews.fr\/wp-content\/uploads\/2022\/02\/logo-1.jpg","width":283,"height":113,"caption":"EENewsEurope"},"image":{"@id":"https:\/\/www.ecinews.fr\/fr\/#\/schema\/logo\/image\/"}}]}},"_links":{"self":[{"href":"https:\/\/www.ecinews.fr\/fr\/wp-json\/wp\/v2\/white_papers\/377427"}],"collection":[{"href":"https:\/\/www.ecinews.fr\/fr\/wp-json\/wp\/v2\/white_papers"}],"about":[{"href":"https:\/\/www.ecinews.fr\/fr\/wp-json\/wp\/v2\/types\/white_papers"}],"wp:featuredmedia":[{"embeddable":true,"href":"https:\/\/www.ecinews.fr\/fr\/wp-json\/wp\/v2\/media\/377430"}],"wp:attachment":[{"href":"https:\/\/www.ecinews.fr\/fr\/wp-json\/wp\/v2\/media?parent=377427"}],"wp:term":[{"taxonomy":"post_tag","embeddable":true,"href":"https:\/\/www.ecinews.fr\/fr\/wp-json\/wp\/v2\/tags?post=377427"},{"taxonomy":"company","embeddable":true,"href":"https:\/\/www.ecinews.fr\/fr\/wp-json\/wp\/v2\/company?post=377427"},{"taxonomy":"wp_category","embeddable":true,"href":"https:\/\/www.ecinews.fr\/fr\/wp-json\/wp\/v2\/wp_category?post=377427"},{"taxonomy":"author","embeddable":true,"href":"https:\/\/www.ecinews.fr\/fr\/wp-json\/wp\/v2\/ppma_author?post=377427"}],"curies":[{"name":"wp","href":"https:\/\/api.w.org\/{rel}","templated":true}]}}

Analog Devices : Où est passé mon cordon d’alimentation ?

<p>En outre, les supercondensateurs (également appelés ultra-condensateurs) sont de plus en plus couramment employés dans un large éventail d’applications en raison de leurs caractéristiques hors pair. Certes, on trouve encore de nombreuses batteries au plomb — une technologie âgée de 150 ans —dans les automobiles, les fauteuils roulants, les scooters, les voiturettes de golf et autres systèmes d’alimentation sans interruption (ASI), mais ils doivent être rechargés lorsque l’énergie emmagasinée a été entièrement consommée. Les livraisons mondiales de circuits intégrés de charge ont atteint 1,16 milliard d’unités en 2019 et devraient totaliser 1,72 milliard d’unités en 2024, soit un confortable taux de croissance annuel de 8,6 % pour un chiffre d’affaires de respectivement 518,1 et 735,4 milliards de dollars, soit un TCAC de 7,3 %.</p>

<p>À notre époque, la question serait plutôt « Chéri(e), où est passé mon chargeur de batterie ? » ! La baisse du coût et l’amélioration des performances des batteries — notamment à base de lithium-ion — enregistrées depuis le début de ce siècle ont favorisé le développement des équipements portables alimentés par batterie, ainsi que des solutions de stockage d’énergie.</p>

<title>Analog Devices : Où est passé mon cordon d’alimentation ? ...</title>
<meta name="description" content="À notre époque, la question serait plutôt « Chéri(e), où est passé mon chargeur de batterie ? » ! La baisse du coût et l’amélioration des..." />
<meta name="robots" content="index, follow, max-snippet:-1, max-image-preview:large, max-video-preview:-1" />
<link rel="canonical" href="https://www.ecinews.fr/fr/wp-json/wp/v2/white_papers/377427/" />
<meta property="og:locale" content="fr_FR" />
<meta property="og:type" content="article" />
<meta property="og:title" content="Analog Devices : Où est passé mon cordon d’alimentation ?" />
<meta property="og:description" content="À notre époque, la question serait plutôt « Chéri(e), où est passé mon chargeur de batterie ? » ! La baisse du coût et l’amélioration des performances des batteries — notamment à base de lithium-ion — enregistrées depuis le début de ce siècle ont favorisé le développement des équipements portables alimentés par batterie, ainsi que des solutions de stockage d’énergie." />
<meta property="og:url" content="https://www.ecinews.fr/fr/wp-json/wp/v2/white_papers/377427/" />
<meta property="og:site_name" content="EENewsEurope" />
<meta property="article:modified_time" content="2022-06-15T08:18:55+00:00" />
<meta property="og:image" content="https://www.ecinews.fr/wp-content/uploads/2022/03/ECI1104_ADI_applic_web.jpg" />
	<meta property="og:image:width" content="226" />
	<meta property="og:image:height" content="183" />
	<meta property="og:image:type" content="image/jpeg" />
<meta name="twitter:card" content="summary_large_image" />
<meta name="twitter:label1" content="Est. reading time" />
	<meta name="twitter:data1" content="1 minute" />
<script type="application/ld+json" class="yoast-schema-graph">{"@context":"https://schema.org","@graph":[{"@type":"WebPage","@id":"https://www.ecinews.fr/fr/white_papers/analog-devices-ou-est-passe-mon-cordon-dalimentation/","url":"https://www.ecinews.fr/fr/white_papers/analog-devices-ou-est-passe-mon-cordon-dalimentation/","name":"Analog Devices : Où est passé mon cordon d’alimentation ? -","isPartOf":{"@id":"https://www.ecinews.fr/fr/#website"},"datePublished":"2022-03-16T17:49:49+00:00","dateModified":"2022-06-15T08:18:55+00:00","breadcrumb":{"@id":"https://www.ecinews.fr/fr/white_papers/analog-devices-ou-est-passe-mon-cordon-dalimentation/#breadcrumb"},"inLanguage":"fr-FR","potentialAction":[{"@type":"ReadAction","target":["https://www.ecinews.fr/fr/white_papers/analog-devices-ou-est-passe-mon-cordon-dalimentation/"]}]},{"@type":"BreadcrumbList","@id":"https://www.ecinews.fr/fr/white_papers/analog-devices-ou-est-passe-mon-cordon-dalimentation/#breadcrumb","itemListElement":[{"@type":"ListItem","position":1,"name":"Home","item":"https://www.ecinews.fr/fr/"},{"@type":"ListItem","position":2,"name":"Analog Devices : Où est passé mon cordon d’alimentation ?"}]},{"@type":"WebSite","@id":"https://www.ecinews.fr/fr/#website","url":"https://www.ecinews.fr/fr/","name":"EENewsEurope","description":"Just another WordPress site","publisher":{"@id":"https://www.ecinews.fr/fr/#organization"},"potentialAction":[{"@type":"SearchAction","target":{"@type":"EntryPoint","urlTemplate":"https://www.ecinews.fr/fr/?s={search_term_string}"},"query-input":"required name=search_term_string"}],"inLanguage":"fr-FR"},{"@type":"Organization","@id":"https://www.ecinews.fr/fr/#organization","name":"EENewsEurope","url":"https://www.ecinews.fr/fr/","logo":{"@type":"ImageObject","inLanguage":"fr-FR","@id":"https://www.ecinews.fr/fr/#/schema/logo/image/","url":"https://www.ecinews.fr/wp-content/uploads/2022/02/logo-1.jpg","contentUrl":"https://www.ecinews.fr/wp-content/uploads/2022/02/logo-1.jpg","width":283,"height":113,"caption":"EENewsEurope"},"image":{"@id":"https://www.ecinews.fr/fr/#/schema/logo/image/"}}]}</script>

Analog Devices : Où est passé mon cordon d’alimentation ? ...

À notre époque, la question serait plutôt « Chéri(e), où est passé mon chargeur de batterie ? » ! La baisse du coût et l’amélioration des...

À notre époque, la question serait plutôt « Chéri(e), où est passé mon chargeur de batterie ? » ! La baisse du coût et l’amélioration des performances des batteries — notamment à base de lithium-ion — enregistrées depuis le début de ce siècle ont favorisé le développement des équipements portables alimentés par batterie, ainsi que des solutions de stockage d’énergie.

Analog Devices : Où est passé mon cordon d’alimentation ? -
