{"id":27013,"date":"2011-09-05T22:00:00","date_gmt":"2011-09-05T22:00:00","guid":{"rendered":"https:\/\/\/white_papers\/un-nouvel-elan-pour-les-modules-processeur-embarques\/"},"modified":"2022-01-26T15:21:02","modified_gmt":"2022-01-26T15:21:02","slug":"un-nouvel-elan-pour-les-modules-processeur-embarques","status":"publish","type":"white_papers","link":"https:\/\/www.ecinews.fr\/fr\/white_papers\/un-nouvel-elan-pour-les-modules-processeur-embarques\/","title":{"rendered":"Un nouvel \u00e9lan pour les modules processeur embarqu\u00e9s"},"content":{"rendered":"","protected":false},"excerpt":{"rendered":"<p>Le format ETX est aujourd&rsquo;hui le format de module embarqu\u00e9 le plus d\u00e9ploy\u00e9 sur le terrain. Mais l&rsquo;annonce de la fin de vie, l&rsquo;an dernier, des processeurs Pentium M et Celeron M a sembl\u00e9, dans un premier temps, sonner le glas pour l&rsquo;ETX. Mais avec sa nouvelle g\u00e9n\u00e9ration de processeurs embarqu\u00e9s : la gamme Fusion, AMD redonne un futur \u00e0 cette technologie. Ainsi le format ETX est de nouveau une alternative cr\u00e9dible et \u00e9conomique pour r\u00e9pondre aux besoins croissants en termes de calcul ou de traitement graphique en environnement embarqu\u00e9 non ventil\u00e9. Congatec a \u00e9t\u00e9 le premier fabricant de modules COM \u00e0 int\u00e9grer cette architecture r\u00e9volutionnaire dans ses produits ETX, XTX et COM-Express. Gr\u00e2ce \u00e0 cette nouvelle architecture, le facteur de forme ETX\/XTX continue sa carri\u00e8re en r\u00e9pondant aux besoins actuels et \u00e0 venir.<\/p>\n","protected":false},"featured_media":27015,"template":"","tags":[],"company":[],"wp_category":[],"ppma_author":[1149],"class_list":["post-27013","white_papers","type-white_papers","status-publish","has-post-thumbnail","hentry"],"acf":[],"yoast_head":"<title>Un nouvel \u00e9lan pour les modules processeur embarqu\u00e9s ...<\/title>\n<meta name=\"description\" content=\"Le format ETX est aujourd&#039;hui le format de module embarqu\u00e9 le plus d\u00e9ploy\u00e9 sur le terrain. Mais l&#039;annonce de la fin de vie, l&#039;an dernier, des processeurs...\" \/>\n<meta name=\"robots\" content=\"index, follow, max-snippet:-1, max-image-preview:large, max-video-preview:-1\" \/>\n<link rel=\"canonical\" href=\"https:\/\/www.ecinews.fr\/fr\/wp-json\/wp\/v2\/white_papers\/27013\/\" \/>\n<meta property=\"og:locale\" content=\"fr_FR\" \/>\n<meta property=\"og:type\" content=\"article\" \/>\n<meta property=\"og:title\" content=\"Un nouvel \u00e9lan pour les modules processeur embarqu\u00e9s\" \/>\n<meta property=\"og:description\" content=\"Le format ETX est aujourd&#039;hui le format de module embarqu\u00e9 le plus d\u00e9ploy\u00e9 sur le terrain. Mais l&#039;annonce de la fin de vie, l&#039;an dernier, des processeurs Pentium M et Celeron M a sembl\u00e9, dans un premier temps, sonner le glas pour l&#039;ETX. Mais avec sa nouvelle g\u00e9n\u00e9ration de processeurs embarqu\u00e9s : la gamme Fusion, AMD redonne un futur \u00e0 cette technologie. Ainsi le format ETX est de nouveau une alternative cr\u00e9dible et \u00e9conomique pour r\u00e9pondre aux besoins croissants en termes de calcul ou de traitement graphique en environnement embarqu\u00e9 non ventil\u00e9. Congatec a \u00e9t\u00e9 le premier fabricant de modules COM \u00e0 int\u00e9grer cette architecture r\u00e9volutionnaire dans ses produits ETX, XTX et COM-Express. Gr\u00e2ce \u00e0 cette nouvelle architecture, le facteur de forme ETX\/XTX continue sa carri\u00e8re en r\u00e9pondant aux besoins actuels et \u00e0 venir.\" \/>\n<meta property=\"og:url\" content=\"https:\/\/www.ecinews.fr\/fr\/wp-json\/wp\/v2\/white_papers\/27013\/\" \/>\n<meta property=\"og:site_name\" content=\"EENewsEurope\" \/>\n<meta property=\"article:modified_time\" content=\"2022-01-26T15:21:02+00:00\" \/>\n<meta property=\"og:image\" content=\"https:\/\/www.eenewseurope.com\/wp-content\/uploads\/import\/default\/files\/import\/eci2295_tokhatec-auteur-.jpg\" \/>\n\t<meta property=\"og:image:width\" content=\"2560\" \/>\n\t<meta property=\"og:image:height\" content=\"1920\" \/>\n\t<meta property=\"og:image:type\" content=\"image\/jpeg\" \/>\n<meta name=\"twitter:card\" content=\"summary_large_image\" \/>\n<script type=\"application\/ld+json\" class=\"yoast-schema-graph\">{\"@context\":\"https:\/\/schema.org\",\"@graph\":[{\"@type\":\"WebPage\",\"@id\":\"https:\/\/www.eenewseurope.com\/fr\/white_papers\/un-nouvel-elan-pour-les-modules-processeur-embarques\/\",\"url\":\"https:\/\/www.eenewseurope.com\/fr\/white_papers\/un-nouvel-elan-pour-les-modules-processeur-embarques\/\",\"name\":\"Un nouvel \u00e9lan pour les modules processeur embarqu\u00e9s -\",\"isPartOf\":{\"@id\":\"https:\/\/www.eenewseurope.com\/en\/#website\"},\"datePublished\":\"2011-09-05T22:00:00+00:00\",\"dateModified\":\"2022-01-26T15:21:02+00:00\",\"breadcrumb\":{\"@id\":\"https:\/\/www.eenewseurope.com\/fr\/white_papers\/un-nouvel-elan-pour-les-modules-processeur-embarques\/#breadcrumb\"},\"inLanguage\":\"fr-FR\",\"potentialAction\":[{\"@type\":\"ReadAction\",\"target\":[\"https:\/\/www.eenewseurope.com\/fr\/white_papers\/un-nouvel-elan-pour-les-modules-processeur-embarques\/\"]}]},{\"@type\":\"BreadcrumbList\",\"@id\":\"https:\/\/www.eenewseurope.com\/fr\/white_papers\/un-nouvel-elan-pour-les-modules-processeur-embarques\/#breadcrumb\",\"itemListElement\":[{\"@type\":\"ListItem\",\"position\":1,\"name\":\"Home\",\"item\":\"https:\/\/www.ecinews.fr\/fr\/\"},{\"@type\":\"ListItem\",\"position\":2,\"name\":\"Un nouvel \u00e9lan pour les modules processeur embarqu\u00e9s\"}]},{\"@type\":\"WebSite\",\"@id\":\"https:\/\/www.eenewseurope.com\/en\/#website\",\"url\":\"https:\/\/www.eenewseurope.com\/en\/\",\"name\":\"EENewsEurope\",\"description\":\"Just another WordPress site\",\"publisher\":{\"@id\":\"https:\/\/www.eenewseurope.com\/en\/#organization\"},\"potentialAction\":[{\"@type\":\"SearchAction\",\"target\":{\"@type\":\"EntryPoint\",\"urlTemplate\":\"https:\/\/www.eenewseurope.com\/en\/?s={search_term_string}\"},\"query-input\":\"required name=search_term_string\"}],\"inLanguage\":\"fr-FR\"},{\"@type\":\"Organization\",\"@id\":\"https:\/\/www.eenewseurope.com\/en\/#organization\",\"name\":\"EENewsEurope\",\"url\":\"https:\/\/www.eenewseurope.com\/en\/\",\"logo\":{\"@type\":\"ImageObject\",\"inLanguage\":\"fr-FR\",\"@id\":\"https:\/\/www.eenewseurope.com\/en\/#\/schema\/logo\/image\/\",\"url\":\"https:\/\/www.ecinews.fr\/wp-content\/uploads\/2022\/02\/logo-1.jpg\",\"contentUrl\":\"https:\/\/www.ecinews.fr\/wp-content\/uploads\/2022\/02\/logo-1.jpg\",\"width\":283,\"height\":113,\"caption\":\"EENewsEurope\"},\"image\":{\"@id\":\"https:\/\/www.eenewseurope.com\/en\/#\/schema\/logo\/image\/\"}}]}<\/script>","yoast_head_json":{"title":"Un nouvel \u00e9lan pour les modules processeur embarqu\u00e9s ...","description":"Le format ETX est aujourd'hui le format de module embarqu\u00e9 le plus d\u00e9ploy\u00e9 sur le terrain. Mais l'annonce de la fin de vie, l'an dernier, des processeurs...","robots":{"index":"index","follow":"follow","max-snippet":"max-snippet:-1","max-image-preview":"max-image-preview:large","max-video-preview":"max-video-preview:-1"},"canonical":"https:\/\/www.ecinews.fr\/fr\/wp-json\/wp\/v2\/white_papers\/27013\/","og_locale":"fr_FR","og_type":"article","og_title":"Un nouvel \u00e9lan pour les modules processeur embarqu\u00e9s","og_description":"Le format ETX est aujourd'hui le format de module embarqu\u00e9 le plus d\u00e9ploy\u00e9 sur le terrain. Mais l'annonce de la fin de vie, l'an dernier, des processeurs Pentium M et Celeron M a sembl\u00e9, dans un premier temps, sonner le glas pour l'ETX. Mais avec sa nouvelle g\u00e9n\u00e9ration de processeurs embarqu\u00e9s : la gamme Fusion, AMD redonne un futur \u00e0 cette technologie. Ainsi le format ETX est de nouveau une alternative cr\u00e9dible et \u00e9conomique pour r\u00e9pondre aux besoins croissants en termes de calcul ou de traitement graphique en environnement embarqu\u00e9 non ventil\u00e9. Congatec a \u00e9t\u00e9 le premier fabricant de modules COM \u00e0 int\u00e9grer cette architecture r\u00e9volutionnaire dans ses produits ETX, XTX et COM-Express. Gr\u00e2ce \u00e0 cette nouvelle architecture, le facteur de forme ETX\/XTX continue sa carri\u00e8re en r\u00e9pondant aux besoins actuels et \u00e0 venir.","og_url":"https:\/\/www.ecinews.fr\/fr\/wp-json\/wp\/v2\/white_papers\/27013\/","og_site_name":"EENewsEurope","article_modified_time":"2022-01-26T15:21:02+00:00","og_image":[{"width":2560,"height":1920,"url":"https:\/\/www.eenewseurope.com\/wp-content\/uploads\/import\/default\/files\/import\/eci2295_tokhatec-auteur-.jpg","type":"image\/jpeg"}],"twitter_card":"summary_large_image","schema":{"@context":"https:\/\/schema.org","@graph":[{"@type":"WebPage","@id":"https:\/\/www.eenewseurope.com\/fr\/white_papers\/un-nouvel-elan-pour-les-modules-processeur-embarques\/","url":"https:\/\/www.eenewseurope.com\/fr\/white_papers\/un-nouvel-elan-pour-les-modules-processeur-embarques\/","name":"Un nouvel \u00e9lan pour les modules processeur embarqu\u00e9s -","isPartOf":{"@id":"https:\/\/www.eenewseurope.com\/en\/#website"},"datePublished":"2011-09-05T22:00:00+00:00","dateModified":"2022-01-26T15:21:02+00:00","breadcrumb":{"@id":"https:\/\/www.eenewseurope.com\/fr\/white_papers\/un-nouvel-elan-pour-les-modules-processeur-embarques\/#breadcrumb"},"inLanguage":"fr-FR","potentialAction":[{"@type":"ReadAction","target":["https:\/\/www.eenewseurope.com\/fr\/white_papers\/un-nouvel-elan-pour-les-modules-processeur-embarques\/"]}]},{"@type":"BreadcrumbList","@id":"https:\/\/www.eenewseurope.com\/fr\/white_papers\/un-nouvel-elan-pour-les-modules-processeur-embarques\/#breadcrumb","itemListElement":[{"@type":"ListItem","position":1,"name":"Home","item":"https:\/\/www.ecinews.fr\/fr\/"},{"@type":"ListItem","position":2,"name":"Un nouvel \u00e9lan pour les modules processeur embarqu\u00e9s"}]},{"@type":"WebSite","@id":"https:\/\/www.eenewseurope.com\/en\/#website","url":"https:\/\/www.eenewseurope.com\/en\/","name":"EENewsEurope","description":"Just another WordPress site","publisher":{"@id":"https:\/\/www.eenewseurope.com\/en\/#organization"},"potentialAction":[{"@type":"SearchAction","target":{"@type":"EntryPoint","urlTemplate":"https:\/\/www.eenewseurope.com\/en\/?s={search_term_string}"},"query-input":"required name=search_term_string"}],"inLanguage":"fr-FR"},{"@type":"Organization","@id":"https:\/\/www.eenewseurope.com\/en\/#organization","name":"EENewsEurope","url":"https:\/\/www.eenewseurope.com\/en\/","logo":{"@type":"ImageObject","inLanguage":"fr-FR","@id":"https:\/\/www.eenewseurope.com\/en\/#\/schema\/logo\/image\/","url":"https:\/\/www.ecinews.fr\/wp-content\/uploads\/2022\/02\/logo-1.jpg","contentUrl":"https:\/\/www.ecinews.fr\/wp-content\/uploads\/2022\/02\/logo-1.jpg","width":283,"height":113,"caption":"EENewsEurope"},"image":{"@id":"https:\/\/www.eenewseurope.com\/en\/#\/schema\/logo\/image\/"}}]}},"_links":{"self":[{"href":"https:\/\/www.ecinews.fr\/fr\/wp-json\/wp\/v2\/white_papers\/27013"}],"collection":[{"href":"https:\/\/www.ecinews.fr\/fr\/wp-json\/wp\/v2\/white_papers"}],"about":[{"href":"https:\/\/www.ecinews.fr\/fr\/wp-json\/wp\/v2\/types\/white_papers"}],"wp:featuredmedia":[{"embeddable":true,"href":"https:\/\/www.ecinews.fr\/fr\/wp-json\/wp\/v2\/media\/27015"}],"wp:attachment":[{"href":"https:\/\/www.ecinews.fr\/fr\/wp-json\/wp\/v2\/media?parent=27013"}],"wp:term":[{"taxonomy":"post_tag","embeddable":true,"href":"https:\/\/www.ecinews.fr\/fr\/wp-json\/wp\/v2\/tags?post=27013"},{"taxonomy":"company","embeddable":true,"href":"https:\/\/www.ecinews.fr\/fr\/wp-json\/wp\/v2\/company?post=27013"},{"taxonomy":"wp_category","embeddable":true,"href":"https:\/\/www.ecinews.fr\/fr\/wp-json\/wp\/v2\/wp_category?post=27013"},{"taxonomy":"author","embeddable":true,"href":"https:\/\/www.ecinews.fr\/fr\/wp-json\/wp\/v2\/ppma_author?post=27013"}],"curies":[{"name":"wp","href":"https:\/\/api.w.org\/{rel}","templated":true}]}}

Un nouvel élan pour les modules processeur embarqués

<p>Le format ETX est aujourd&rsquo;hui le format de module embarqué le plus déployé sur le terrain. Mais l&rsquo;annonce de la fin de vie, l&rsquo;an dernier, des processeurs Pentium M et Celeron M a semblé, dans un premier temps, sonner le glas pour l&rsquo;ETX. Mais avec sa nouvelle génération de processeurs embarqués : la gamme Fusion, AMD redonne un futur à cette technologie. Ainsi le format ETX est de nouveau une alternative crédible et économique pour répondre aux besoins croissants en termes de calcul ou de traitement graphique en environnement embarqué non ventilé. Congatec a été le premier fabricant de modules COM à intégrer cette architecture révolutionnaire dans ses produits ETX, XTX et COM-Express. Grâce à cette nouvelle architecture, le facteur de forme ETX/XTX continue sa carrière en répondant aux besoins actuels et à venir.</p>

<title>Un nouvel élan pour les modules processeur embarqués ...</title>
<meta name="description" content="Le format ETX est aujourd&#039;hui le format de module embarqué le plus déployé sur le terrain. Mais l&#039;annonce de la fin de vie, l&#039;an dernier, des processeurs..." />
<meta name="robots" content="index, follow, max-snippet:-1, max-image-preview:large, max-video-preview:-1" />
<link rel="canonical" href="https://www.ecinews.fr/fr/wp-json/wp/v2/white_papers/27013/" />
<meta property="og:locale" content="fr_FR" />
<meta property="og:type" content="article" />
<meta property="og:title" content="Un nouvel élan pour les modules processeur embarqués" />
<meta property="og:description" content="Le format ETX est aujourd&#039;hui le format de module embarqué le plus déployé sur le terrain. Mais l&#039;annonce de la fin de vie, l&#039;an dernier, des processeurs Pentium M et Celeron M a semblé, dans un premier temps, sonner le glas pour l&#039;ETX. Mais avec sa nouvelle génération de processeurs embarqués : la gamme Fusion, AMD redonne un futur à cette technologie. Ainsi le format ETX est de nouveau une alternative crédible et économique pour répondre aux besoins croissants en termes de calcul ou de traitement graphique en environnement embarqué non ventilé. Congatec a été le premier fabricant de modules COM à intégrer cette architecture révolutionnaire dans ses produits ETX, XTX et COM-Express. Grâce à cette nouvelle architecture, le facteur de forme ETX/XTX continue sa carrière en répondant aux besoins actuels et à venir." />
<meta property="og:url" content="https://www.ecinews.fr/fr/wp-json/wp/v2/white_papers/27013/" />
<meta property="og:site_name" content="EENewsEurope" />
<meta property="article:modified_time" content="2022-01-26T15:21:02+00:00" />
<meta property="og:image" content="https://www.eenewseurope.com/wp-content/uploads/import/default/files/import/eci2295_tokhatec-auteur-.jpg" />
	<meta property="og:image:width" content="2560" />
	<meta property="og:image:height" content="1920" />
	<meta property="og:image:type" content="image/jpeg" />
<meta name="twitter:card" content="summary_large_image" />
<script type="application/ld+json" class="yoast-schema-graph">{"@context":"https://schema.org","@graph":[{"@type":"WebPage","@id":"https://www.eenewseurope.com/fr/white_papers/un-nouvel-elan-pour-les-modules-processeur-embarques/","url":"https://www.eenewseurope.com/fr/white_papers/un-nouvel-elan-pour-les-modules-processeur-embarques/","name":"Un nouvel élan pour les modules processeur embarqués -","isPartOf":{"@id":"https://www.eenewseurope.com/en/#website"},"datePublished":"2011-09-05T22:00:00+00:00","dateModified":"2022-01-26T15:21:02+00:00","breadcrumb":{"@id":"https://www.eenewseurope.com/fr/white_papers/un-nouvel-elan-pour-les-modules-processeur-embarques/#breadcrumb"},"inLanguage":"fr-FR","potentialAction":[{"@type":"ReadAction","target":["https://www.eenewseurope.com/fr/white_papers/un-nouvel-elan-pour-les-modules-processeur-embarques/"]}]},{"@type":"BreadcrumbList","@id":"https://www.eenewseurope.com/fr/white_papers/un-nouvel-elan-pour-les-modules-processeur-embarques/#breadcrumb","itemListElement":[{"@type":"ListItem","position":1,"name":"Home","item":"https://www.ecinews.fr/fr/"},{"@type":"ListItem","position":2,"name":"Un nouvel élan pour les modules processeur embarqués"}]},{"@type":"WebSite","@id":"https://www.eenewseurope.com/en/#website","url":"https://www.eenewseurope.com/en/","name":"EENewsEurope","description":"Just another WordPress site","publisher":{"@id":"https://www.eenewseurope.com/en/#organization"},"potentialAction":[{"@type":"SearchAction","target":{"@type":"EntryPoint","urlTemplate":"https://www.eenewseurope.com/en/?s={search_term_string}"},"query-input":"required name=search_term_string"}],"inLanguage":"fr-FR"},{"@type":"Organization","@id":"https://www.eenewseurope.com/en/#organization","name":"EENewsEurope","url":"https://www.eenewseurope.com/en/","logo":{"@type":"ImageObject","inLanguage":"fr-FR","@id":"https://www.eenewseurope.com/en/#/schema/logo/image/","url":"https://www.ecinews.fr/wp-content/uploads/2022/02/logo-1.jpg","contentUrl":"https://www.ecinews.fr/wp-content/uploads/2022/02/logo-1.jpg","width":283,"height":113,"caption":"EENewsEurope"},"image":{"@id":"https://www.eenewseurope.com/en/#/schema/logo/image/"}}]}</script>

Un nouvel élan pour les modules processeur embarqués ...

Le format ETX est aujourd'hui le format de module embarqué le plus déployé sur le terrain. Mais l'annonce de la fin de vie, l'an dernier, des processeurs...

Le format ETX est aujourd'hui le format de module embarqué le plus déployé sur le terrain. Mais l'annonce de la fin de vie, l'an dernier, des processeurs Pentium M et Celeron M a semblé, dans un premier temps, sonner le glas pour l'ETX. Mais avec sa nouvelle génération de processeurs embarqués : la gamme Fusion, AMD redonne un futur à cette technologie. Ainsi le format ETX est de nouveau une alternative crédible et économique pour répondre aux besoins croissants en termes de calcul ou de traitement graphique en environnement embarqué non ventilé. Congatec a été le premier fabricant de modules COM à intégrer cette architecture révolutionnaire dans ses produits ETX, XTX et COM-Express. Grâce à cette nouvelle architecture, le facteur de forme ETX/XTX continue sa carrière en répondant aux besoins actuels et à venir.

Un nouvel élan pour les modules processeur embarqués -
