{"id":22598,"date":"2016-07-22T17:40:00","date_gmt":"2016-07-22T17:40:00","guid":{"rendered":"https:\/\/\/white_papers\/notions-de-base-pour-la-mesure-de-la-puissance-moyenne-ou-crete\/"},"modified":"2022-01-26T15:12:50","modified_gmt":"2022-01-26T15:12:50","slug":"notions-de-base-pour-la-mesure-de-la-puissance-moyenne-ou-crete","status":"publish","type":"white_papers","link":"https:\/\/www.ecinews.fr\/fr\/white_papers\/notions-de-base-pour-la-mesure-de-la-puissance-moyenne-ou-crete\/","title":{"rendered":"Notions de base pour la mesure de la puissance moyenne ou cr\u00eate"},"content":{"rendered":"","protected":false},"excerpt":{"rendered":"<p>C\u2019est l\u2019histoire d\u2019un capteur de puissance qui entre dans un bar. Le barman lui dit : \u00ab \u00c7a tombe bien que vous soyez l\u00e0. J\u2019ai besoin de prendre une mesure. Avez-vous les moyens de m\u2019aider ? \u00bb Et le capteur r\u00e9pond : \u00ab Non. Je suis d\u00e9sol\u00e9. Moi, je suis un capteur de puissance de cr\u00eate. \u00bb Ta-da !  Vous avez compris ?  \u00ab Avoir les moyens \u00bb et la \u00ab puissance moyenne \u00bb, mais ce n\u2019est qu\u2019un capteur de puissance cr\u00eate\u2026? D\u2019accord, je reconnais que ce n\u2019est pas la meilleure blague qui soit, mais \u00e0 la fin de cet article, j\u2019esp\u00e8re qu&rsquo;au moins vous la comprendrez.<br \/>\nLors de la r\u00e9alisation d&rsquo;un syst\u00e8me de test, il est capital de savoir quels types de mesures vous voulez r\u00e9aliser afin de pouvoir choisir le bon \u00e9quipement. Dans le monde de la mesure de la puissance, on peut facilement se perdre parmi les diff\u00e9rents types de capteurs et leurs capacit\u00e9s de mesures variables. Une \u00e9tude de quelques uns des termes utilis\u00e9s peut aider \u00e0 op\u00e9rer le bon choix.<\/p>\n","protected":false},"featured_media":22600,"template":"","tags":[],"company":[],"wp_category":[],"ppma_author":[],"class_list":["post-22598","white_papers","type-white_papers","status-publish","has-post-thumbnail","hentry"],"acf":[],"yoast_head":"<title>Notions de base pour la mesure de la puissance moyenne ou cr\u00eate ...<\/title>\n<meta name=\"description\" content=\"C\u2019est l\u2019histoire d\u2019un capteur de puissance qui entre dans un bar. Le barman lui dit : \u00ab \u00c7a tombe bien que vous soyez l\u00e0. J\u2019ai besoin de prendre...\" \/>\n<meta name=\"robots\" content=\"index, follow, max-snippet:-1, max-image-preview:large, max-video-preview:-1\" \/>\n<link rel=\"canonical\" href=\"https:\/\/www.ecinews.fr\/fr\/wp-json\/wp\/v2\/white_papers\/22598\/\" \/>\n<meta property=\"og:locale\" content=\"fr_FR\" \/>\n<meta property=\"og:type\" content=\"article\" \/>\n<meta property=\"og:title\" content=\"Notions de base pour la mesure de la puissance moyenne ou cr\u00eate\" \/>\n<meta property=\"og:description\" content=\"C\u2019est l\u2019histoire d\u2019un capteur de puissance qui entre dans un bar. Le barman lui dit : \u00ab \u00c7a tombe bien que vous soyez l\u00e0. J\u2019ai besoin de prendre une mesure. Avez-vous les moyens de m\u2019aider ? \u00bb Et le capteur r\u00e9pond : \u00ab Non. Je suis d\u00e9sol\u00e9. Moi, je suis un capteur de puissance de cr\u00eate. \u00bb Ta-da ! Vous avez compris ? \u00ab Avoir les moyens \u00bb et la \u00ab puissance moyenne \u00bb, mais ce n\u2019est qu\u2019un capteur de puissance cr\u00eate\u2026? D\u2019accord, je reconnais que ce n\u2019est pas la meilleure blague qui soit, mais \u00e0 la fin de cet article, j\u2019esp\u00e8re qu&#039;au moins vous la comprendrez.  Lors de la r\u00e9alisation d&#039;un syst\u00e8me de test, il est capital de savoir quels types de mesures vous voulez r\u00e9aliser afin de pouvoir choisir le bon \u00e9quipement. Dans le monde de la mesure de la puissance, on peut facilement se perdre parmi les diff\u00e9rents types de capteurs et leurs capacit\u00e9s de mesures variables. Une \u00e9tude de quelques uns des termes utilis\u00e9s peut aider \u00e0 op\u00e9rer le bon choix.\" \/>\n<meta property=\"og:url\" content=\"https:\/\/www.ecinews.fr\/fr\/wp-json\/wp\/v2\/white_papers\/22598\/\" \/>\n<meta property=\"og:site_name\" content=\"EENewsEurope\" \/>\n<meta property=\"article:modified_time\" content=\"2022-01-26T15:12:50+00:00\" \/>\n<meta property=\"og:image\" content=\"https:\/\/test.ecinews.fr\/wp-content\/uploads\/import\/default\/files\/eci5053_anritsu.jpg\" \/>\n\t<meta property=\"og:image:width\" content=\"1476\" \/>\n\t<meta property=\"og:image:height\" content=\"610\" \/>\n\t<meta property=\"og:image:type\" content=\"image\/jpeg\" \/>\n<meta name=\"twitter:card\" content=\"summary_large_image\" \/>\n<script type=\"application\/ld+json\" class=\"yoast-schema-graph\">{\"@context\":\"https:\/\/schema.org\",\"@graph\":[{\"@type\":\"WebPage\",\"@id\":\"https:\/\/test.ecinews.fr\/fr\/white_papers\/notions-de-base-pour-la-mesure-de-la-puissance-moyenne-ou-crete\/\",\"url\":\"https:\/\/test.ecinews.fr\/fr\/white_papers\/notions-de-base-pour-la-mesure-de-la-puissance-moyenne-ou-crete\/\",\"name\":\"Notions de base pour la mesure de la puissance moyenne ou cr\u00eate -\",\"isPartOf\":{\"@id\":\"https:\/\/www.eenewseurope.com\/en\/#website\"},\"datePublished\":\"2016-07-22T17:40:00+00:00\",\"dateModified\":\"2022-01-26T15:12:50+00:00\",\"breadcrumb\":{\"@id\":\"https:\/\/test.ecinews.fr\/fr\/white_papers\/notions-de-base-pour-la-mesure-de-la-puissance-moyenne-ou-crete\/#breadcrumb\"},\"inLanguage\":\"fr-FR\",\"potentialAction\":[{\"@type\":\"ReadAction\",\"target\":[\"https:\/\/test.ecinews.fr\/fr\/white_papers\/notions-de-base-pour-la-mesure-de-la-puissance-moyenne-ou-crete\/\"]}]},{\"@type\":\"BreadcrumbList\",\"@id\":\"https:\/\/test.ecinews.fr\/fr\/white_papers\/notions-de-base-pour-la-mesure-de-la-puissance-moyenne-ou-crete\/#breadcrumb\",\"itemListElement\":[{\"@type\":\"ListItem\",\"position\":1,\"name\":\"Home\",\"item\":\"https:\/\/www.ecinews.fr\/fr\/\"},{\"@type\":\"ListItem\",\"position\":2,\"name\":\"Notions de base pour la mesure de la puissance moyenne ou cr\u00eate\"}]},{\"@type\":\"WebSite\",\"@id\":\"https:\/\/www.eenewseurope.com\/en\/#website\",\"url\":\"https:\/\/www.eenewseurope.com\/en\/\",\"name\":\"EENewsEurope\",\"description\":\"Just another WordPress site\",\"publisher\":{\"@id\":\"https:\/\/www.eenewseurope.com\/en\/#organization\"},\"potentialAction\":[{\"@type\":\"SearchAction\",\"target\":{\"@type\":\"EntryPoint\",\"urlTemplate\":\"https:\/\/www.eenewseurope.com\/en\/?s={search_term_string}\"},\"query-input\":\"required name=search_term_string\"}],\"inLanguage\":\"fr-FR\"},{\"@type\":\"Organization\",\"@id\":\"https:\/\/www.eenewseurope.com\/en\/#organization\",\"name\":\"EENewsEurope\",\"url\":\"https:\/\/www.eenewseurope.com\/en\/\",\"logo\":{\"@type\":\"ImageObject\",\"inLanguage\":\"fr-FR\",\"@id\":\"https:\/\/www.eenewseurope.com\/en\/#\/schema\/logo\/image\/\",\"url\":\"https:\/\/www.ecinews.fr\/wp-content\/uploads\/2022\/02\/logo-1.jpg\",\"contentUrl\":\"https:\/\/www.ecinews.fr\/wp-content\/uploads\/2022\/02\/logo-1.jpg\",\"width\":283,\"height\":113,\"caption\":\"EENewsEurope\"},\"image\":{\"@id\":\"https:\/\/www.eenewseurope.com\/en\/#\/schema\/logo\/image\/\"}}]}<\/script>","yoast_head_json":{"title":"Notions de base pour la mesure de la puissance moyenne ou cr\u00eate ...","description":"C\u2019est l\u2019histoire d\u2019un capteur de puissance qui entre dans un bar. Le barman lui dit : \u00ab \u00c7a tombe bien que vous soyez l\u00e0. J\u2019ai besoin de prendre...","robots":{"index":"index","follow":"follow","max-snippet":"max-snippet:-1","max-image-preview":"max-image-preview:large","max-video-preview":"max-video-preview:-1"},"canonical":"https:\/\/www.ecinews.fr\/fr\/wp-json\/wp\/v2\/white_papers\/22598\/","og_locale":"fr_FR","og_type":"article","og_title":"Notions de base pour la mesure de la puissance moyenne ou cr\u00eate","og_description":"C\u2019est l\u2019histoire d\u2019un capteur de puissance qui entre dans un bar. Le barman lui dit : \u00ab \u00c7a tombe bien que vous soyez l\u00e0. J\u2019ai besoin de prendre une mesure. Avez-vous les moyens de m\u2019aider ? \u00bb Et le capteur r\u00e9pond : \u00ab Non. Je suis d\u00e9sol\u00e9. Moi, je suis un capteur de puissance de cr\u00eate. \u00bb Ta-da ! Vous avez compris ? \u00ab Avoir les moyens \u00bb et la \u00ab puissance moyenne \u00bb, mais ce n\u2019est qu\u2019un capteur de puissance cr\u00eate\u2026? D\u2019accord, je reconnais que ce n\u2019est pas la meilleure blague qui soit, mais \u00e0 la fin de cet article, j\u2019esp\u00e8re qu'au moins vous la comprendrez.  Lors de la r\u00e9alisation d'un syst\u00e8me de test, il est capital de savoir quels types de mesures vous voulez r\u00e9aliser afin de pouvoir choisir le bon \u00e9quipement. Dans le monde de la mesure de la puissance, on peut facilement se perdre parmi les diff\u00e9rents types de capteurs et leurs capacit\u00e9s de mesures variables. Une \u00e9tude de quelques uns des termes utilis\u00e9s peut aider \u00e0 op\u00e9rer le bon choix.","og_url":"https:\/\/www.ecinews.fr\/fr\/wp-json\/wp\/v2\/white_papers\/22598\/","og_site_name":"EENewsEurope","article_modified_time":"2022-01-26T15:12:50+00:00","og_image":[{"width":1476,"height":610,"url":"https:\/\/test.ecinews.fr\/wp-content\/uploads\/import\/default\/files\/eci5053_anritsu.jpg","type":"image\/jpeg"}],"twitter_card":"summary_large_image","schema":{"@context":"https:\/\/schema.org","@graph":[{"@type":"WebPage","@id":"https:\/\/test.ecinews.fr\/fr\/white_papers\/notions-de-base-pour-la-mesure-de-la-puissance-moyenne-ou-crete\/","url":"https:\/\/test.ecinews.fr\/fr\/white_papers\/notions-de-base-pour-la-mesure-de-la-puissance-moyenne-ou-crete\/","name":"Notions de base pour la mesure de la puissance moyenne ou cr\u00eate -","isPartOf":{"@id":"https:\/\/www.eenewseurope.com\/en\/#website"},"datePublished":"2016-07-22T17:40:00+00:00","dateModified":"2022-01-26T15:12:50+00:00","breadcrumb":{"@id":"https:\/\/test.ecinews.fr\/fr\/white_papers\/notions-de-base-pour-la-mesure-de-la-puissance-moyenne-ou-crete\/#breadcrumb"},"inLanguage":"fr-FR","potentialAction":[{"@type":"ReadAction","target":["https:\/\/test.ecinews.fr\/fr\/white_papers\/notions-de-base-pour-la-mesure-de-la-puissance-moyenne-ou-crete\/"]}]},{"@type":"BreadcrumbList","@id":"https:\/\/test.ecinews.fr\/fr\/white_papers\/notions-de-base-pour-la-mesure-de-la-puissance-moyenne-ou-crete\/#breadcrumb","itemListElement":[{"@type":"ListItem","position":1,"name":"Home","item":"https:\/\/www.ecinews.fr\/fr\/"},{"@type":"ListItem","position":2,"name":"Notions de base pour la mesure de la puissance moyenne ou cr\u00eate"}]},{"@type":"WebSite","@id":"https:\/\/www.eenewseurope.com\/en\/#website","url":"https:\/\/www.eenewseurope.com\/en\/","name":"EENewsEurope","description":"Just another WordPress site","publisher":{"@id":"https:\/\/www.eenewseurope.com\/en\/#organization"},"potentialAction":[{"@type":"SearchAction","target":{"@type":"EntryPoint","urlTemplate":"https:\/\/www.eenewseurope.com\/en\/?s={search_term_string}"},"query-input":"required name=search_term_string"}],"inLanguage":"fr-FR"},{"@type":"Organization","@id":"https:\/\/www.eenewseurope.com\/en\/#organization","name":"EENewsEurope","url":"https:\/\/www.eenewseurope.com\/en\/","logo":{"@type":"ImageObject","inLanguage":"fr-FR","@id":"https:\/\/www.eenewseurope.com\/en\/#\/schema\/logo\/image\/","url":"https:\/\/www.ecinews.fr\/wp-content\/uploads\/2022\/02\/logo-1.jpg","contentUrl":"https:\/\/www.ecinews.fr\/wp-content\/uploads\/2022\/02\/logo-1.jpg","width":283,"height":113,"caption":"EENewsEurope"},"image":{"@id":"https:\/\/www.eenewseurope.com\/en\/#\/schema\/logo\/image\/"}}]}},"_links":{"self":[{"href":"https:\/\/www.ecinews.fr\/fr\/wp-json\/wp\/v2\/white_papers\/22598"}],"collection":[{"href":"https:\/\/www.ecinews.fr\/fr\/wp-json\/wp\/v2\/white_papers"}],"about":[{"href":"https:\/\/www.ecinews.fr\/fr\/wp-json\/wp\/v2\/types\/white_papers"}],"wp:featuredmedia":[{"embeddable":true,"href":"https:\/\/www.ecinews.fr\/fr\/wp-json\/wp\/v2\/media\/22600"}],"wp:attachment":[{"href":"https:\/\/www.ecinews.fr\/fr\/wp-json\/wp\/v2\/media?parent=22598"}],"wp:term":[{"taxonomy":"post_tag","embeddable":true,"href":"https:\/\/www.ecinews.fr\/fr\/wp-json\/wp\/v2\/tags?post=22598"},{"taxonomy":"company","embeddable":true,"href":"https:\/\/www.ecinews.fr\/fr\/wp-json\/wp\/v2\/company?post=22598"},{"taxonomy":"wp_category","embeddable":true,"href":"https:\/\/www.ecinews.fr\/fr\/wp-json\/wp\/v2\/wp_category?post=22598"},{"taxonomy":"author","embeddable":true,"href":"https:\/\/www.ecinews.fr\/fr\/wp-json\/wp\/v2\/ppma_author?post=22598"}],"curies":[{"name":"wp","href":"https:\/\/api.w.org\/{rel}","templated":true}]}}

Notions de base pour la mesure de la puissance moyenne ou crête

<p>C’est l’histoire d’un capteur de puissance qui entre dans un bar. Le barman lui dit : « Ça tombe bien que vous soyez là. J’ai besoin de prendre une mesure. Avez-vous les moyens de m’aider ? » Et le capteur répond : « Non. Je suis désolé. Moi, je suis un capteur de puissance de crête. » Ta-da !  Vous avez compris ?  « Avoir les moyens » et la « puissance moyenne », mais ce n’est qu’un capteur de puissance crête…? D’accord, je reconnais que ce n’est pas la meilleure blague qui soit, mais à la fin de cet article, j’espère qu&rsquo;au moins vous la comprendrez.<br />
Lors de la réalisation d&rsquo;un système de test, il est capital de savoir quels types de mesures vous voulez réaliser afin de pouvoir choisir le bon équipement. Dans le monde de la mesure de la puissance, on peut facilement se perdre parmi les différents types de capteurs et leurs capacités de mesures variables. Une étude de quelques uns des termes utilisés peut aider à opérer le bon choix.</p>

<title>Notions de base pour la mesure de la puissance moyenne ou crête ...</title>
<meta name="description" content="C’est l’histoire d’un capteur de puissance qui entre dans un bar. Le barman lui dit : « Ça tombe bien que vous soyez là. J’ai besoin de prendre..." />
<meta name="robots" content="index, follow, max-snippet:-1, max-image-preview:large, max-video-preview:-1" />
<link rel="canonical" href="https://www.ecinews.fr/fr/wp-json/wp/v2/white_papers/22598/" />
<meta property="og:locale" content="fr_FR" />
<meta property="og:type" content="article" />
<meta property="og:title" content="Notions de base pour la mesure de la puissance moyenne ou crête" />
<meta property="og:description" content="C’est l’histoire d’un capteur de puissance qui entre dans un bar. Le barman lui dit : « Ça tombe bien que vous soyez là. J’ai besoin de prendre une mesure. Avez-vous les moyens de m’aider ? » Et le capteur répond : « Non. Je suis désolé. Moi, je suis un capteur de puissance de crête. » Ta-da ! Vous avez compris ? « Avoir les moyens » et la « puissance moyenne », mais ce n’est qu’un capteur de puissance crête…? D’accord, je reconnais que ce n’est pas la meilleure blague qui soit, mais à la fin de cet article, j’espère qu&#039;au moins vous la comprendrez.  Lors de la réalisation d&#039;un système de test, il est capital de savoir quels types de mesures vous voulez réaliser afin de pouvoir choisir le bon équipement. Dans le monde de la mesure de la puissance, on peut facilement se perdre parmi les différents types de capteurs et leurs capacités de mesures variables. Une étude de quelques uns des termes utilisés peut aider à opérer le bon choix." />
<meta property="og:url" content="https://www.ecinews.fr/fr/wp-json/wp/v2/white_papers/22598/" />
<meta property="og:site_name" content="EENewsEurope" />
<meta property="article:modified_time" content="2022-01-26T15:12:50+00:00" />
<meta property="og:image" content="https://test.ecinews.fr/wp-content/uploads/import/default/files/eci5053_anritsu.jpg" />
	<meta property="og:image:width" content="1476" />
	<meta property="og:image:height" content="610" />
	<meta property="og:image:type" content="image/jpeg" />
<meta name="twitter:card" content="summary_large_image" />
<script type="application/ld+json" class="yoast-schema-graph">{"@context":"https://schema.org","@graph":[{"@type":"WebPage","@id":"https://test.ecinews.fr/fr/white_papers/notions-de-base-pour-la-mesure-de-la-puissance-moyenne-ou-crete/","url":"https://test.ecinews.fr/fr/white_papers/notions-de-base-pour-la-mesure-de-la-puissance-moyenne-ou-crete/","name":"Notions de base pour la mesure de la puissance moyenne ou crête -","isPartOf":{"@id":"https://www.eenewseurope.com/en/#website"},"datePublished":"2016-07-22T17:40:00+00:00","dateModified":"2022-01-26T15:12:50+00:00","breadcrumb":{"@id":"https://test.ecinews.fr/fr/white_papers/notions-de-base-pour-la-mesure-de-la-puissance-moyenne-ou-crete/#breadcrumb"},"inLanguage":"fr-FR","potentialAction":[{"@type":"ReadAction","target":["https://test.ecinews.fr/fr/white_papers/notions-de-base-pour-la-mesure-de-la-puissance-moyenne-ou-crete/"]}]},{"@type":"BreadcrumbList","@id":"https://test.ecinews.fr/fr/white_papers/notions-de-base-pour-la-mesure-de-la-puissance-moyenne-ou-crete/#breadcrumb","itemListElement":[{"@type":"ListItem","position":1,"name":"Home","item":"https://www.ecinews.fr/fr/"},{"@type":"ListItem","position":2,"name":"Notions de base pour la mesure de la puissance moyenne ou crête"}]},{"@type":"WebSite","@id":"https://www.eenewseurope.com/en/#website","url":"https://www.eenewseurope.com/en/","name":"EENewsEurope","description":"Just another WordPress site","publisher":{"@id":"https://www.eenewseurope.com/en/#organization"},"potentialAction":[{"@type":"SearchAction","target":{"@type":"EntryPoint","urlTemplate":"https://www.eenewseurope.com/en/?s={search_term_string}"},"query-input":"required name=search_term_string"}],"inLanguage":"fr-FR"},{"@type":"Organization","@id":"https://www.eenewseurope.com/en/#organization","name":"EENewsEurope","url":"https://www.eenewseurope.com/en/","logo":{"@type":"ImageObject","inLanguage":"fr-FR","@id":"https://www.eenewseurope.com/en/#/schema/logo/image/","url":"https://www.ecinews.fr/wp-content/uploads/2022/02/logo-1.jpg","contentUrl":"https://www.ecinews.fr/wp-content/uploads/2022/02/logo-1.jpg","width":283,"height":113,"caption":"EENewsEurope"},"image":{"@id":"https://www.eenewseurope.com/en/#/schema/logo/image/"}}]}</script>

Notions de base pour la mesure de la puissance moyenne ou crête ...

C’est l’histoire d’un capteur de puissance qui entre dans un bar. Le barman lui dit : « Ça tombe bien que vous soyez là. J’ai besoin de prendre...

C’est l’histoire d’un capteur de puissance qui entre dans un bar. Le barman lui dit : « Ça tombe bien que vous soyez là. J’ai besoin de prendre une mesure. Avez-vous les moyens de m’aider ? » Et le capteur répond : « Non. Je suis désolé. Moi, je suis un capteur de puissance de crête. » Ta-da ! Vous avez compris ? « Avoir les moyens » et la « puissance moyenne », mais ce n’est qu’un capteur de puissance crête…? D’accord, je reconnais que ce n’est pas la meilleure blague qui soit, mais à la fin de cet article, j’espère qu'au moins vous la comprendrez.  Lors de la réalisation d'un système de test, il est capital de savoir quels types de mesures vous voulez réaliser afin de pouvoir choisir le bon équipement. Dans le monde de la mesure de la puissance, on peut facilement se perdre parmi les différents types de capteurs et leurs capacités de mesures variables. Une étude de quelques uns des termes utilisés peut aider à opérer le bon choix.

Notions de base pour la mesure de la puissance moyenne ou crête -
