{"id":426239,"date":"2023-07-04T12:45:04","date_gmt":"2023-07-04T10:45:04","guid":{"rendered":"https:\/\/www.eenewseurope.com\/?post_type=event&#038;p=426239"},"modified":"2023-07-04T12:46:07","modified_gmt":"2023-07-04T10:46:07","slug":"analyse-industrielle-3-4-avril-2024","status":"publish","type":"event","link":"https:\/\/www.ecinews.fr\/fr\/event\/analyse-industrielle-3-4-avril-2024\/","title":{"rendered":"Analyse Industrielle 3 &#038; 4 avril 2024"},"content":{"rendered":"<h3><span style=\"font-size: 16px;\">Le salon des solutions en analyse, instrumentation et process industriels se tiendra \u00e0 Paris Porte Champerret les 3 &amp; 4 avril 2024<\/span><\/h3>\n<div class=\"field field-name-field-header field-type-text-long field-label-hidden\">\n<div class=\"field-items\">Les fabricants d\u2019analyseurs, de d\u00e9tecteurs industriels dans les domaines du gaz, du p\u00e9trole, des fluides et de l\u2019air et autres fournisseurs d\u2019instruments de process seront pr\u00e9sents.<\/div>\n<\/div>\n<div class=\"field field-name-body field-type-text-with-summary field-label-hidden\">\n<div class=\"field-items\">\n<div class=\"field-item even\">\n<p>Entre l\u2019exposition, les conf\u00e9rences techniques et les ateliers, cette nouvelle \u00e9dition du salon Analyse industrielle ne manquera pas d\u2019\u00eatre le th\u00e9\u00e2tre d\u2019\u00e9changes commerciaux et de pr\u00e9sentation des derni\u00e8res nouveaut\u00e9s, pour les acteurs du secteur (industriels, fabricants et distributeurs, int\u00e9grateurs, prestataires de services\u2026)<\/p>\n<p><a href=\"https:\/\/www.analyse-industrielle.fr\/\">Analyse Industrielle<\/a><\/p>\n<\/div>\n<\/div>\n<\/div>\n<p>&nbsp;<\/p>\n","protected":false},"excerpt":{"rendered":"<p>Le salon des solutions en analyse, instrumentation et process industriels se tiendra \u00e0 Paris Porte Champerret les 3 &#038; 4 avril 2024<\/p>\n","protected":false},"featured_media":426258,"template":"","tags":[3980,3699,3981,1587],"categories_event":[],"domains":[47],"ppma_author":[1143],"class_list":["post-426239","event","type-event","status-publish","has-post-thumbnail","hentry","tag-analyse-industrielle","tag-capteurs-fr","tag-detecteurs","tag-instrumentation","domains-electronique-eci"],"acf":[],"yoast_head":"<title>Analyse Industrielle 3 &amp; 4 avril 2024 ...<\/title>\n<meta name=\"description\" content=\"Le salon des solutions en analyse, instrumentation et process industriels se tiendra \u00e0 Paris Porte Champerret les 3 &amp; 4 avril 2024\" \/>\n<meta name=\"robots\" content=\"index, follow, max-snippet:-1, max-image-preview:large, max-video-preview:-1\" \/>\n<link rel=\"canonical\" href=\"https:\/\/www.ecinews.fr\/fr\/wp-json\/wp\/v2\/event\/426239\/\" \/>\n<meta property=\"og:locale\" content=\"fr_FR\" \/>\n<meta property=\"og:type\" content=\"article\" \/>\n<meta property=\"og:title\" content=\"Analyse Industrielle 3 &amp; 4 avril 2024\" \/>\n<meta property=\"og:description\" content=\"Le salon des solutions en analyse, instrumentation et process industriels se tiendra \u00e0 Paris Porte Champerret les 3 &amp; 4 avril 2024\" \/>\n<meta property=\"og:url\" content=\"https:\/\/www.ecinews.fr\/fr\/wp-json\/wp\/v2\/event\/426239\/\" \/>\n<meta property=\"og:site_name\" content=\"EENewsEurope\" \/>\n<meta property=\"article:modified_time\" content=\"2023-07-04T10:46:07+00:00\" \/>\n<meta property=\"og:image\" content=\"https:\/\/www.ecinews.fr\/wp-content\/uploads\/2023\/07\/Logo-Salon-Salon-Analyse-Industrielle-2024-1.jpg\" \/>\n\t<meta property=\"og:image:width\" content=\"400\" \/>\n\t<meta property=\"og:image:height\" content=\"200\" \/>\n\t<meta property=\"og:image:type\" content=\"image\/jpeg\" \/>\n<meta name=\"twitter:card\" content=\"summary_large_image\" \/>\n<meta name=\"twitter:label1\" content=\"Est. reading time\" \/>\n\t<meta name=\"twitter:data1\" content=\"1 minute\" \/>\n<script type=\"application\/ld+json\" class=\"yoast-schema-graph\">{\"@context\":\"https:\/\/schema.org\",\"@graph\":[{\"@type\":\"WebPage\",\"@id\":\"https:\/\/www.ecinews.fr\/fr\/event\/analyse-industrielle-3-4-avril-2024\/\",\"url\":\"https:\/\/www.ecinews.fr\/fr\/event\/analyse-industrielle-3-4-avril-2024\/\",\"name\":\"Analyse Industrielle 3 & 4 avril 2024 -\",\"isPartOf\":{\"@id\":\"https:\/\/www.eenewseurope.com\/en\/#website\"},\"datePublished\":\"2023-07-04T10:45:04+00:00\",\"dateModified\":\"2023-07-04T10:46:07+00:00\",\"breadcrumb\":{\"@id\":\"https:\/\/www.ecinews.fr\/fr\/event\/analyse-industrielle-3-4-avril-2024\/#breadcrumb\"},\"inLanguage\":\"fr-FR\",\"potentialAction\":[{\"@type\":\"ReadAction\",\"target\":[\"https:\/\/www.ecinews.fr\/fr\/event\/analyse-industrielle-3-4-avril-2024\/\"]}]},{\"@type\":\"BreadcrumbList\",\"@id\":\"https:\/\/www.ecinews.fr\/fr\/event\/analyse-industrielle-3-4-avril-2024\/#breadcrumb\",\"itemListElement\":[{\"@type\":\"ListItem\",\"position\":1,\"name\":\"Home\",\"item\":\"https:\/\/www.ecinews.fr\/fr\/\"},{\"@type\":\"ListItem\",\"position\":2,\"name\":\"Analyse Industrielle 3 &#038; 4 avril 2024\"}]},{\"@type\":\"WebSite\",\"@id\":\"https:\/\/www.eenewseurope.com\/en\/#website\",\"url\":\"https:\/\/www.eenewseurope.com\/en\/\",\"name\":\"EENewsEurope\",\"description\":\"Just another WordPress site\",\"publisher\":{\"@id\":\"https:\/\/www.eenewseurope.com\/en\/#organization\"},\"potentialAction\":[{\"@type\":\"SearchAction\",\"target\":{\"@type\":\"EntryPoint\",\"urlTemplate\":\"https:\/\/www.eenewseurope.com\/en\/?s={search_term_string}\"},\"query-input\":\"required name=search_term_string\"}],\"inLanguage\":\"fr-FR\"},{\"@type\":\"Organization\",\"@id\":\"https:\/\/www.eenewseurope.com\/en\/#organization\",\"name\":\"EENewsEurope\",\"url\":\"https:\/\/www.eenewseurope.com\/en\/\",\"logo\":{\"@type\":\"ImageObject\",\"inLanguage\":\"fr-FR\",\"@id\":\"https:\/\/www.eenewseurope.com\/en\/#\/schema\/logo\/image\/\",\"url\":\"https:\/\/www.ecinews.fr\/wp-content\/uploads\/2022\/02\/logo-1.jpg\",\"contentUrl\":\"https:\/\/www.ecinews.fr\/wp-content\/uploads\/2022\/02\/logo-1.jpg\",\"width\":283,\"height\":113,\"caption\":\"EENewsEurope\"},\"image\":{\"@id\":\"https:\/\/www.eenewseurope.com\/en\/#\/schema\/logo\/image\/\"}}]}<\/script>","yoast_head_json":{"title":"Analyse Industrielle 3 & 4 avril 2024 ...","description":"Le salon des solutions en analyse, instrumentation et process industriels se tiendra \u00e0 Paris Porte Champerret les 3 & 4 avril 2024","robots":{"index":"index","follow":"follow","max-snippet":"max-snippet:-1","max-image-preview":"max-image-preview:large","max-video-preview":"max-video-preview:-1"},"canonical":"https:\/\/www.ecinews.fr\/fr\/wp-json\/wp\/v2\/event\/426239\/","og_locale":"fr_FR","og_type":"article","og_title":"Analyse Industrielle 3 & 4 avril 2024","og_description":"Le salon des solutions en analyse, instrumentation et process industriels se tiendra \u00e0 Paris Porte Champerret les 3 & 4 avril 2024","og_url":"https:\/\/www.ecinews.fr\/fr\/wp-json\/wp\/v2\/event\/426239\/","og_site_name":"EENewsEurope","article_modified_time":"2023-07-04T10:46:07+00:00","og_image":[{"width":400,"height":200,"url":"https:\/\/www.ecinews.fr\/wp-content\/uploads\/2023\/07\/Logo-Salon-Salon-Analyse-Industrielle-2024-1.jpg","type":"image\/jpeg"}],"twitter_card":"summary_large_image","twitter_misc":{"Est. reading time":"1 minute"},"schema":{"@context":"https:\/\/schema.org","@graph":[{"@type":"WebPage","@id":"https:\/\/www.ecinews.fr\/fr\/event\/analyse-industrielle-3-4-avril-2024\/","url":"https:\/\/www.ecinews.fr\/fr\/event\/analyse-industrielle-3-4-avril-2024\/","name":"Analyse Industrielle 3 & 4 avril 2024 -","isPartOf":{"@id":"https:\/\/www.eenewseurope.com\/en\/#website"},"datePublished":"2023-07-04T10:45:04+00:00","dateModified":"2023-07-04T10:46:07+00:00","breadcrumb":{"@id":"https:\/\/www.ecinews.fr\/fr\/event\/analyse-industrielle-3-4-avril-2024\/#breadcrumb"},"inLanguage":"fr-FR","potentialAction":[{"@type":"ReadAction","target":["https:\/\/www.ecinews.fr\/fr\/event\/analyse-industrielle-3-4-avril-2024\/"]}]},{"@type":"BreadcrumbList","@id":"https:\/\/www.ecinews.fr\/fr\/event\/analyse-industrielle-3-4-avril-2024\/#breadcrumb","itemListElement":[{"@type":"ListItem","position":1,"name":"Home","item":"https:\/\/www.ecinews.fr\/fr\/"},{"@type":"ListItem","position":2,"name":"Analyse Industrielle 3 &#038; 4 avril 2024"}]},{"@type":"WebSite","@id":"https:\/\/www.eenewseurope.com\/en\/#website","url":"https:\/\/www.eenewseurope.com\/en\/","name":"EENewsEurope","description":"Just another WordPress site","publisher":{"@id":"https:\/\/www.eenewseurope.com\/en\/#organization"},"potentialAction":[{"@type":"SearchAction","target":{"@type":"EntryPoint","urlTemplate":"https:\/\/www.eenewseurope.com\/en\/?s={search_term_string}"},"query-input":"required name=search_term_string"}],"inLanguage":"fr-FR"},{"@type":"Organization","@id":"https:\/\/www.eenewseurope.com\/en\/#organization","name":"EENewsEurope","url":"https:\/\/www.eenewseurope.com\/en\/","logo":{"@type":"ImageObject","inLanguage":"fr-FR","@id":"https:\/\/www.eenewseurope.com\/en\/#\/schema\/logo\/image\/","url":"https:\/\/www.ecinews.fr\/wp-content\/uploads\/2022\/02\/logo-1.jpg","contentUrl":"https:\/\/www.ecinews.fr\/wp-content\/uploads\/2022\/02\/logo-1.jpg","width":283,"height":113,"caption":"EENewsEurope"},"image":{"@id":"https:\/\/www.eenewseurope.com\/en\/#\/schema\/logo\/image\/"}}]}},"_links":{"self":[{"href":"https:\/\/www.ecinews.fr\/fr\/wp-json\/wp\/v2\/event\/426239"}],"collection":[{"href":"https:\/\/www.ecinews.fr\/fr\/wp-json\/wp\/v2\/event"}],"about":[{"href":"https:\/\/www.ecinews.fr\/fr\/wp-json\/wp\/v2\/types\/event"}],"wp:featuredmedia":[{"embeddable":true,"href":"https:\/\/www.ecinews.fr\/fr\/wp-json\/wp\/v2\/media\/426258"}],"wp:attachment":[{"href":"https:\/\/www.ecinews.fr\/fr\/wp-json\/wp\/v2\/media?parent=426239"}],"wp:term":[{"taxonomy":"post_tag","embeddable":true,"href":"https:\/\/www.ecinews.fr\/fr\/wp-json\/wp\/v2\/tags?post=426239"},{"taxonomy":"categories_event","embeddable":true,"href":"https:\/\/www.ecinews.fr\/fr\/wp-json\/wp\/v2\/categories_event?post=426239"},{"taxonomy":"domains","embeddable":true,"href":"https:\/\/www.ecinews.fr\/fr\/wp-json\/wp\/v2\/domains?post=426239"},{"taxonomy":"author","embeddable":true,"href":"https:\/\/www.ecinews.fr\/fr\/wp-json\/wp\/v2\/ppma_author?post=426239"}],"curies":[{"name":"wp","href":"https:\/\/api.w.org\/{rel}","templated":true}]}}

<h3><span style="font-size: 16px;">Le salon des solutions en analyse, instrumentation et process industriels se tiendra à Paris Porte Champerret les 3 &amp; 4 avril 2024</span></h3>
<div class="field field-name-field-header field-type-text-long field-label-hidden">
<div class="field-items">Les fabricants d’analyseurs, de détecteurs industriels dans les domaines du gaz, du pétrole, des fluides et de l’air et autres fournisseurs d’instruments de process seront présents.</div>
</div>
<div class="field field-name-body field-type-text-with-summary field-label-hidden">
<div class="field-items">
<div class="field-item even">
<p>Entre l’exposition, les conférences techniques et les ateliers, cette nouvelle édition du salon Analyse industrielle ne manquera pas d’être le théâtre d’échanges commerciaux et de présentation des dernières nouveautés, pour les acteurs du secteur (industriels, fabricants et distributeurs, intégrateurs, prestataires de services…)</p>
<p><a href="https://www.analyse-industrielle.fr/">Analyse Industrielle</a></p>
</div>
</div>
</div>
<p>&nbsp;</p>

<p>Le salon des solutions en analyse, instrumentation et process industriels se tiendra à Paris Porte Champerret les 3 &#038; 4 avril 2024</p>

<title>Analyse Industrielle 3 &amp; 4 avril 2024 ...</title>
<meta name="description" content="Le salon des solutions en analyse, instrumentation et process industriels se tiendra à Paris Porte Champerret les 3 &amp; 4 avril 2024" />
<meta name="robots" content="index, follow, max-snippet:-1, max-image-preview:large, max-video-preview:-1" />
<link rel="canonical" href="https://www.ecinews.fr/fr/wp-json/wp/v2/event/426239/" />
<meta property="og:locale" content="fr_FR" />
<meta property="og:type" content="article" />
<meta property="og:title" content="Analyse Industrielle 3 &amp; 4 avril 2024" />
<meta property="og:description" content="Le salon des solutions en analyse, instrumentation et process industriels se tiendra à Paris Porte Champerret les 3 &amp; 4 avril 2024" />
<meta property="og:url" content="https://www.ecinews.fr/fr/wp-json/wp/v2/event/426239/" />
<meta property="og:site_name" content="EENewsEurope" />
<meta property="article:modified_time" content="2023-07-04T10:46:07+00:00" />
<meta property="og:image" content="https://www.ecinews.fr/wp-content/uploads/2023/07/Logo-Salon-Salon-Analyse-Industrielle-2024-1.jpg" />
	<meta property="og:image:width" content="400" />
	<meta property="og:image:height" content="200" />
	<meta property="og:image:type" content="image/jpeg" />
<meta name="twitter:card" content="summary_large_image" />
<meta name="twitter:label1" content="Est. reading time" />
	<meta name="twitter:data1" content="1 minute" />
<script type="application/ld+json" class="yoast-schema-graph">{"@context":"https://schema.org","@graph":[{"@type":"WebPage","@id":"https://www.ecinews.fr/fr/event/analyse-industrielle-3-4-avril-2024/","url":"https://www.ecinews.fr/fr/event/analyse-industrielle-3-4-avril-2024/","name":"Analyse Industrielle 3 & 4 avril 2024 -","isPartOf":{"@id":"https://www.eenewseurope.com/en/#website"},"datePublished":"2023-07-04T10:45:04+00:00","dateModified":"2023-07-04T10:46:07+00:00","breadcrumb":{"@id":"https://www.ecinews.fr/fr/event/analyse-industrielle-3-4-avril-2024/#breadcrumb"},"inLanguage":"fr-FR","potentialAction":[{"@type":"ReadAction","target":["https://www.ecinews.fr/fr/event/analyse-industrielle-3-4-avril-2024/"]}]},{"@type":"BreadcrumbList","@id":"https://www.ecinews.fr/fr/event/analyse-industrielle-3-4-avril-2024/#breadcrumb","itemListElement":[{"@type":"ListItem","position":1,"name":"Home","item":"https://www.ecinews.fr/fr/"},{"@type":"ListItem","position":2,"name":"Analyse Industrielle 3 &#038; 4 avril 2024"}]},{"@type":"WebSite","@id":"https://www.eenewseurope.com/en/#website","url":"https://www.eenewseurope.com/en/","name":"EENewsEurope","description":"Just another WordPress site","publisher":{"@id":"https://www.eenewseurope.com/en/#organization"},"potentialAction":[{"@type":"SearchAction","target":{"@type":"EntryPoint","urlTemplate":"https://www.eenewseurope.com/en/?s={search_term_string}"},"query-input":"required name=search_term_string"}],"inLanguage":"fr-FR"},{"@type":"Organization","@id":"https://www.eenewseurope.com/en/#organization","name":"EENewsEurope","url":"https://www.eenewseurope.com/en/","logo":{"@type":"ImageObject","inLanguage":"fr-FR","@id":"https://www.eenewseurope.com/en/#/schema/logo/image/","url":"https://www.ecinews.fr/wp-content/uploads/2022/02/logo-1.jpg","contentUrl":"https://www.ecinews.fr/wp-content/uploads/2022/02/logo-1.jpg","width":283,"height":113,"caption":"EENewsEurope"},"image":{"@id":"https://www.eenewseurope.com/en/#/schema/logo/image/"}}]}</script>

Le salon des solutions en analyse, instrumentation et process industriels se tiendra à Paris Porte Champerret les 3 & 4 avril 2024
