{"id":411096,"date":"2023-01-18T16:31:51","date_gmt":"2023-01-18T15:31:51","guid":{"rendered":"https:\/\/www.eenewseurope.com\/?post_type=event&#038;p=411096"},"modified":"2023-01-18T16:37:03","modified_gmt":"2023-01-18T15:37:03","slug":"cloud-security-forum-19-et-20-avril-2023","status":"publish","type":"event","link":"https:\/\/www.ecinews.fr\/fr\/event\/cloud-security-forum-19-et-20-avril-2023\/","title":{"rendered":"Cloud + Security Forum 19 et 20 avril 2023"},"content":{"rendered":"<p>Le salon Cloud + Security Forum se tiendra les 19 et 20 avril 2023 au parc des expositions de la Ports de Versailles \u00e0 Paris en parall\u00e8le de SOC<\/p>\n<p>Professionnels des infrastructures, de la conception et de l\u2019exploitation de services distribu\u00e9s et de la Cybers\u00e9curit\u00e9, venez \u00e9changer sur vos d\u00e9fis et projets en cours. En d\u00e9battant avec les acteurs des entreprises utilisatrices de l\u2019industrie comme du tertiaire, vous t\u00e9moignez des transformations de votre \u00e9cosyst\u00e8me, de votre environnement et pointez les comp\u00e9tences et priorit\u00e9s pour atteindre vos objectifs.<\/p>\n<p>Nous vous proposons un Forum pour pr\u00e9senter vos solutions aupr\u00e8s des experts sur les sujets les plus \u00ab\u00a0pointus\u00a0\u00bb et innovants du secteur, avec un fort contenu et de nombreuses tables rondes et conf\u00e9rences sp\u00e9cialis\u00e9es par parcours et th\u00e9matiques.<br \/>\nVous trouverez \u00e9galement une partie Exposition \u00ab traditionnelle \u00bb pour afficher vos produits et expertises et rencontrer les visiteurs en face \u00e0 face.<\/p>\n<p><a href=\"https:\/\/www.salon-cloud-security.com\/\">Cloud + Security Forum<\/a><\/p>\n","protected":false},"excerpt":{"rendered":"<p>Le salon Cloud + Security Forum se tiendra les 19 et 20 avril 2023 au parc des expositions de la Ports de Versailles \u00e0 Paris en parall\u00e8le de SOC Professionnels des infrastructures, de la conception et de l\u2019exploitation de services distribu\u00e9s et de la Cybers\u00e9curit\u00e9, venez \u00e9changer sur vos d\u00e9fis et projets en cours. En [&hellip;]<\/p>\n","protected":false},"featured_media":411097,"template":"","tags":[2616,1694],"categories_event":[],"domains":[47],"ppma_author":[1143],"class_list":["post-411096","event","type-event","status-publish","has-post-thumbnail","hentry","tag-cloud-fr","tag-securite","domains-electronique-eci"],"acf":[],"yoast_head":"<title>Cloud + Security Forum 19 et 20 avril 2023 ...<\/title>\n<meta name=\"description\" content=\"Le salon Cloud + Security Forum se tiendra les 19 et 20 avril 2023 au parc des expositions de la Ports de Versailles \u00e0 Paris en parall\u00e8le de SOC...\" \/>\n<meta name=\"robots\" content=\"index, follow, max-snippet:-1, max-image-preview:large, max-video-preview:-1\" \/>\n<link rel=\"canonical\" href=\"https:\/\/www.ecinews.fr\/fr\/wp-json\/wp\/v2\/event\/411096\/\" \/>\n<meta property=\"og:locale\" content=\"fr_FR\" \/>\n<meta property=\"og:type\" content=\"article\" \/>\n<meta property=\"og:title\" content=\"Cloud + Security Forum 19 et 20 avril 2023\" \/>\n<meta property=\"og:description\" content=\"Le salon Cloud + Security Forum se tiendra les 19 et 20 avril 2023 au parc des expositions de la Ports de Versailles \u00e0 Paris en parall\u00e8le de SOC Professionnels des infrastructures, de la conception et de l\u2019exploitation de services distribu\u00e9s et de la Cybers\u00e9curit\u00e9, venez \u00e9changer sur vos d\u00e9fis et projets en cours. En [&hellip;]\" \/>\n<meta property=\"og:url\" content=\"https:\/\/www.ecinews.fr\/fr\/wp-json\/wp\/v2\/event\/411096\/\" \/>\n<meta property=\"og:site_name\" content=\"EENewsEurope\" \/>\n<meta property=\"article:modified_time\" content=\"2023-01-18T15:37:03+00:00\" \/>\n<meta property=\"og:image\" content=\"https:\/\/www.eenewseurope.com\/wp-content\/uploads\/2023\/01\/Logo-Cloud-security-Forum.jpg\" \/>\n\t<meta property=\"og:image:width\" content=\"400\" \/>\n\t<meta property=\"og:image:height\" content=\"209\" \/>\n\t<meta property=\"og:image:type\" content=\"image\/jpeg\" \/>\n<meta name=\"twitter:card\" content=\"summary_large_image\" \/>\n<meta name=\"twitter:label1\" content=\"Est. reading time\" \/>\n\t<meta name=\"twitter:data1\" content=\"1 minute\" \/>\n<script type=\"application\/ld+json\" class=\"yoast-schema-graph\">{\"@context\":\"https:\/\/schema.org\",\"@graph\":[{\"@type\":\"WebPage\",\"@id\":\"https:\/\/www.eenewseurope.com\/fr\/event\/cloud-security-forum-19-et-20-avril-2023\/\",\"url\":\"https:\/\/www.eenewseurope.com\/fr\/event\/cloud-security-forum-19-et-20-avril-2023\/\",\"name\":\"Cloud + Security Forum 19 et 20 avril 2023 -\",\"isPartOf\":{\"@id\":\"https:\/\/www.ecinews.fr\/fr\/#website\"},\"datePublished\":\"2023-01-18T15:31:51+00:00\",\"dateModified\":\"2023-01-18T15:37:03+00:00\",\"breadcrumb\":{\"@id\":\"https:\/\/www.eenewseurope.com\/fr\/event\/cloud-security-forum-19-et-20-avril-2023\/#breadcrumb\"},\"inLanguage\":\"fr-FR\",\"potentialAction\":[{\"@type\":\"ReadAction\",\"target\":[\"https:\/\/www.eenewseurope.com\/fr\/event\/cloud-security-forum-19-et-20-avril-2023\/\"]}]},{\"@type\":\"BreadcrumbList\",\"@id\":\"https:\/\/www.eenewseurope.com\/fr\/event\/cloud-security-forum-19-et-20-avril-2023\/#breadcrumb\",\"itemListElement\":[{\"@type\":\"ListItem\",\"position\":1,\"name\":\"Home\",\"item\":\"https:\/\/www.ecinews.fr\/fr\/\"},{\"@type\":\"ListItem\",\"position\":2,\"name\":\"Cloud + Security Forum 19 et 20 avril 2023\"}]},{\"@type\":\"WebSite\",\"@id\":\"https:\/\/www.ecinews.fr\/fr\/#website\",\"url\":\"https:\/\/www.ecinews.fr\/fr\/\",\"name\":\"EENewsEurope\",\"description\":\"Just another WordPress site\",\"publisher\":{\"@id\":\"https:\/\/www.ecinews.fr\/fr\/#organization\"},\"potentialAction\":[{\"@type\":\"SearchAction\",\"target\":{\"@type\":\"EntryPoint\",\"urlTemplate\":\"https:\/\/www.ecinews.fr\/fr\/?s={search_term_string}\"},\"query-input\":\"required name=search_term_string\"}],\"inLanguage\":\"fr-FR\"},{\"@type\":\"Organization\",\"@id\":\"https:\/\/www.ecinews.fr\/fr\/#organization\",\"name\":\"EENewsEurope\",\"url\":\"https:\/\/www.ecinews.fr\/fr\/\",\"logo\":{\"@type\":\"ImageObject\",\"inLanguage\":\"fr-FR\",\"@id\":\"https:\/\/www.ecinews.fr\/fr\/#\/schema\/logo\/image\/\",\"url\":\"https:\/\/www.ecinews.fr\/wp-content\/uploads\/2022\/02\/logo-1.jpg\",\"contentUrl\":\"https:\/\/www.ecinews.fr\/wp-content\/uploads\/2022\/02\/logo-1.jpg\",\"width\":283,\"height\":113,\"caption\":\"EENewsEurope\"},\"image\":{\"@id\":\"https:\/\/www.ecinews.fr\/fr\/#\/schema\/logo\/image\/\"}}]}<\/script>","yoast_head_json":{"title":"Cloud + Security Forum 19 et 20 avril 2023 ...","description":"Le salon Cloud + Security Forum se tiendra les 19 et 20 avril 2023 au parc des expositions de la Ports de Versailles \u00e0 Paris en parall\u00e8le de SOC...","robots":{"index":"index","follow":"follow","max-snippet":"max-snippet:-1","max-image-preview":"max-image-preview:large","max-video-preview":"max-video-preview:-1"},"canonical":"https:\/\/www.ecinews.fr\/fr\/wp-json\/wp\/v2\/event\/411096\/","og_locale":"fr_FR","og_type":"article","og_title":"Cloud + Security Forum 19 et 20 avril 2023","og_description":"Le salon Cloud + Security Forum se tiendra les 19 et 20 avril 2023 au parc des expositions de la Ports de Versailles \u00e0 Paris en parall\u00e8le de SOC Professionnels des infrastructures, de la conception et de l\u2019exploitation de services distribu\u00e9s et de la Cybers\u00e9curit\u00e9, venez \u00e9changer sur vos d\u00e9fis et projets en cours. En [&hellip;]","og_url":"https:\/\/www.ecinews.fr\/fr\/wp-json\/wp\/v2\/event\/411096\/","og_site_name":"EENewsEurope","article_modified_time":"2023-01-18T15:37:03+00:00","og_image":[{"width":400,"height":209,"url":"https:\/\/www.eenewseurope.com\/wp-content\/uploads\/2023\/01\/Logo-Cloud-security-Forum.jpg","type":"image\/jpeg"}],"twitter_card":"summary_large_image","twitter_misc":{"Est. reading time":"1 minute"},"schema":{"@context":"https:\/\/schema.org","@graph":[{"@type":"WebPage","@id":"https:\/\/www.eenewseurope.com\/fr\/event\/cloud-security-forum-19-et-20-avril-2023\/","url":"https:\/\/www.eenewseurope.com\/fr\/event\/cloud-security-forum-19-et-20-avril-2023\/","name":"Cloud + Security Forum 19 et 20 avril 2023 -","isPartOf":{"@id":"https:\/\/www.ecinews.fr\/fr\/#website"},"datePublished":"2023-01-18T15:31:51+00:00","dateModified":"2023-01-18T15:37:03+00:00","breadcrumb":{"@id":"https:\/\/www.eenewseurope.com\/fr\/event\/cloud-security-forum-19-et-20-avril-2023\/#breadcrumb"},"inLanguage":"fr-FR","potentialAction":[{"@type":"ReadAction","target":["https:\/\/www.eenewseurope.com\/fr\/event\/cloud-security-forum-19-et-20-avril-2023\/"]}]},{"@type":"BreadcrumbList","@id":"https:\/\/www.eenewseurope.com\/fr\/event\/cloud-security-forum-19-et-20-avril-2023\/#breadcrumb","itemListElement":[{"@type":"ListItem","position":1,"name":"Home","item":"https:\/\/www.ecinews.fr\/fr\/"},{"@type":"ListItem","position":2,"name":"Cloud + Security Forum 19 et 20 avril 2023"}]},{"@type":"WebSite","@id":"https:\/\/www.ecinews.fr\/fr\/#website","url":"https:\/\/www.ecinews.fr\/fr\/","name":"EENewsEurope","description":"Just another WordPress site","publisher":{"@id":"https:\/\/www.ecinews.fr\/fr\/#organization"},"potentialAction":[{"@type":"SearchAction","target":{"@type":"EntryPoint","urlTemplate":"https:\/\/www.ecinews.fr\/fr\/?s={search_term_string}"},"query-input":"required name=search_term_string"}],"inLanguage":"fr-FR"},{"@type":"Organization","@id":"https:\/\/www.ecinews.fr\/fr\/#organization","name":"EENewsEurope","url":"https:\/\/www.ecinews.fr\/fr\/","logo":{"@type":"ImageObject","inLanguage":"fr-FR","@id":"https:\/\/www.ecinews.fr\/fr\/#\/schema\/logo\/image\/","url":"https:\/\/www.ecinews.fr\/wp-content\/uploads\/2022\/02\/logo-1.jpg","contentUrl":"https:\/\/www.ecinews.fr\/wp-content\/uploads\/2022\/02\/logo-1.jpg","width":283,"height":113,"caption":"EENewsEurope"},"image":{"@id":"https:\/\/www.ecinews.fr\/fr\/#\/schema\/logo\/image\/"}}]}},"_links":{"self":[{"href":"https:\/\/www.ecinews.fr\/fr\/wp-json\/wp\/v2\/event\/411096"}],"collection":[{"href":"https:\/\/www.ecinews.fr\/fr\/wp-json\/wp\/v2\/event"}],"about":[{"href":"https:\/\/www.ecinews.fr\/fr\/wp-json\/wp\/v2\/types\/event"}],"wp:featuredmedia":[{"embeddable":true,"href":"https:\/\/www.ecinews.fr\/fr\/wp-json\/wp\/v2\/media\/411097"}],"wp:attachment":[{"href":"https:\/\/www.ecinews.fr\/fr\/wp-json\/wp\/v2\/media?parent=411096"}],"wp:term":[{"taxonomy":"post_tag","embeddable":true,"href":"https:\/\/www.ecinews.fr\/fr\/wp-json\/wp\/v2\/tags?post=411096"},{"taxonomy":"categories_event","embeddable":true,"href":"https:\/\/www.ecinews.fr\/fr\/wp-json\/wp\/v2\/categories_event?post=411096"},{"taxonomy":"domains","embeddable":true,"href":"https:\/\/www.ecinews.fr\/fr\/wp-json\/wp\/v2\/domains?post=411096"},{"taxonomy":"author","embeddable":true,"href":"https:\/\/www.ecinews.fr\/fr\/wp-json\/wp\/v2\/ppma_author?post=411096"}],"curies":[{"name":"wp","href":"https:\/\/api.w.org\/{rel}","templated":true}]}}

<p>Le salon Cloud + Security Forum se tiendra les 19 et 20 avril 2023 au parc des expositions de la Ports de Versailles à Paris en parallèle de SOC</p>
<p>Professionnels des infrastructures, de la conception et de l’exploitation de services distribués et de la Cybersécurité, venez échanger sur vos défis et projets en cours. En débattant avec les acteurs des entreprises utilisatrices de l’industrie comme du tertiaire, vous témoignez des transformations de votre écosystème, de votre environnement et pointez les compétences et priorités pour atteindre vos objectifs.</p>
<p>Nous vous proposons un Forum pour présenter vos solutions auprès des experts sur les sujets les plus « pointus » et innovants du secteur, avec un fort contenu et de nombreuses tables rondes et conférences spécialisées par parcours et thématiques.<br />
Vous trouverez également une partie Exposition « traditionnelle » pour afficher vos produits et expertises et rencontrer les visiteurs en face à face.</p>
<p><a href="https://www.salon-cloud-security.com/">Cloud + Security Forum</a></p>

<p>Le salon Cloud + Security Forum se tiendra les 19 et 20 avril 2023 au parc des expositions de la Ports de Versailles à Paris en parallèle de SOC Professionnels des infrastructures, de la conception et de l’exploitation de services distribués et de la Cybersécurité, venez échanger sur vos défis et projets en cours. En [&hellip;]</p>

<title>Cloud + Security Forum 19 et 20 avril 2023 ...</title>
<meta name="description" content="Le salon Cloud + Security Forum se tiendra les 19 et 20 avril 2023 au parc des expositions de la Ports de Versailles à Paris en parallèle de SOC..." />
<meta name="robots" content="index, follow, max-snippet:-1, max-image-preview:large, max-video-preview:-1" />
<link rel="canonical" href="https://www.ecinews.fr/fr/wp-json/wp/v2/event/411096/" />
<meta property="og:locale" content="fr_FR" />
<meta property="og:type" content="article" />
<meta property="og:title" content="Cloud + Security Forum 19 et 20 avril 2023" />
<meta property="og:description" content="Le salon Cloud + Security Forum se tiendra les 19 et 20 avril 2023 au parc des expositions de la Ports de Versailles à Paris en parallèle de SOC Professionnels des infrastructures, de la conception et de l’exploitation de services distribués et de la Cybersécurité, venez échanger sur vos défis et projets en cours. En [&hellip;]" />
<meta property="og:url" content="https://www.ecinews.fr/fr/wp-json/wp/v2/event/411096/" />
<meta property="og:site_name" content="EENewsEurope" />
<meta property="article:modified_time" content="2023-01-18T15:37:03+00:00" />
<meta property="og:image" content="https://www.eenewseurope.com/wp-content/uploads/2023/01/Logo-Cloud-security-Forum.jpg" />
	<meta property="og:image:width" content="400" />
	<meta property="og:image:height" content="209" />
	<meta property="og:image:type" content="image/jpeg" />
<meta name="twitter:card" content="summary_large_image" />
<meta name="twitter:label1" content="Est. reading time" />
	<meta name="twitter:data1" content="1 minute" />
<script type="application/ld+json" class="yoast-schema-graph">{"@context":"https://schema.org","@graph":[{"@type":"WebPage","@id":"https://www.eenewseurope.com/fr/event/cloud-security-forum-19-et-20-avril-2023/","url":"https://www.eenewseurope.com/fr/event/cloud-security-forum-19-et-20-avril-2023/","name":"Cloud + Security Forum 19 et 20 avril 2023 -","isPartOf":{"@id":"https://www.ecinews.fr/fr/#website"},"datePublished":"2023-01-18T15:31:51+00:00","dateModified":"2023-01-18T15:37:03+00:00","breadcrumb":{"@id":"https://www.eenewseurope.com/fr/event/cloud-security-forum-19-et-20-avril-2023/#breadcrumb"},"inLanguage":"fr-FR","potentialAction":[{"@type":"ReadAction","target":["https://www.eenewseurope.com/fr/event/cloud-security-forum-19-et-20-avril-2023/"]}]},{"@type":"BreadcrumbList","@id":"https://www.eenewseurope.com/fr/event/cloud-security-forum-19-et-20-avril-2023/#breadcrumb","itemListElement":[{"@type":"ListItem","position":1,"name":"Home","item":"https://www.ecinews.fr/fr/"},{"@type":"ListItem","position":2,"name":"Cloud + Security Forum 19 et 20 avril 2023"}]},{"@type":"WebSite","@id":"https://www.ecinews.fr/fr/#website","url":"https://www.ecinews.fr/fr/","name":"EENewsEurope","description":"Just another WordPress site","publisher":{"@id":"https://www.ecinews.fr/fr/#organization"},"potentialAction":[{"@type":"SearchAction","target":{"@type":"EntryPoint","urlTemplate":"https://www.ecinews.fr/fr/?s={search_term_string}"},"query-input":"required name=search_term_string"}],"inLanguage":"fr-FR"},{"@type":"Organization","@id":"https://www.ecinews.fr/fr/#organization","name":"EENewsEurope","url":"https://www.ecinews.fr/fr/","logo":{"@type":"ImageObject","inLanguage":"fr-FR","@id":"https://www.ecinews.fr/fr/#/schema/logo/image/","url":"https://www.ecinews.fr/wp-content/uploads/2022/02/logo-1.jpg","contentUrl":"https://www.ecinews.fr/wp-content/uploads/2022/02/logo-1.jpg","width":283,"height":113,"caption":"EENewsEurope"},"image":{"@id":"https://www.ecinews.fr/fr/#/schema/logo/image/"}}]}</script>

Le salon Cloud + Security Forum se tiendra les 19 et 20 avril 2023 au parc des expositions de la Ports de Versailles à Paris en parallèle de SOC...

Le salon Cloud + Security Forum se tiendra les 19 et 20 avril 2023 au parc des expositions de la Ports de Versailles à Paris en parallèle de SOC Professionnels des infrastructures, de la conception et de l’exploitation de services distribués et de la Cybersécurité, venez échanger sur vos défis et projets en cours. En [&hellip;]
