{"id":396147,"date":"2022-09-23T15:50:42","date_gmt":"2022-09-23T13:50:42","guid":{"rendered":"https:\/\/www.eenewseurope.com\/?post_type=event&#038;p=396147"},"modified":"2022-10-13T15:02:27","modified_gmt":"2022-10-13T13:02:27","slug":"embedded-world-14-mars-au-16-mars-2023","status":"publish","type":"event","link":"https:\/\/www.ecinews.fr\/fr\/event\/embedded-world-14-mars-au-16-mars-2023\/","title":{"rendered":"Embedded World 14 mars au 16 mars 2023"},"content":{"rendered":"<p>Embedded world se tiendra du 14 mars au 16 mars \u00e0 Nuremberg au parc des expositions<\/p>\n<p>L&rsquo;exposition et la conf\u00e9rence \u00ab\u00a0embedded world\u00a0\u00bb constituent une plate-forme mondiale et un lieu de rencontre pour l&rsquo;ensemble de la communaut\u00e9 des syst\u00e8mes embarqu\u00e9s, y compris les principaux experts, les acteurs cl\u00e9s et les associations industrielles. Elle offre un aper\u00e7u sans pr\u00e9c\u00e9dent du monde des syst\u00e8mes embarqu\u00e9s, des composants et modules aux syst\u00e8mes d&rsquo;exploitation, en passant par la conception mat\u00e9rielle et logicielle, la communication M2M, les services et diverses questions li\u00e9es \u00e0 la conception de syst\u00e8mes complexes.<\/p>\n<p><a href=\"https:\/\/www.embedded-world.de\/\">www.embedded-world.de\/<\/a><\/p>\n<p>&nbsp;<\/p>\n","protected":false},"excerpt":{"rendered":"<p>Embedded world se tiendra du 14 mars au 16 mars \u00e0 Nuremberg au parc des expositions L&rsquo;exposition et la conf\u00e9rence \u00ab\u00a0embedded world\u00a0\u00bb constituent une plate-forme mondiale et un lieu de rencontre pour l&rsquo;ensemble de la communaut\u00e9 des syst\u00e8mes embarqu\u00e9s, y compris les principaux experts, les acteurs cl\u00e9s et les associations industrielles. Elle offre un aper\u00e7u [&hellip;]<\/p>\n","protected":false},"featured_media":398868,"template":"","tags":[895,918,919,1705],"categories_event":[],"domains":[47],"ppma_author":[1143],"class_list":["post-396147","event","type-event","status-publish","has-post-thumbnail","hentry","tag-developmentkits-fr","tag-embedded-fr","tag-iot-fr","tag-microcontroleurs-2","domains-electronique-eci"],"acf":[],"yoast_head":"<title>Embedded World 14 mars au 16 mars 2023 ...<\/title>\n<meta name=\"description\" content=\"Embedded world se tiendra du 14 mars au 16 mars \u00e0 Nuremberg au parc des expositions L&rsquo;exposition et la conf\u00e9rence \u00ab\u00a0embedded world\u00a0\u00bb constituent...\" \/>\n<meta name=\"robots\" content=\"index, follow, max-snippet:-1, max-image-preview:large, max-video-preview:-1\" \/>\n<link rel=\"canonical\" href=\"https:\/\/www.ecinews.fr\/fr\/wp-json\/wp\/v2\/event\/396147\/\" \/>\n<meta property=\"og:locale\" content=\"fr_FR\" \/>\n<meta property=\"og:type\" content=\"article\" \/>\n<meta property=\"og:title\" content=\"Embedded World 14 mars au 16 mars 2023\" \/>\n<meta property=\"og:description\" content=\"Embedded world se tiendra du 14 mars au 16 mars \u00e0 Nuremberg au parc des expositions L&rsquo;exposition et la conf\u00e9rence \u00ab\u00a0embedded world\u00a0\u00bb constituent une plate-forme mondiale et un lieu de rencontre pour l&rsquo;ensemble de la communaut\u00e9 des syst\u00e8mes embarqu\u00e9s, y compris les principaux experts, les acteurs cl\u00e9s et les associations industrielles. Elle offre un aper\u00e7u [&hellip;]\" \/>\n<meta property=\"og:url\" content=\"https:\/\/www.ecinews.fr\/fr\/wp-json\/wp\/v2\/event\/396147\/\" \/>\n<meta property=\"og:site_name\" content=\"EENewsEurope\" \/>\n<meta property=\"article:modified_time\" content=\"2022-10-13T13:02:27+00:00\" \/>\n<meta property=\"og:image\" content=\"https:\/\/www.eenewseurope.com\/wp-content\/uploads\/2022\/09\/Embedded-World-2023.png\" \/>\n\t<meta property=\"og:image:width\" content=\"400\" \/>\n\t<meta property=\"og:image:height\" content=\"300\" \/>\n\t<meta property=\"og:image:type\" content=\"image\/png\" \/>\n<meta name=\"twitter:card\" content=\"summary_large_image\" \/>\n<meta name=\"twitter:label1\" content=\"Est. reading time\" \/>\n\t<meta name=\"twitter:data1\" content=\"1 minute\" \/>\n<script type=\"application\/ld+json\" class=\"yoast-schema-graph\">{\"@context\":\"https:\/\/schema.org\",\"@graph\":[{\"@type\":\"WebPage\",\"@id\":\"https:\/\/www.eenewseurope.com\/fr\/event\/embedded-world-14-mars-au-16-mars-2023\/\",\"url\":\"https:\/\/www.eenewseurope.com\/fr\/event\/embedded-world-14-mars-au-16-mars-2023\/\",\"name\":\"Embedded World 14 mars au 16 mars 2023 -\",\"isPartOf\":{\"@id\":\"https:\/\/www.ecinews.fr\/fr\/#website\"},\"datePublished\":\"2022-09-23T13:50:42+00:00\",\"dateModified\":\"2022-10-13T13:02:27+00:00\",\"breadcrumb\":{\"@id\":\"https:\/\/www.eenewseurope.com\/fr\/event\/embedded-world-14-mars-au-16-mars-2023\/#breadcrumb\"},\"inLanguage\":\"fr-FR\",\"potentialAction\":[{\"@type\":\"ReadAction\",\"target\":[\"https:\/\/www.eenewseurope.com\/fr\/event\/embedded-world-14-mars-au-16-mars-2023\/\"]}]},{\"@type\":\"BreadcrumbList\",\"@id\":\"https:\/\/www.eenewseurope.com\/fr\/event\/embedded-world-14-mars-au-16-mars-2023\/#breadcrumb\",\"itemListElement\":[{\"@type\":\"ListItem\",\"position\":1,\"name\":\"Home\",\"item\":\"https:\/\/www.ecinews.fr\/fr\/\"},{\"@type\":\"ListItem\",\"position\":2,\"name\":\"Embedded World 14 mars au 16 mars 2023\"}]},{\"@type\":\"WebSite\",\"@id\":\"https:\/\/www.ecinews.fr\/fr\/#website\",\"url\":\"https:\/\/www.ecinews.fr\/fr\/\",\"name\":\"EENewsEurope\",\"description\":\"Just another WordPress site\",\"publisher\":{\"@id\":\"https:\/\/www.ecinews.fr\/fr\/#organization\"},\"potentialAction\":[{\"@type\":\"SearchAction\",\"target\":{\"@type\":\"EntryPoint\",\"urlTemplate\":\"https:\/\/www.ecinews.fr\/fr\/?s={search_term_string}\"},\"query-input\":\"required name=search_term_string\"}],\"inLanguage\":\"fr-FR\"},{\"@type\":\"Organization\",\"@id\":\"https:\/\/www.ecinews.fr\/fr\/#organization\",\"name\":\"EENewsEurope\",\"url\":\"https:\/\/www.ecinews.fr\/fr\/\",\"logo\":{\"@type\":\"ImageObject\",\"inLanguage\":\"fr-FR\",\"@id\":\"https:\/\/www.ecinews.fr\/fr\/#\/schema\/logo\/image\/\",\"url\":\"https:\/\/www.ecinews.fr\/wp-content\/uploads\/2022\/02\/logo-1.jpg\",\"contentUrl\":\"https:\/\/www.ecinews.fr\/wp-content\/uploads\/2022\/02\/logo-1.jpg\",\"width\":283,\"height\":113,\"caption\":\"EENewsEurope\"},\"image\":{\"@id\":\"https:\/\/www.ecinews.fr\/fr\/#\/schema\/logo\/image\/\"}}]}<\/script>","yoast_head_json":{"title":"Embedded World 14 mars au 16 mars 2023 ...","description":"Embedded world se tiendra du 14 mars au 16 mars \u00e0 Nuremberg au parc des expositions L&rsquo;exposition et la conf\u00e9rence \u00ab\u00a0embedded world\u00a0\u00bb constituent...","robots":{"index":"index","follow":"follow","max-snippet":"max-snippet:-1","max-image-preview":"max-image-preview:large","max-video-preview":"max-video-preview:-1"},"canonical":"https:\/\/www.ecinews.fr\/fr\/wp-json\/wp\/v2\/event\/396147\/","og_locale":"fr_FR","og_type":"article","og_title":"Embedded World 14 mars au 16 mars 2023","og_description":"Embedded world se tiendra du 14 mars au 16 mars \u00e0 Nuremberg au parc des expositions L&rsquo;exposition et la conf\u00e9rence \u00ab\u00a0embedded world\u00a0\u00bb constituent une plate-forme mondiale et un lieu de rencontre pour l&rsquo;ensemble de la communaut\u00e9 des syst\u00e8mes embarqu\u00e9s, y compris les principaux experts, les acteurs cl\u00e9s et les associations industrielles. Elle offre un aper\u00e7u [&hellip;]","og_url":"https:\/\/www.ecinews.fr\/fr\/wp-json\/wp\/v2\/event\/396147\/","og_site_name":"EENewsEurope","article_modified_time":"2022-10-13T13:02:27+00:00","og_image":[{"width":400,"height":300,"url":"https:\/\/www.eenewseurope.com\/wp-content\/uploads\/2022\/09\/Embedded-World-2023.png","type":"image\/png"}],"twitter_card":"summary_large_image","twitter_misc":{"Est. reading time":"1 minute"},"schema":{"@context":"https:\/\/schema.org","@graph":[{"@type":"WebPage","@id":"https:\/\/www.eenewseurope.com\/fr\/event\/embedded-world-14-mars-au-16-mars-2023\/","url":"https:\/\/www.eenewseurope.com\/fr\/event\/embedded-world-14-mars-au-16-mars-2023\/","name":"Embedded World 14 mars au 16 mars 2023 -","isPartOf":{"@id":"https:\/\/www.ecinews.fr\/fr\/#website"},"datePublished":"2022-09-23T13:50:42+00:00","dateModified":"2022-10-13T13:02:27+00:00","breadcrumb":{"@id":"https:\/\/www.eenewseurope.com\/fr\/event\/embedded-world-14-mars-au-16-mars-2023\/#breadcrumb"},"inLanguage":"fr-FR","potentialAction":[{"@type":"ReadAction","target":["https:\/\/www.eenewseurope.com\/fr\/event\/embedded-world-14-mars-au-16-mars-2023\/"]}]},{"@type":"BreadcrumbList","@id":"https:\/\/www.eenewseurope.com\/fr\/event\/embedded-world-14-mars-au-16-mars-2023\/#breadcrumb","itemListElement":[{"@type":"ListItem","position":1,"name":"Home","item":"https:\/\/www.ecinews.fr\/fr\/"},{"@type":"ListItem","position":2,"name":"Embedded World 14 mars au 16 mars 2023"}]},{"@type":"WebSite","@id":"https:\/\/www.ecinews.fr\/fr\/#website","url":"https:\/\/www.ecinews.fr\/fr\/","name":"EENewsEurope","description":"Just another WordPress site","publisher":{"@id":"https:\/\/www.ecinews.fr\/fr\/#organization"},"potentialAction":[{"@type":"SearchAction","target":{"@type":"EntryPoint","urlTemplate":"https:\/\/www.ecinews.fr\/fr\/?s={search_term_string}"},"query-input":"required name=search_term_string"}],"inLanguage":"fr-FR"},{"@type":"Organization","@id":"https:\/\/www.ecinews.fr\/fr\/#organization","name":"EENewsEurope","url":"https:\/\/www.ecinews.fr\/fr\/","logo":{"@type":"ImageObject","inLanguage":"fr-FR","@id":"https:\/\/www.ecinews.fr\/fr\/#\/schema\/logo\/image\/","url":"https:\/\/www.ecinews.fr\/wp-content\/uploads\/2022\/02\/logo-1.jpg","contentUrl":"https:\/\/www.ecinews.fr\/wp-content\/uploads\/2022\/02\/logo-1.jpg","width":283,"height":113,"caption":"EENewsEurope"},"image":{"@id":"https:\/\/www.ecinews.fr\/fr\/#\/schema\/logo\/image\/"}}]}},"_links":{"self":[{"href":"https:\/\/www.ecinews.fr\/fr\/wp-json\/wp\/v2\/event\/396147"}],"collection":[{"href":"https:\/\/www.ecinews.fr\/fr\/wp-json\/wp\/v2\/event"}],"about":[{"href":"https:\/\/www.ecinews.fr\/fr\/wp-json\/wp\/v2\/types\/event"}],"wp:featuredmedia":[{"embeddable":true,"href":"https:\/\/www.ecinews.fr\/fr\/wp-json\/wp\/v2\/media\/398868"}],"wp:attachment":[{"href":"https:\/\/www.ecinews.fr\/fr\/wp-json\/wp\/v2\/media?parent=396147"}],"wp:term":[{"taxonomy":"post_tag","embeddable":true,"href":"https:\/\/www.ecinews.fr\/fr\/wp-json\/wp\/v2\/tags?post=396147"},{"taxonomy":"categories_event","embeddable":true,"href":"https:\/\/www.ecinews.fr\/fr\/wp-json\/wp\/v2\/categories_event?post=396147"},{"taxonomy":"domains","embeddable":true,"href":"https:\/\/www.ecinews.fr\/fr\/wp-json\/wp\/v2\/domains?post=396147"},{"taxonomy":"author","embeddable":true,"href":"https:\/\/www.ecinews.fr\/fr\/wp-json\/wp\/v2\/ppma_author?post=396147"}],"curies":[{"name":"wp","href":"https:\/\/api.w.org\/{rel}","templated":true}]}}

<p>Embedded world se tiendra du 14 mars au 16 mars à Nuremberg au parc des expositions</p>
<p>L&rsquo;exposition et la conférence « embedded world » constituent une plate-forme mondiale et un lieu de rencontre pour l&rsquo;ensemble de la communauté des systèmes embarqués, y compris les principaux experts, les acteurs clés et les associations industrielles. Elle offre un aperçu sans précédent du monde des systèmes embarqués, des composants et modules aux systèmes d&rsquo;exploitation, en passant par la conception matérielle et logicielle, la communication M2M, les services et diverses questions liées à la conception de systèmes complexes.</p>
<p><a href="https://www.embedded-world.de/">www.embedded-world.de/</a></p>
<p>&nbsp;</p>

<p>Embedded world se tiendra du 14 mars au 16 mars à Nuremberg au parc des expositions L&rsquo;exposition et la conférence « embedded world » constituent une plate-forme mondiale et un lieu de rencontre pour l&rsquo;ensemble de la communauté des systèmes embarqués, y compris les principaux experts, les acteurs clés et les associations industrielles. Elle offre un aperçu [&hellip;]</p>

<title>Embedded World 14 mars au 16 mars 2023 ...</title>
<meta name="description" content="Embedded world se tiendra du 14 mars au 16 mars à Nuremberg au parc des expositions L&rsquo;exposition et la conférence « embedded world » constituent..." />
<meta name="robots" content="index, follow, max-snippet:-1, max-image-preview:large, max-video-preview:-1" />
<link rel="canonical" href="https://www.ecinews.fr/fr/wp-json/wp/v2/event/396147/" />
<meta property="og:locale" content="fr_FR" />
<meta property="og:type" content="article" />
<meta property="og:title" content="Embedded World 14 mars au 16 mars 2023" />
<meta property="og:description" content="Embedded world se tiendra du 14 mars au 16 mars à Nuremberg au parc des expositions L&rsquo;exposition et la conférence « embedded world » constituent une plate-forme mondiale et un lieu de rencontre pour l&rsquo;ensemble de la communauté des systèmes embarqués, y compris les principaux experts, les acteurs clés et les associations industrielles. Elle offre un aperçu [&hellip;]" />
<meta property="og:url" content="https://www.ecinews.fr/fr/wp-json/wp/v2/event/396147/" />
<meta property="og:site_name" content="EENewsEurope" />
<meta property="article:modified_time" content="2022-10-13T13:02:27+00:00" />
<meta property="og:image" content="https://www.eenewseurope.com/wp-content/uploads/2022/09/Embedded-World-2023.png" />
	<meta property="og:image:width" content="400" />
	<meta property="og:image:height" content="300" />
	<meta property="og:image:type" content="image/png" />
<meta name="twitter:card" content="summary_large_image" />
<meta name="twitter:label1" content="Est. reading time" />
	<meta name="twitter:data1" content="1 minute" />
<script type="application/ld+json" class="yoast-schema-graph">{"@context":"https://schema.org","@graph":[{"@type":"WebPage","@id":"https://www.eenewseurope.com/fr/event/embedded-world-14-mars-au-16-mars-2023/","url":"https://www.eenewseurope.com/fr/event/embedded-world-14-mars-au-16-mars-2023/","name":"Embedded World 14 mars au 16 mars 2023 -","isPartOf":{"@id":"https://www.ecinews.fr/fr/#website"},"datePublished":"2022-09-23T13:50:42+00:00","dateModified":"2022-10-13T13:02:27+00:00","breadcrumb":{"@id":"https://www.eenewseurope.com/fr/event/embedded-world-14-mars-au-16-mars-2023/#breadcrumb"},"inLanguage":"fr-FR","potentialAction":[{"@type":"ReadAction","target":["https://www.eenewseurope.com/fr/event/embedded-world-14-mars-au-16-mars-2023/"]}]},{"@type":"BreadcrumbList","@id":"https://www.eenewseurope.com/fr/event/embedded-world-14-mars-au-16-mars-2023/#breadcrumb","itemListElement":[{"@type":"ListItem","position":1,"name":"Home","item":"https://www.ecinews.fr/fr/"},{"@type":"ListItem","position":2,"name":"Embedded World 14 mars au 16 mars 2023"}]},{"@type":"WebSite","@id":"https://www.ecinews.fr/fr/#website","url":"https://www.ecinews.fr/fr/","name":"EENewsEurope","description":"Just another WordPress site","publisher":{"@id":"https://www.ecinews.fr/fr/#organization"},"potentialAction":[{"@type":"SearchAction","target":{"@type":"EntryPoint","urlTemplate":"https://www.ecinews.fr/fr/?s={search_term_string}"},"query-input":"required name=search_term_string"}],"inLanguage":"fr-FR"},{"@type":"Organization","@id":"https://www.ecinews.fr/fr/#organization","name":"EENewsEurope","url":"https://www.ecinews.fr/fr/","logo":{"@type":"ImageObject","inLanguage":"fr-FR","@id":"https://www.ecinews.fr/fr/#/schema/logo/image/","url":"https://www.ecinews.fr/wp-content/uploads/2022/02/logo-1.jpg","contentUrl":"https://www.ecinews.fr/wp-content/uploads/2022/02/logo-1.jpg","width":283,"height":113,"caption":"EENewsEurope"},"image":{"@id":"https://www.ecinews.fr/fr/#/schema/logo/image/"}}]}</script>

Embedded world se tiendra du 14 mars au 16 mars à Nuremberg au parc des expositions L&rsquo;exposition et la conférence « embedded world » constituent...

Embedded world se tiendra du 14 mars au 16 mars à Nuremberg au parc des expositions L&rsquo;exposition et la conférence « embedded world » constituent une plate-forme mondiale et un lieu de rencontre pour l&rsquo;ensemble de la communauté des systèmes embarqués, y compris les principaux experts, les acteurs clés et les associations industrielles. Elle offre un aperçu [&hellip;]
