{"id":268958,"date":"2022-02-08T13:01:24","date_gmt":"2022-02-08T12:01:24","guid":{"rendered":"https:\/\/www.eenewseurope.com\/?post_type=event&#038;p=268958"},"modified":"2022-02-11T13:51:20","modified_gmt":"2022-02-11T12:51:20","slug":"iot-world-m-to-m-du-29-au-30-juin-2022","status":"publish","type":"event","link":"https:\/\/www.ecinews.fr\/fr\/event\/iot-world-m-to-m-du-29-au-30-juin-2022\/","title":{"rendered":"IOT WORLD + M TO M &#8211; 29 et 30 juin 2022"},"content":{"rendered":"<div class=\"field field-name-field-header field-type-text-long field-label-hidden\">\n<div class=\"field-items\">\n<div class=\"field-item even\">Le salon se tiendra \u00e0 Paris Porte de Versailles, le lieu unique pour rencontrer les acteurs et d\u00e9cideurs engag\u00e9s des march\u00e9s de l\u2019IoT, du MtoM, de l\u2019Embarqu\u00e9, de la Data, du Cloud et de l\u2019IA.<\/div>\n<\/div>\n<\/div>\n<div class=\"field field-name-body field-type-text-with-summary field-label-hidden\">\n<div class=\"field-items\">\n<div class=\"field-item even\">\n<p>Un vaste programme conf\u00e9rences autour de 3 th\u00e8mes majeurs : le Focus\u00a05G &amp; IoT, le colloque\u00a0Asset Tracking Systems\u00a0et\u00a0L\u2019IoT Executive Track, un parcours exclusif 100% nouveau et utile pour les D\u00e9cideurs !<\/p>\n<p>Avec des formats vari\u00e9s \u2013\u00a0Keynotes, tables rondes, REX, avis d\u2019experts\u2026-\u00a050 conf\u00e9rences \u2013 300 intervenants\u00a0avec pour objectifs d\u2019apporter aux auditeurs les visions, analyses, expertises et retours d\u2019exp\u00e9rience utilisateurs d\u2019experts, personnalit\u00e9s, universitaires, consultants, industriels et clients concern\u00e9s par ces sujets, les technologies, les applications et services, les d\u00e9veloppements, les meilleures pratiques. Une occasion unique de comprendre plus facilement les enjeux de demain\u2026<\/p>\n<p><a href=\"https:\/\/www.salon-iot-mtom.com\/\" target=\"notSet\" rel=\"noopener\">https:\/\/www.salon-iot-mtom.com\/<\/a><\/p>\n<\/div>\n<\/div>\n<\/div>\n","protected":false},"excerpt":{"rendered":"<p>Le salon se tiendra \u00e0 Paris Porte de Versailles, le lieu unique pour rencontrer les acteurs et d\u00e9cideurs engag\u00e9s des march\u00e9s de l\u2019IoT, du MtoM, de l\u2019Embarqu\u00e9, de la Data, du Cloud et de l\u2019IA. Un vaste programme conf\u00e9rences autour de 3 th\u00e8mes majeurs : le Focus\u00a05G &amp; IoT, le colloque\u00a0Asset Tracking Systems\u00a0et\u00a0L\u2019IoT Executive Track, [&hellip;]<\/p>\n","protected":false},"featured_media":269684,"template":"","tags":[],"categories_event":[],"domains":[],"ppma_author":[1143],"class_list":["post-268958","event","type-event","status-publish","has-post-thumbnail","hentry"],"acf":[],"yoast_head":"<title>IOT WORLD + M TO M - 29 et 30 juin 2022 ...<\/title>\n<meta name=\"description\" content=\"Le salon se tiendra \u00e0 Paris Porte de Versailles, le lieu unique pour rencontrer les acteurs et d\u00e9cideurs engag\u00e9s des march\u00e9s de l\u2019IoT, du MtoM, de...\" \/>\n<meta name=\"robots\" content=\"index, follow, max-snippet:-1, max-image-preview:large, max-video-preview:-1\" \/>\n<link rel=\"canonical\" href=\"https:\/\/www.ecinews.fr\/fr\/wp-json\/wp\/v2\/event\/268958\/\" \/>\n<meta property=\"og:locale\" content=\"fr_FR\" \/>\n<meta property=\"og:type\" content=\"article\" \/>\n<meta property=\"og:title\" content=\"IOT WORLD + M TO M - 29 et 30 juin 2022\" \/>\n<meta property=\"og:description\" content=\"Le salon se tiendra \u00e0 Paris Porte de Versailles, le lieu unique pour rencontrer les acteurs et d\u00e9cideurs engag\u00e9s des march\u00e9s de l\u2019IoT, du MtoM, de l\u2019Embarqu\u00e9, de la Data, du Cloud et de l\u2019IA. Un vaste programme conf\u00e9rences autour de 3 th\u00e8mes majeurs : le Focus\u00a05G &amp; IoT, le colloque\u00a0Asset Tracking Systems\u00a0et\u00a0L\u2019IoT Executive Track, [&hellip;]\" \/>\n<meta property=\"og:url\" content=\"https:\/\/www.ecinews.fr\/fr\/wp-json\/wp\/v2\/event\/268958\/\" \/>\n<meta property=\"og:site_name\" content=\"EENewsEurope\" \/>\n<meta property=\"article:modified_time\" content=\"2022-02-11T12:51:20+00:00\" \/>\n<meta property=\"og:image\" content=\"https:\/\/www.ecinews.fr\/wp-content\/uploads\/2022\/02\/IoT-world-MtM-1.png\" \/>\n\t<meta property=\"og:image:width\" content=\"452\" \/>\n\t<meta property=\"og:image:height\" content=\"371\" \/>\n\t<meta property=\"og:image:type\" content=\"image\/png\" \/>\n<meta name=\"twitter:card\" content=\"summary_large_image\" \/>\n<meta name=\"twitter:label1\" content=\"Est. reading time\" \/>\n\t<meta name=\"twitter:data1\" content=\"1 minute\" \/>\n<script type=\"application\/ld+json\" class=\"yoast-schema-graph\">{\"@context\":\"https:\/\/schema.org\",\"@graph\":[{\"@type\":\"WebPage\",\"@id\":\"https:\/\/www.ecinews.fr\/fr\/event\/iot-world-m-to-m-du-29-au-30-juin-2022\/\",\"url\":\"https:\/\/www.ecinews.fr\/fr\/event\/iot-world-m-to-m-du-29-au-30-juin-2022\/\",\"name\":\"IOT WORLD + M TO M - 29 et 30 juin 2022 -\",\"isPartOf\":{\"@id\":\"https:\/\/www.eenewseurope.com\/en\/#website\"},\"datePublished\":\"2022-02-08T12:01:24+00:00\",\"dateModified\":\"2022-02-11T12:51:20+00:00\",\"breadcrumb\":{\"@id\":\"https:\/\/www.ecinews.fr\/fr\/event\/iot-world-m-to-m-du-29-au-30-juin-2022\/#breadcrumb\"},\"inLanguage\":\"fr-FR\",\"potentialAction\":[{\"@type\":\"ReadAction\",\"target\":[\"https:\/\/www.ecinews.fr\/fr\/event\/iot-world-m-to-m-du-29-au-30-juin-2022\/\"]}]},{\"@type\":\"BreadcrumbList\",\"@id\":\"https:\/\/www.ecinews.fr\/fr\/event\/iot-world-m-to-m-du-29-au-30-juin-2022\/#breadcrumb\",\"itemListElement\":[{\"@type\":\"ListItem\",\"position\":1,\"name\":\"Home\",\"item\":\"https:\/\/www.ecinews.fr\/fr\/\"},{\"@type\":\"ListItem\",\"position\":2,\"name\":\"IOT WORLD + M TO M &#8211; 29 et 30 juin 2022\"}]},{\"@type\":\"WebSite\",\"@id\":\"https:\/\/www.eenewseurope.com\/en\/#website\",\"url\":\"https:\/\/www.eenewseurope.com\/en\/\",\"name\":\"EENewsEurope\",\"description\":\"Just another WordPress site\",\"publisher\":{\"@id\":\"https:\/\/www.eenewseurope.com\/en\/#organization\"},\"potentialAction\":[{\"@type\":\"SearchAction\",\"target\":{\"@type\":\"EntryPoint\",\"urlTemplate\":\"https:\/\/www.eenewseurope.com\/en\/?s={search_term_string}\"},\"query-input\":\"required name=search_term_string\"}],\"inLanguage\":\"fr-FR\"},{\"@type\":\"Organization\",\"@id\":\"https:\/\/www.eenewseurope.com\/en\/#organization\",\"name\":\"EENewsEurope\",\"url\":\"https:\/\/www.eenewseurope.com\/en\/\",\"logo\":{\"@type\":\"ImageObject\",\"inLanguage\":\"fr-FR\",\"@id\":\"https:\/\/www.eenewseurope.com\/en\/#\/schema\/logo\/image\/\",\"url\":\"https:\/\/www.ecinews.fr\/wp-content\/uploads\/2022\/02\/logo-1.jpg\",\"contentUrl\":\"https:\/\/www.ecinews.fr\/wp-content\/uploads\/2022\/02\/logo-1.jpg\",\"width\":283,\"height\":113,\"caption\":\"EENewsEurope\"},\"image\":{\"@id\":\"https:\/\/www.eenewseurope.com\/en\/#\/schema\/logo\/image\/\"}}]}<\/script>","yoast_head_json":{"title":"IOT WORLD + M TO M - 29 et 30 juin 2022 ...","description":"Le salon se tiendra \u00e0 Paris Porte de Versailles, le lieu unique pour rencontrer les acteurs et d\u00e9cideurs engag\u00e9s des march\u00e9s de l\u2019IoT, du MtoM, de...","robots":{"index":"index","follow":"follow","max-snippet":"max-snippet:-1","max-image-preview":"max-image-preview:large","max-video-preview":"max-video-preview:-1"},"canonical":"https:\/\/www.ecinews.fr\/fr\/wp-json\/wp\/v2\/event\/268958\/","og_locale":"fr_FR","og_type":"article","og_title":"IOT WORLD + M TO M - 29 et 30 juin 2022","og_description":"Le salon se tiendra \u00e0 Paris Porte de Versailles, le lieu unique pour rencontrer les acteurs et d\u00e9cideurs engag\u00e9s des march\u00e9s de l\u2019IoT, du MtoM, de l\u2019Embarqu\u00e9, de la Data, du Cloud et de l\u2019IA. Un vaste programme conf\u00e9rences autour de 3 th\u00e8mes majeurs : le Focus\u00a05G &amp; IoT, le colloque\u00a0Asset Tracking Systems\u00a0et\u00a0L\u2019IoT Executive Track, [&hellip;]","og_url":"https:\/\/www.ecinews.fr\/fr\/wp-json\/wp\/v2\/event\/268958\/","og_site_name":"EENewsEurope","article_modified_time":"2022-02-11T12:51:20+00:00","og_image":[{"width":452,"height":371,"url":"https:\/\/www.ecinews.fr\/wp-content\/uploads\/2022\/02\/IoT-world-MtM-1.png","type":"image\/png"}],"twitter_card":"summary_large_image","twitter_misc":{"Est. reading time":"1 minute"},"schema":{"@context":"https:\/\/schema.org","@graph":[{"@type":"WebPage","@id":"https:\/\/www.ecinews.fr\/fr\/event\/iot-world-m-to-m-du-29-au-30-juin-2022\/","url":"https:\/\/www.ecinews.fr\/fr\/event\/iot-world-m-to-m-du-29-au-30-juin-2022\/","name":"IOT WORLD + M TO M - 29 et 30 juin 2022 -","isPartOf":{"@id":"https:\/\/www.eenewseurope.com\/en\/#website"},"datePublished":"2022-02-08T12:01:24+00:00","dateModified":"2022-02-11T12:51:20+00:00","breadcrumb":{"@id":"https:\/\/www.ecinews.fr\/fr\/event\/iot-world-m-to-m-du-29-au-30-juin-2022\/#breadcrumb"},"inLanguage":"fr-FR","potentialAction":[{"@type":"ReadAction","target":["https:\/\/www.ecinews.fr\/fr\/event\/iot-world-m-to-m-du-29-au-30-juin-2022\/"]}]},{"@type":"BreadcrumbList","@id":"https:\/\/www.ecinews.fr\/fr\/event\/iot-world-m-to-m-du-29-au-30-juin-2022\/#breadcrumb","itemListElement":[{"@type":"ListItem","position":1,"name":"Home","item":"https:\/\/www.ecinews.fr\/fr\/"},{"@type":"ListItem","position":2,"name":"IOT WORLD + M TO M &#8211; 29 et 30 juin 2022"}]},{"@type":"WebSite","@id":"https:\/\/www.eenewseurope.com\/en\/#website","url":"https:\/\/www.eenewseurope.com\/en\/","name":"EENewsEurope","description":"Just another WordPress site","publisher":{"@id":"https:\/\/www.eenewseurope.com\/en\/#organization"},"potentialAction":[{"@type":"SearchAction","target":{"@type":"EntryPoint","urlTemplate":"https:\/\/www.eenewseurope.com\/en\/?s={search_term_string}"},"query-input":"required name=search_term_string"}],"inLanguage":"fr-FR"},{"@type":"Organization","@id":"https:\/\/www.eenewseurope.com\/en\/#organization","name":"EENewsEurope","url":"https:\/\/www.eenewseurope.com\/en\/","logo":{"@type":"ImageObject","inLanguage":"fr-FR","@id":"https:\/\/www.eenewseurope.com\/en\/#\/schema\/logo\/image\/","url":"https:\/\/www.ecinews.fr\/wp-content\/uploads\/2022\/02\/logo-1.jpg","contentUrl":"https:\/\/www.ecinews.fr\/wp-content\/uploads\/2022\/02\/logo-1.jpg","width":283,"height":113,"caption":"EENewsEurope"},"image":{"@id":"https:\/\/www.eenewseurope.com\/en\/#\/schema\/logo\/image\/"}}]}},"_links":{"self":[{"href":"https:\/\/www.ecinews.fr\/fr\/wp-json\/wp\/v2\/event\/268958"}],"collection":[{"href":"https:\/\/www.ecinews.fr\/fr\/wp-json\/wp\/v2\/event"}],"about":[{"href":"https:\/\/www.ecinews.fr\/fr\/wp-json\/wp\/v2\/types\/event"}],"wp:featuredmedia":[{"embeddable":true,"href":"https:\/\/www.ecinews.fr\/fr\/wp-json\/wp\/v2\/media\/269684"}],"wp:attachment":[{"href":"https:\/\/www.ecinews.fr\/fr\/wp-json\/wp\/v2\/media?parent=268958"}],"wp:term":[{"taxonomy":"post_tag","embeddable":true,"href":"https:\/\/www.ecinews.fr\/fr\/wp-json\/wp\/v2\/tags?post=268958"},{"taxonomy":"categories_event","embeddable":true,"href":"https:\/\/www.ecinews.fr\/fr\/wp-json\/wp\/v2\/categories_event?post=268958"},{"taxonomy":"domains","embeddable":true,"href":"https:\/\/www.ecinews.fr\/fr\/wp-json\/wp\/v2\/domains?post=268958"},{"taxonomy":"author","embeddable":true,"href":"https:\/\/www.ecinews.fr\/fr\/wp-json\/wp\/v2\/ppma_author?post=268958"}],"curies":[{"name":"wp","href":"https:\/\/api.w.org\/{rel}","templated":true}]}}

<div class="field field-name-field-header field-type-text-long field-label-hidden">
<div class="field-items">
<div class="field-item even">Le salon se tiendra à Paris Porte de Versailles, le lieu unique pour rencontrer les acteurs et décideurs engagés des marchés de l’IoT, du MtoM, de l’Embarqué, de la Data, du Cloud et de l’IA.</div>
</div>
</div>
<div class="field field-name-body field-type-text-with-summary field-label-hidden">
<div class="field-items">
<div class="field-item even">
<p>Un vaste programme conférences autour de 3 thèmes majeurs : le Focus 5G &amp; IoT, le colloque Asset Tracking Systems et L’IoT Executive Track, un parcours exclusif 100% nouveau et utile pour les Décideurs !</p>
<p>Avec des formats variés – Keynotes, tables rondes, REX, avis d’experts…- 50 conférences – 300 intervenants avec pour objectifs d’apporter aux auditeurs les visions, analyses, expertises et retours d’expérience utilisateurs d’experts, personnalités, universitaires, consultants, industriels et clients concernés par ces sujets, les technologies, les applications et services, les développements, les meilleures pratiques. Une occasion unique de comprendre plus facilement les enjeux de demain…</p>
<p><a href="https://www.salon-iot-mtom.com/" target="notSet" rel="noopener">https://www.salon-iot-mtom.com/</a></p>
</div>
</div>
</div>

<p>Le salon se tiendra à Paris Porte de Versailles, le lieu unique pour rencontrer les acteurs et décideurs engagés des marchés de l’IoT, du MtoM, de l’Embarqué, de la Data, du Cloud et de l’IA. Un vaste programme conférences autour de 3 thèmes majeurs : le Focus 5G &amp; IoT, le colloque Asset Tracking Systems et L’IoT Executive Track, [&hellip;]</p>

<title>IOT WORLD + M TO M - 29 et 30 juin 2022 ...</title>
<meta name="description" content="Le salon se tiendra à Paris Porte de Versailles, le lieu unique pour rencontrer les acteurs et décideurs engagés des marchés de l’IoT, du MtoM, de..." />
<meta name="robots" content="index, follow, max-snippet:-1, max-image-preview:large, max-video-preview:-1" />
<link rel="canonical" href="https://www.ecinews.fr/fr/wp-json/wp/v2/event/268958/" />
<meta property="og:locale" content="fr_FR" />
<meta property="og:type" content="article" />
<meta property="og:title" content="IOT WORLD + M TO M - 29 et 30 juin 2022" />
<meta property="og:description" content="Le salon se tiendra à Paris Porte de Versailles, le lieu unique pour rencontrer les acteurs et décideurs engagés des marchés de l’IoT, du MtoM, de l’Embarqué, de la Data, du Cloud et de l’IA. Un vaste programme conférences autour de 3 thèmes majeurs : le Focus 5G &amp; IoT, le colloque Asset Tracking Systems et L’IoT Executive Track, [&hellip;]" />
<meta property="og:url" content="https://www.ecinews.fr/fr/wp-json/wp/v2/event/268958/" />
<meta property="og:site_name" content="EENewsEurope" />
<meta property="article:modified_time" content="2022-02-11T12:51:20+00:00" />
<meta property="og:image" content="https://www.ecinews.fr/wp-content/uploads/2022/02/IoT-world-MtM-1.png" />
	<meta property="og:image:width" content="452" />
	<meta property="og:image:height" content="371" />
	<meta property="og:image:type" content="image/png" />
<meta name="twitter:card" content="summary_large_image" />
<meta name="twitter:label1" content="Est. reading time" />
	<meta name="twitter:data1" content="1 minute" />
<script type="application/ld+json" class="yoast-schema-graph">{"@context":"https://schema.org","@graph":[{"@type":"WebPage","@id":"https://www.ecinews.fr/fr/event/iot-world-m-to-m-du-29-au-30-juin-2022/","url":"https://www.ecinews.fr/fr/event/iot-world-m-to-m-du-29-au-30-juin-2022/","name":"IOT WORLD + M TO M - 29 et 30 juin 2022 -","isPartOf":{"@id":"https://www.eenewseurope.com/en/#website"},"datePublished":"2022-02-08T12:01:24+00:00","dateModified":"2022-02-11T12:51:20+00:00","breadcrumb":{"@id":"https://www.ecinews.fr/fr/event/iot-world-m-to-m-du-29-au-30-juin-2022/#breadcrumb"},"inLanguage":"fr-FR","potentialAction":[{"@type":"ReadAction","target":["https://www.ecinews.fr/fr/event/iot-world-m-to-m-du-29-au-30-juin-2022/"]}]},{"@type":"BreadcrumbList","@id":"https://www.ecinews.fr/fr/event/iot-world-m-to-m-du-29-au-30-juin-2022/#breadcrumb","itemListElement":[{"@type":"ListItem","position":1,"name":"Home","item":"https://www.ecinews.fr/fr/"},{"@type":"ListItem","position":2,"name":"IOT WORLD + M TO M &#8211; 29 et 30 juin 2022"}]},{"@type":"WebSite","@id":"https://www.eenewseurope.com/en/#website","url":"https://www.eenewseurope.com/en/","name":"EENewsEurope","description":"Just another WordPress site","publisher":{"@id":"https://www.eenewseurope.com/en/#organization"},"potentialAction":[{"@type":"SearchAction","target":{"@type":"EntryPoint","urlTemplate":"https://www.eenewseurope.com/en/?s={search_term_string}"},"query-input":"required name=search_term_string"}],"inLanguage":"fr-FR"},{"@type":"Organization","@id":"https://www.eenewseurope.com/en/#organization","name":"EENewsEurope","url":"https://www.eenewseurope.com/en/","logo":{"@type":"ImageObject","inLanguage":"fr-FR","@id":"https://www.eenewseurope.com/en/#/schema/logo/image/","url":"https://www.ecinews.fr/wp-content/uploads/2022/02/logo-1.jpg","contentUrl":"https://www.ecinews.fr/wp-content/uploads/2022/02/logo-1.jpg","width":283,"height":113,"caption":"EENewsEurope"},"image":{"@id":"https://www.eenewseurope.com/en/#/schema/logo/image/"}}]}</script>

Le salon se tiendra à Paris Porte de Versailles, le lieu unique pour rencontrer les acteurs et décideurs engagés des marchés de l’IoT, du MtoM, de...

Le salon se tiendra à Paris Porte de Versailles, le lieu unique pour rencontrer les acteurs et décideurs engagés des marchés de l’IoT, du MtoM, de l’Embarqué, de la Data, du Cloud et de l’IA. Un vaste programme conférences autour de 3 thèmes majeurs : le Focus 5G &amp; IoT, le colloque Asset Tracking Systems et L’IoT Executive Track, [&hellip;]
