{"version":"1.0","provider_name":"EENewsEurope","provider_url":"https:\/\/www.ecinews.fr\/fr\/","author_name":"Daniel Cardon","author_url":"https:\/\/www.ecinews.fr\/fr\/author\/danielcardon\/","title":"Mobilit\u00e9 a\u00e9rienne urbaine : partenariat de R&amp;D","type":"rich","width":600,"height":338,"html":"<blockquote class=\"wp-embedded-content\" data-secret=\"NjrRdYOzsl\"><a href=\"https:\/\/www.ecinews.fr\/fr\/mobilite-aerienne-urbaine-partenariat-de-rd\/\">Mobilit\u00e9 a\u00e9rienne urbaine : partenariat de R&amp;D<\/a><\/blockquote><iframe sandbox=\"allow-scripts\" security=\"restricted\" src=\"https:\/\/www.ecinews.fr\/fr\/mobilite-aerienne-urbaine-partenariat-de-rd\/embed\/#?secret=NjrRdYOzsl\" width=\"600\" height=\"338\" title=\"\u00ab\u00a0Mobilit\u00e9 a\u00e9rienne urbaine : partenariat de R&amp;D\u00a0\u00bb &#8212; EENewsEurope\" data-secret=\"NjrRdYOzsl\" frameborder=\"0\" marginwidth=\"0\" marginheight=\"0\" scrolling=\"no\" class=\"wp-embedded-content\"><\/iframe><script type=\"text\/javascript\">\n\/* <![CDATA[ *\/\n\/*! This file is auto-generated *\/\n!function(d,l){\"use strict\";l.querySelector&&d.addEventListener&&\"undefined\"!=typeof URL&&(d.wp=d.wp||{},d.wp.receiveEmbedMessage||(d.wp.receiveEmbedMessage=function(e){var t=e.data;if((t||t.secret||t.message||t.value)&&!\/[^a-zA-Z0-9]\/.test(t.secret)){for(var s,r,n,a=l.querySelectorAll('iframe[data-secret=\"'+t.secret+'\"]'),o=l.querySelectorAll('blockquote[data-secret=\"'+t.secret+'\"]'),c=new RegExp(\"^https?:$\",\"i\"),i=0;i<o.length;i++)o[i].style.display=\"none\";for(i=0;i<a.length;i++)s=a[i],e.source===s.contentWindow&&(s.removeAttribute(\"style\"),\"height\"===t.message?(1e3<(r=parseInt(t.value,10))?r=1e3:~~r<200&&(r=200),s.height=r):\"link\"===t.message&&(r=new URL(s.getAttribute(\"src\")),n=new URL(t.value),c.test(n.protocol))&&n.host===r.host&&l.activeElement===s&&(d.top.location.href=t.value))}},d.addEventListener(\"message\",d.wp.receiveEmbedMessage,!1),l.addEventListener(\"DOMContentLoaded\",function(){for(var e,t,s=l.querySelectorAll(\"iframe.wp-embedded-content\"),r=0;r<s.length;r++)(t=(e=s[r]).getAttribute(\"data-secret\"))||(t=Math.random().toString(36).substring(2,12),e.src+=\"#?secret=\"+t,e.setAttribute(\"data-secret\",t)),e.contentWindow.postMessage({message:\"ready\",secret:t},\"*\")},!1)))}(window,document);\n\/* ]]> *\/\n<\/script>\n","thumbnail_url":"https:\/\/www.ecinews.fr\/wp-content\/uploads\/import\/default\/files\/sites\/default\/files\/images\/city_hawk_1.jpeg","thumbnail_width":595,"thumbnail_height":335,"description":"La startup isra\u00e9lienne Urban Aeronautics, qui se concentre sur les avions \u00e0 d\u00e9collage vertical, a sign\u00e9 un accord avec la soci\u00e9t\u00e9 californienne HyPoint sp\u00e9cialis\u00e9e dans la technologie des piles \u00e0 combustible \u00e0 hydrog\u00e8ne. L\u2019objectif est de faire progresser l\u2019int\u00e9gration des piles \u00e0 combustible \u00e0 hydrog\u00e8ne dans la conception du CityHawk eVTOL d\u2019Urban Aeronautics."}

Mobilité aérienne urbaine : partenariat de R&amp;D

<blockquote class="wp-embedded-content" data-secret="NjrRdYOzsl"><a href="https://www.ecinews.fr/fr/mobilite-aerienne-urbaine-partenariat-de-rd/">Mobilité aérienne urbaine : partenariat de R&amp;D</a></blockquote><iframe sandbox="allow-scripts" security="restricted" src="https://www.ecinews.fr/fr/mobilite-aerienne-urbaine-partenariat-de-rd/embed/#?secret=NjrRdYOzsl" width="600" height="338" title="« Mobilité aérienne urbaine : partenariat de R&amp;D » &#8212; EENewsEurope" data-secret="NjrRdYOzsl" frameborder="0" marginwidth="0" marginheight="0" scrolling="no" class="wp-embedded-content"></iframe><script type="text/javascript">
/* <![CDATA[ */
/*! This file is auto-generated */
!function(d,l){"use strict";l.querySelector&&d.addEventListener&&"undefined"!=typeof URL&&(d.wp=d.wp||{},d.wp.receiveEmbedMessage||(d.wp.receiveEmbedMessage=function(e){var t=e.data;if((t||t.secret||t.message||t.value)&&!/[^a-zA-Z0-9]/.test(t.secret)){for(var s,r,n,a=l.querySelectorAll('iframe[data-secret="'+t.secret+'"]'),o=l.querySelectorAll('blockquote[data-secret="'+t.secret+'"]'),c=new RegExp("^https?:$","i"),i=0;i<o.length;i++)o[i].style.display="none";for(i=0;i<a.length;i++)s=a[i],e.source===s.contentWindow&&(s.removeAttribute("style"),"height"===t.message?(1e3<(r=parseInt(t.value,10))?r=1e3:~~r<200&&(r=200),s.height=r):"link"===t.message&&(r=new URL(s.getAttribute("src")),n=new URL(t.value),c.test(n.protocol))&&n.host===r.host&&l.activeElement===s&&(d.top.location.href=t.value))}},d.addEventListener("message",d.wp.receiveEmbedMessage,!1),l.addEventListener("DOMContentLoaded",function(){for(var e,t,s=l.querySelectorAll("iframe.wp-embedded-content"),r=0;r<s.length;r++)(t=(e=s[r]).getAttribute("data-secret"))||(t=Math.random().toString(36).substring(2,12),e.src+="#?secret="+t,e.setAttribute("data-secret",t)),e.contentWindow.postMessage({message:"ready",secret:t},"*")},!1)))}(window,document);
/* ]]> */
</script>

La startup israélienne Urban Aeronautics, qui se concentre sur les avions à décollage vertical, a signé un accord avec la société californienne HyPoint spécialisée dans la technologie des piles à combustible à hydrogène. L’objectif est de faire progresser l’intégration des piles à combustible à hydrogène dans la conception du CityHawk eVTOL d’Urban Aeronautics.
