{"version":"1.0","provider_name":"EENewsEurope","provider_url":"https:\/\/www.ecinews.fr\/fr\/","author_name":"eeNews Europe","author_url":"https:\/\/www.ecinews.fr\/fr\/author\/eenews-europe\/","title":"Le CEO d'Intel vir\u00e9 pour une ancienne \"relation\"","type":"rich","width":600,"height":338,"html":"<blockquote class=\"wp-embedded-content\" data-secret=\"H19o2JSDhN\"><a href=\"https:\/\/www.ecinews.fr\/fr\/le-ceo-dintel-vire-pour-une-ancienne-relation\/\">Le CEO d&rsquo;Intel vir\u00e9 pour une ancienne \u00ab\u00a0relation\u00a0\u00bb<\/a><\/blockquote><iframe sandbox=\"allow-scripts\" security=\"restricted\" src=\"https:\/\/www.ecinews.fr\/fr\/le-ceo-dintel-vire-pour-une-ancienne-relation\/embed\/#?secret=H19o2JSDhN\" width=\"600\" height=\"338\" title=\"\u00ab\u00a0Le CEO d&rsquo;Intel vir\u00e9 pour une ancienne \u00ab\u00a0relation\u00a0\u00bb\u00a0\u00bb &#8212; EENewsEurope\" data-secret=\"H19o2JSDhN\" frameborder=\"0\" marginwidth=\"0\" marginheight=\"0\" scrolling=\"no\" class=\"wp-embedded-content\"><\/iframe><script type=\"text\/javascript\">\n\/* <![CDATA[ *\/\n\/*! This file is auto-generated *\/\n!function(d,l){\"use strict\";l.querySelector&&d.addEventListener&&\"undefined\"!=typeof URL&&(d.wp=d.wp||{},d.wp.receiveEmbedMessage||(d.wp.receiveEmbedMessage=function(e){var t=e.data;if((t||t.secret||t.message||t.value)&&!\/[^a-zA-Z0-9]\/.test(t.secret)){for(var s,r,n,a=l.querySelectorAll('iframe[data-secret=\"'+t.secret+'\"]'),o=l.querySelectorAll('blockquote[data-secret=\"'+t.secret+'\"]'),c=new RegExp(\"^https?:$\",\"i\"),i=0;i<o.length;i++)o[i].style.display=\"none\";for(i=0;i<a.length;i++)s=a[i],e.source===s.contentWindow&&(s.removeAttribute(\"style\"),\"height\"===t.message?(1e3<(r=parseInt(t.value,10))?r=1e3:~~r<200&&(r=200),s.height=r):\"link\"===t.message&&(r=new URL(s.getAttribute(\"src\")),n=new URL(t.value),c.test(n.protocol))&&n.host===r.host&&l.activeElement===s&&(d.top.location.href=t.value))}},d.addEventListener(\"message\",d.wp.receiveEmbedMessage,!1),l.addEventListener(\"DOMContentLoaded\",function(){for(var e,t,s=l.querySelectorAll(\"iframe.wp-embedded-content\"),r=0;r<s.length;r++)(t=(e=s[r]).getAttribute(\"data-secret\"))||(t=Math.random().toString(36).substring(2,12),e.src+=\"#?secret=\"+t,e.setAttribute(\"data-secret\",t)),e.contentWindow.postMessage({message:\"ready\",secret:t},\"*\")},!1)))}(window,document);\n\/* ]]> *\/\n<\/script>\n","thumbnail_url":"https:\/\/www.ecinews.fr\/wp-content\/uploads\/import\/default\/files\/sites\/default\/files\/images\/screen_shot_2018-06-21_at_14.35.53.png","thumbnail_width":618,"thumbnail_height":348,"description":"Le PDG d'Intel, Brian Krzanich, a d\u00e9missionn\u00e9 de son poste de PDG et de membre du conseil d'administration apr\u00e8s qu'Intel a \u00e9t\u00e9 inform\u00e9 d'une relation consensuelle pass\u00e9e avec une employ\u00e9e d'Intel ce qui enfreint les r\u00e8gles de \u00abnon-fraternisation\u00bb de la soci\u00e9t\u00e9."}

Le CEO d'Intel viré pour une ancienne "relation"

<blockquote class="wp-embedded-content" data-secret="H19o2JSDhN"><a href="https://www.ecinews.fr/fr/le-ceo-dintel-vire-pour-une-ancienne-relation/">Le CEO d&rsquo;Intel viré pour une ancienne « relation »</a></blockquote><iframe sandbox="allow-scripts" security="restricted" src="https://www.ecinews.fr/fr/le-ceo-dintel-vire-pour-une-ancienne-relation/embed/#?secret=H19o2JSDhN" width="600" height="338" title="« Le CEO d&rsquo;Intel viré pour une ancienne « relation » » &#8212; EENewsEurope" data-secret="H19o2JSDhN" frameborder="0" marginwidth="0" marginheight="0" scrolling="no" class="wp-embedded-content"></iframe><script type="text/javascript">
/* <![CDATA[ */
/*! This file is auto-generated */
!function(d,l){"use strict";l.querySelector&&d.addEventListener&&"undefined"!=typeof URL&&(d.wp=d.wp||{},d.wp.receiveEmbedMessage||(d.wp.receiveEmbedMessage=function(e){var t=e.data;if((t||t.secret||t.message||t.value)&&!/[^a-zA-Z0-9]/.test(t.secret)){for(var s,r,n,a=l.querySelectorAll('iframe[data-secret="'+t.secret+'"]'),o=l.querySelectorAll('blockquote[data-secret="'+t.secret+'"]'),c=new RegExp("^https?:$","i"),i=0;i<o.length;i++)o[i].style.display="none";for(i=0;i<a.length;i++)s=a[i],e.source===s.contentWindow&&(s.removeAttribute("style"),"height"===t.message?(1e3<(r=parseInt(t.value,10))?r=1e3:~~r<200&&(r=200),s.height=r):"link"===t.message&&(r=new URL(s.getAttribute("src")),n=new URL(t.value),c.test(n.protocol))&&n.host===r.host&&l.activeElement===s&&(d.top.location.href=t.value))}},d.addEventListener("message",d.wp.receiveEmbedMessage,!1),l.addEventListener("DOMContentLoaded",function(){for(var e,t,s=l.querySelectorAll("iframe.wp-embedded-content"),r=0;r<s.length;r++)(t=(e=s[r]).getAttribute("data-secret"))||(t=Math.random().toString(36).substring(2,12),e.src+="#?secret="+t,e.setAttribute("data-secret",t)),e.contentWindow.postMessage({message:"ready",secret:t},"*")},!1)))}(window,document);
/* ]]> */
</script>

Le PDG d'Intel, Brian Krzanich, a démissionné de son poste de PDG et de membre du conseil d'administration après qu'Intel a été informé d'une relation consensuelle passée avec une employée d'Intel ce qui enfreint les règles de «non-fraternisation» de la société.
