{"version":"1.0","provider_name":"EENewsEurope","provider_url":"https:\/\/www.ecinews.fr\/fr\/","author_name":"eeNews Europe","author_url":"https:\/\/www.ecinews.fr\/fr\/author\/eenews-europe\/","title":"Intel-Altera : un rachat pr\u00e9visible ?","type":"rich","width":600,"height":338,"html":"<blockquote class=\"wp-embedded-content\" data-secret=\"bUg19KP8QN\"><a href=\"https:\/\/www.ecinews.fr\/fr\/intel-altera-un-rachat-previsible\/\">Intel-Altera : un rachat pr\u00e9visible ?<\/a><\/blockquote><iframe sandbox=\"allow-scripts\" security=\"restricted\" src=\"https:\/\/www.ecinews.fr\/fr\/intel-altera-un-rachat-previsible\/embed\/#?secret=bUg19KP8QN\" width=\"600\" height=\"338\" title=\"\u00ab\u00a0Intel-Altera : un rachat pr\u00e9visible ?\u00a0\u00bb &#8212; EENewsEurope\" data-secret=\"bUg19KP8QN\" frameborder=\"0\" marginwidth=\"0\" marginheight=\"0\" scrolling=\"no\" class=\"wp-embedded-content\"><\/iframe><script type=\"text\/javascript\">\n\/* <![CDATA[ *\/\n\/*! This file is auto-generated *\/\n!function(d,l){\"use strict\";l.querySelector&&d.addEventListener&&\"undefined\"!=typeof URL&&(d.wp=d.wp||{},d.wp.receiveEmbedMessage||(d.wp.receiveEmbedMessage=function(e){var t=e.data;if((t||t.secret||t.message||t.value)&&!\/[^a-zA-Z0-9]\/.test(t.secret)){for(var s,r,n,a=l.querySelectorAll('iframe[data-secret=\"'+t.secret+'\"]'),o=l.querySelectorAll('blockquote[data-secret=\"'+t.secret+'\"]'),c=new RegExp(\"^https?:$\",\"i\"),i=0;i<o.length;i++)o[i].style.display=\"none\";for(i=0;i<a.length;i++)s=a[i],e.source===s.contentWindow&&(s.removeAttribute(\"style\"),\"height\"===t.message?(1e3<(r=parseInt(t.value,10))?r=1e3:~~r<200&&(r=200),s.height=r):\"link\"===t.message&&(r=new URL(s.getAttribute(\"src\")),n=new URL(t.value),c.test(n.protocol))&&n.host===r.host&&l.activeElement===s&&(d.top.location.href=t.value))}},d.addEventListener(\"message\",d.wp.receiveEmbedMessage,!1),l.addEventListener(\"DOMContentLoaded\",function(){for(var e,t,s=l.querySelectorAll(\"iframe.wp-embedded-content\"),r=0;r<s.length;r++)(t=(e=s[r]).getAttribute(\"data-secret\"))||(t=Math.random().toString(36).substring(2,12),e.src+=\"#?secret=\"+t,e.setAttribute(\"data-secret\",t)),e.contentWindow.postMessage({message:\"ready\",secret:t},\"*\")},!1)))}(window,document);\n\/* ]]> *\/\n<\/script>\n","thumbnail_url":"https:\/\/www.ecinews.fr\/wp-content\/uploads\/import\/default\/files\/import\/silicon-wafer-3d-scaled.jpg","thumbnail_width":2560,"thumbnail_height":1920,"description":"Suite aux d\u00e9clarations du Wall Street Journal et de Reuters selon lesquelles Intel \u00e9tait en pourparlers pour acqu\u00e9rir Altera, les actions du fabricant de FPGA ont grimp\u00e9 de $ 34,74 \u00e0 $ 44,41 en trente minutes, poussant le prix de ce qui serait la plus importante acquisition d'Intel jamais de 10 milliards de dollars \u00e0 13 milliards. Puis le cours des actions d'Altera est l\u00e9g\u00e8rement retomb\u00e9 \u00e0 environ 42 $. Cet accord permettrait \u00e0 Intel de diversifier ses activit\u00e9s vers des secteurs tels que les t\u00e9l\u00e9communications."}

Intel-Altera : un rachat prévisible ?

<blockquote class="wp-embedded-content" data-secret="bUg19KP8QN"><a href="https://www.ecinews.fr/fr/intel-altera-un-rachat-previsible/">Intel-Altera : un rachat prévisible ?</a></blockquote><iframe sandbox="allow-scripts" security="restricted" src="https://www.ecinews.fr/fr/intel-altera-un-rachat-previsible/embed/#?secret=bUg19KP8QN" width="600" height="338" title="« Intel-Altera : un rachat prévisible ? » &#8212; EENewsEurope" data-secret="bUg19KP8QN" frameborder="0" marginwidth="0" marginheight="0" scrolling="no" class="wp-embedded-content"></iframe><script type="text/javascript">
/* <![CDATA[ */
/*! This file is auto-generated */
!function(d,l){"use strict";l.querySelector&&d.addEventListener&&"undefined"!=typeof URL&&(d.wp=d.wp||{},d.wp.receiveEmbedMessage||(d.wp.receiveEmbedMessage=function(e){var t=e.data;if((t||t.secret||t.message||t.value)&&!/[^a-zA-Z0-9]/.test(t.secret)){for(var s,r,n,a=l.querySelectorAll('iframe[data-secret="'+t.secret+'"]'),o=l.querySelectorAll('blockquote[data-secret="'+t.secret+'"]'),c=new RegExp("^https?:$","i"),i=0;i<o.length;i++)o[i].style.display="none";for(i=0;i<a.length;i++)s=a[i],e.source===s.contentWindow&&(s.removeAttribute("style"),"height"===t.message?(1e3<(r=parseInt(t.value,10))?r=1e3:~~r<200&&(r=200),s.height=r):"link"===t.message&&(r=new URL(s.getAttribute("src")),n=new URL(t.value),c.test(n.protocol))&&n.host===r.host&&l.activeElement===s&&(d.top.location.href=t.value))}},d.addEventListener("message",d.wp.receiveEmbedMessage,!1),l.addEventListener("DOMContentLoaded",function(){for(var e,t,s=l.querySelectorAll("iframe.wp-embedded-content"),r=0;r<s.length;r++)(t=(e=s[r]).getAttribute("data-secret"))||(t=Math.random().toString(36).substring(2,12),e.src+="#?secret="+t,e.setAttribute("data-secret",t)),e.contentWindow.postMessage({message:"ready",secret:t},"*")},!1)))}(window,document);
/* ]]> */
</script>

Suite aux déclarations du Wall Street Journal et de Reuters selon lesquelles Intel était en pourparlers pour acquérir Altera, les actions du fabricant de FPGA ont grimpé de $ 34,74 à $ 44,41 en trente minutes, poussant le prix de ce qui serait la plus importante acquisition d'Intel jamais de 10 milliards de dollars à 13 milliards. Puis le cours des actions d'Altera est légèrement retombé à environ 42 $. Cet accord permettrait à Intel de diversifier ses activités vers des secteurs tels que les télécommunications.
