{"version":"1.0","provider_name":"EENewsEurope","provider_url":"https:\/\/www.ecinews.fr\/fr\/","author_name":"Daniel Cardon","author_url":"https:\/\/www.ecinews.fr\/fr\/author\/danielcardon\/","title":"Cloud + Security Forum 19 et 20 avril 2023","type":"rich","width":600,"height":338,"html":"<blockquote class=\"wp-embedded-content\" data-secret=\"go9iGmxUKq\"><a href=\"https:\/\/www.ecinews.fr\/fr\/event\/cloud-security-forum-19-et-20-avril-2023\/\">Cloud + Security Forum 19 et 20 avril 2023<\/a><\/blockquote><iframe sandbox=\"allow-scripts\" security=\"restricted\" src=\"https:\/\/www.ecinews.fr\/fr\/event\/cloud-security-forum-19-et-20-avril-2023\/embed\/#?secret=go9iGmxUKq\" width=\"600\" height=\"338\" title=\"\u00ab\u00a0Cloud + Security Forum 19 et 20 avril 2023\u00a0\u00bb &#8212; EENewsEurope\" data-secret=\"go9iGmxUKq\" frameborder=\"0\" marginwidth=\"0\" marginheight=\"0\" scrolling=\"no\" class=\"wp-embedded-content\"><\/iframe><script type=\"text\/javascript\">\n\/* <![CDATA[ *\/\n\/*! This file is auto-generated *\/\n!function(d,l){\"use strict\";l.querySelector&&d.addEventListener&&\"undefined\"!=typeof URL&&(d.wp=d.wp||{},d.wp.receiveEmbedMessage||(d.wp.receiveEmbedMessage=function(e){var t=e.data;if((t||t.secret||t.message||t.value)&&!\/[^a-zA-Z0-9]\/.test(t.secret)){for(var s,r,n,a=l.querySelectorAll('iframe[data-secret=\"'+t.secret+'\"]'),o=l.querySelectorAll('blockquote[data-secret=\"'+t.secret+'\"]'),c=new RegExp(\"^https?:$\",\"i\"),i=0;i<o.length;i++)o[i].style.display=\"none\";for(i=0;i<a.length;i++)s=a[i],e.source===s.contentWindow&&(s.removeAttribute(\"style\"),\"height\"===t.message?(1e3<(r=parseInt(t.value,10))?r=1e3:~~r<200&&(r=200),s.height=r):\"link\"===t.message&&(r=new URL(s.getAttribute(\"src\")),n=new URL(t.value),c.test(n.protocol))&&n.host===r.host&&l.activeElement===s&&(d.top.location.href=t.value))}},d.addEventListener(\"message\",d.wp.receiveEmbedMessage,!1),l.addEventListener(\"DOMContentLoaded\",function(){for(var e,t,s=l.querySelectorAll(\"iframe.wp-embedded-content\"),r=0;r<s.length;r++)(t=(e=s[r]).getAttribute(\"data-secret\"))||(t=Math.random().toString(36).substring(2,12),e.src+=\"#?secret=\"+t,e.setAttribute(\"data-secret\",t)),e.contentWindow.postMessage({message:\"ready\",secret:t},\"*\")},!1)))}(window,document);\n\/* ]]> *\/\n<\/script>\n","thumbnail_url":"https:\/\/www.eenewseurope.com\/wp-content\/uploads\/2023\/01\/Logo-Cloud-security-Forum.jpg","thumbnail_width":400,"thumbnail_height":209,"description":"Le salon Cloud + Security Forum se tiendra les 19 et 20 avril 2023 au parc des expositions de la Ports de Versailles \u00e0 Paris en parall\u00e8le de SOC Professionnels des infrastructures, de la conception et de l\u2019exploitation de services distribu\u00e9s et de la Cybers\u00e9curit\u00e9, venez \u00e9changer sur vos d\u00e9fis et projets en cours. En [&hellip;]"}

Le salon Cloud + Security Forum se tiendra les 19 et 20 avril 2023 au parc des expositions de la Ports de Versailles à Paris en parallèle de SOC Professionnels des infrastructures, de la conception et de l’exploitation de services distribués et de la Cybersécurité, venez échanger sur vos défis et projets en cours. En [&hellip;]
