{"version":"1.0","provider_name":"EENewsEurope","provider_url":"https:\/\/www.ecinews.fr\/fr\/","author_name":"Alain Dieul","author_url":"https:\/\/www.ecinews.fr\/fr\/author\/alaindieul\/","title":"electronica 2020 se tiendra num\u00e9riquement","type":"rich","width":600,"height":338,"html":"<blockquote class=\"wp-embedded-content\" data-secret=\"4krLJ6zUT7\"><a href=\"https:\/\/www.ecinews.fr\/fr\/electronica-2020-se-tiendra-numeriquement\/\">electronica 2020 se tiendra num\u00e9riquement<\/a><\/blockquote><iframe sandbox=\"allow-scripts\" security=\"restricted\" src=\"https:\/\/www.ecinews.fr\/fr\/electronica-2020-se-tiendra-numeriquement\/embed\/#?secret=4krLJ6zUT7\" width=\"600\" height=\"338\" title=\"\u00ab\u00a0electronica 2020 se tiendra num\u00e9riquement\u00a0\u00bb &#8212; EENewsEurope\" data-secret=\"4krLJ6zUT7\" frameborder=\"0\" marginwidth=\"0\" marginheight=\"0\" scrolling=\"no\" class=\"wp-embedded-content\"><\/iframe><script type=\"text\/javascript\">\n\/* <![CDATA[ *\/\n\/*! This file is auto-generated *\/\n!function(d,l){\"use strict\";l.querySelector&&d.addEventListener&&\"undefined\"!=typeof URL&&(d.wp=d.wp||{},d.wp.receiveEmbedMessage||(d.wp.receiveEmbedMessage=function(e){var t=e.data;if((t||t.secret||t.message||t.value)&&!\/[^a-zA-Z0-9]\/.test(t.secret)){for(var s,r,n,a=l.querySelectorAll('iframe[data-secret=\"'+t.secret+'\"]'),o=l.querySelectorAll('blockquote[data-secret=\"'+t.secret+'\"]'),c=new RegExp(\"^https?:$\",\"i\"),i=0;i<o.length;i++)o[i].style.display=\"none\";for(i=0;i<a.length;i++)s=a[i],e.source===s.contentWindow&&(s.removeAttribute(\"style\"),\"height\"===t.message?(1e3<(r=parseInt(t.value,10))?r=1e3:~~r<200&&(r=200),s.height=r):\"link\"===t.message&&(r=new URL(s.getAttribute(\"src\")),n=new URL(t.value),c.test(n.protocol))&&n.host===r.host&&l.activeElement===s&&(d.top.location.href=t.value))}},d.addEventListener(\"message\",d.wp.receiveEmbedMessage,!1),l.addEventListener(\"DOMContentLoaded\",function(){for(var e,t,s=l.querySelectorAll(\"iframe.wp-embedded-content\"),r=0;r<s.length;r++)(t=(e=s[r]).getAttribute(\"data-secret\"))||(t=Math.random().toString(36).substring(2,12),e.src+=\"#?secret=\"+t,e.setAttribute(\"data-secret\",t)),e.contentWindow.postMessage({message:\"ready\",secret:t},\"*\")},!1)))}(window,document);\n\/* ]]> *\/\n<\/script>\n","thumbnail_url":"https:\/\/www.ecinews.fr\/wp-content\/uploads\/import\/default\/files\/sites\/default\/files\/images\/eci8796_electronica.jpg","thumbnail_width":106,"thumbnail_height":103,"description":"De nouveaux d\u00e9veloppements li\u00e9s \u00e0 la pand\u00e9mie de coronavirus ont incit\u00e9 Messe M\u00fcnchen \u00e0 organiser l'\u00e9lectronica 2020 comme un \u00e9v\u00e9nement virtuel. \u00c0 la lumi\u00e8re des restrictions de voyage impos\u00e9es par un grand nombre de visiteurs et pays exposants, electronica aurait perdu son caract\u00e8re de salon leader mondial s'il avait eu lieu en personne en novembre. \u00ab M\u00eame si le salon aurait pu \u00eatre organis\u00e9 gr\u00e2ce \u00e0 notre concept de s\u00e9curit\u00e9 et d'hygi\u00e8ne, les derniers d\u00e9veloppements li\u00e9s aux restrictions de voyage dans de nombreux pays nous ont oblig\u00e9s \u00e0 repenser nos plans. \u00bb a d\u00e9clar\u00e9 Falk Senger, Managing Director de Messe M\u00fcnchen"}

electronica 2020 se tiendra numériquement

<blockquote class="wp-embedded-content" data-secret="4krLJ6zUT7"><a href="https://www.ecinews.fr/fr/electronica-2020-se-tiendra-numeriquement/">electronica 2020 se tiendra numériquement</a></blockquote><iframe sandbox="allow-scripts" security="restricted" src="https://www.ecinews.fr/fr/electronica-2020-se-tiendra-numeriquement/embed/#?secret=4krLJ6zUT7" width="600" height="338" title="« electronica 2020 se tiendra numériquement » &#8212; EENewsEurope" data-secret="4krLJ6zUT7" frameborder="0" marginwidth="0" marginheight="0" scrolling="no" class="wp-embedded-content"></iframe><script type="text/javascript">
/* <![CDATA[ */
/*! This file is auto-generated */
!function(d,l){"use strict";l.querySelector&&d.addEventListener&&"undefined"!=typeof URL&&(d.wp=d.wp||{},d.wp.receiveEmbedMessage||(d.wp.receiveEmbedMessage=function(e){var t=e.data;if((t||t.secret||t.message||t.value)&&!/[^a-zA-Z0-9]/.test(t.secret)){for(var s,r,n,a=l.querySelectorAll('iframe[data-secret="'+t.secret+'"]'),o=l.querySelectorAll('blockquote[data-secret="'+t.secret+'"]'),c=new RegExp("^https?:$","i"),i=0;i<o.length;i++)o[i].style.display="none";for(i=0;i<a.length;i++)s=a[i],e.source===s.contentWindow&&(s.removeAttribute("style"),"height"===t.message?(1e3<(r=parseInt(t.value,10))?r=1e3:~~r<200&&(r=200),s.height=r):"link"===t.message&&(r=new URL(s.getAttribute("src")),n=new URL(t.value),c.test(n.protocol))&&n.host===r.host&&l.activeElement===s&&(d.top.location.href=t.value))}},d.addEventListener("message",d.wp.receiveEmbedMessage,!1),l.addEventListener("DOMContentLoaded",function(){for(var e,t,s=l.querySelectorAll("iframe.wp-embedded-content"),r=0;r<s.length;r++)(t=(e=s[r]).getAttribute("data-secret"))||(t=Math.random().toString(36).substring(2,12),e.src+="#?secret="+t,e.setAttribute("data-secret",t)),e.contentWindow.postMessage({message:"ready",secret:t},"*")},!1)))}(window,document);
/* ]]> */
</script>

De nouveaux développements liés à la pandémie de coronavirus ont incité Messe München à organiser l'électronica 2020 comme un événement virtuel. À la lumière des restrictions de voyage imposées par un grand nombre de visiteurs et pays exposants, electronica aurait perdu son caractère de salon leader mondial s'il avait eu lieu en personne en novembre. « Même si le salon aurait pu être organisé grâce à notre concept de sécurité et d'hygiène, les derniers développements liés aux restrictions de voyage dans de nombreux pays nous ont obligés à repenser nos plans. » a déclaré Falk Senger, Managing Director de Messe München
