{"version":"1.0","provider_name":"EENewsEurope","provider_url":"https:\/\/www.ecinews.fr\/fr\/","author_name":"Daniel Cardon","author_url":"https:\/\/www.ecinews.fr\/fr\/author\/danielcardon\/","title":"Advans Group s\u2019implante au Portugal","type":"rich","width":600,"height":338,"html":"<blockquote class=\"wp-embedded-content\" data-secret=\"74rMu2FAuv\"><a href=\"https:\/\/www.ecinews.fr\/fr\/advans-group-simplante-au-portugal\/\">Advans Group s\u2019implante au Portugal<\/a><\/blockquote><iframe sandbox=\"allow-scripts\" security=\"restricted\" src=\"https:\/\/www.ecinews.fr\/fr\/advans-group-simplante-au-portugal\/embed\/#?secret=74rMu2FAuv\" width=\"600\" height=\"338\" title=\"\u00ab\u00a0Advans Group s\u2019implante au Portugal\u00a0\u00bb &#8212; EENewsEurope\" data-secret=\"74rMu2FAuv\" frameborder=\"0\" marginwidth=\"0\" marginheight=\"0\" scrolling=\"no\" class=\"wp-embedded-content\"><\/iframe><script type=\"text\/javascript\">\n\/* <![CDATA[ *\/\n\/*! This file is auto-generated *\/\n!function(d,l){\"use strict\";l.querySelector&&d.addEventListener&&\"undefined\"!=typeof URL&&(d.wp=d.wp||{},d.wp.receiveEmbedMessage||(d.wp.receiveEmbedMessage=function(e){var t=e.data;if((t||t.secret||t.message||t.value)&&!\/[^a-zA-Z0-9]\/.test(t.secret)){for(var s,r,n,a=l.querySelectorAll('iframe[data-secret=\"'+t.secret+'\"]'),o=l.querySelectorAll('blockquote[data-secret=\"'+t.secret+'\"]'),c=new RegExp(\"^https?:$\",\"i\"),i=0;i<o.length;i++)o[i].style.display=\"none\";for(i=0;i<a.length;i++)s=a[i],e.source===s.contentWindow&&(s.removeAttribute(\"style\"),\"height\"===t.message?(1e3<(r=parseInt(t.value,10))?r=1e3:~~r<200&&(r=200),s.height=r):\"link\"===t.message&&(r=new URL(s.getAttribute(\"src\")),n=new URL(t.value),c.test(n.protocol))&&n.host===r.host&&l.activeElement===s&&(d.top.location.href=t.value))}},d.addEventListener(\"message\",d.wp.receiveEmbedMessage,!1),l.addEventListener(\"DOMContentLoaded\",function(){for(var e,t,s=l.querySelectorAll(\"iframe.wp-embedded-content\"),r=0;r<s.length;r++)(t=(e=s[r]).getAttribute(\"data-secret\"))||(t=Math.random().toString(36).substring(2,12),e.src+=\"#?secret=\"+t,e.setAttribute(\"data-secret\",t)),e.contentWindow.postMessage({message:\"ready\",secret:t},\"*\")},!1)))}(window,document);\n\/* ]]> *\/\n<\/script>\n","thumbnail_url":"https:\/\/www.ecinews.fr\/wp-content\/uploads\/2022\/12\/Advans-Group-Lisbonne.jpg","thumbnail_width":600,"thumbnail_height":385,"description":"Advans Group vient d&rsquo;annoncer l\u2019ouverture d\u2019un centre de conception \u00e0 Lisbonne, au Portugal. Cette implantation fait suite au renforcement des partenariats de la soci\u00e9t\u00e9 avec plusieurs clients grands comptes internationaux. Advans Group compte d\u00e9sormais quatorze implantations dans quatre pays (France, Serbie, Portugal et Etats-Unis). Pour Radomir Jovanovic, PDG et fondateur d\u2019Advans Group : \u00ab\u00a0Le Portugal [&hellip;]"}

Advans Group vient d&rsquo;annoncer l’ouverture d’un centre de conception à Lisbonne, au Portugal. Cette implantation fait suite au renforcement des partenariats de la société avec plusieurs clients grands comptes internationaux. Advans Group compte désormais quatorze implantations dans quatre pays (France, Serbie, Portugal et Etats-Unis). Pour Radomir Jovanovic, PDG et fondateur d’Advans Group : « Le Portugal [&hellip;]
